--
-- Host: kckok2021.cr2ucuu204nf.ap-southeast-2.rds.amazonaws.com    Database: kck
-- ------------------------------------------------------

SET @MYSQLDUMP_TEMP_LOG_BIN = @@SESSION.SQL_LOG_BIN;

--
-- GTID state at the beginning of the backup 
--


--
-- Table structure for table `auth_group`
--

CREATE TABLE `auth_group` (
  `id` int NOT NULL AUTO_INCREMENT,
  `name` varchar(150) NOT NULL,
  PRIMARY KEY (`id`),
  UNIQUE KEY `name` (`name`)
) ENGINE=InnoDB AUTO_INCREMENT=3 DEFAULT CHARSET=utf8mb4 COLLATE=utf8mb4_0900_ai_ci;

--
-- Dumping data for table `auth_group`
--

INSERT INTO `auth_group` VALUES (1,'Project and Articles'),(2,'Read Access');

--
-- Table structure for table `auth_group_permissions`
--

CREATE TABLE `auth_group_permissions` (
  `id` bigint NOT NULL AUTO_INCREMENT,
  `group_id` int NOT NULL,
  `permission_id` int NOT NULL,
  PRIMARY KEY (`id`),
  UNIQUE KEY `auth_group_permissions_group_id_permission_id_0cd325b0_uniq` (`group_id`,`permission_id`),
  KEY `auth_group_permissio_permission_id_84c5c92e_fk_auth_perm` (`permission_id`),
  CONSTRAINT `auth_group_permissio_permission_id_84c5c92e_fk_auth_perm` FOREIGN KEY (`permission_id`) REFERENCES `auth_permission` (`id`),
  CONSTRAINT `auth_group_permissions_group_id_b120cbf9_fk_auth_group_id` FOREIGN KEY (`group_id`) REFERENCES `auth_group` (`id`)
) ENGINE=InnoDB AUTO_INCREMENT=48 DEFAULT CHARSET=utf8mb4 COLLATE=utf8mb4_0900_ai_ci;

--
-- Dumping data for table `auth_group_permissions`
--

INSERT INTO `auth_group_permissions` VALUES (1,1,29),(2,1,30),(3,1,31),(4,1,32),(5,1,33),(6,1,34),(7,1,35),(8,1,36),(9,1,37),(10,1,38),(11,1,39),(12,1,40),(13,1,41),(14,1,42),(15,1,43),(16,1,44),(17,1,45),(18,1,46),(19,1,47),(20,1,48),(21,1,57),(22,1,58),(23,1,59),(24,1,60),(25,1,65),(26,1,66),(27,1,67),(28,1,68),(29,1,77),(30,1,78),(31,1,79),(32,1,80),(33,2,32),(37,2,36),(39,2,40),(40,2,44),(42,2,48),(44,2,52),(45,2,56),(41,2,60),(34,2,64),(38,2,68),(43,2,80),(46,2,88),(47,2,92),(35,2,96),(36,2,100);

--
-- Table structure for table `auth_permission`
--

CREATE TABLE `auth_permission` (
  `id` int NOT NULL AUTO_INCREMENT,
  `name` varchar(255) NOT NULL,
  `content_type_id` int NOT NULL,
  `codename` varchar(100) NOT NULL,
  PRIMARY KEY (`id`),
  UNIQUE KEY `auth_permission_content_type_id_codename_01ab375a_uniq` (`content_type_id`,`codename`),
  CONSTRAINT `auth_permission_content_type_id_2f476e4b_fk_django_co` FOREIGN KEY (`content_type_id`) REFERENCES `django_content_type` (`id`)
) ENGINE=InnoDB AUTO_INCREMENT=205 DEFAULT CHARSET=utf8mb4 COLLATE=utf8mb4_0900_ai_ci;

--
-- Dumping data for table `auth_permission`
--

INSERT INTO `auth_permission` VALUES (1,'Can add log entry',1,'add_logentry'),(2,'Can change log entry',1,'change_logentry'),(3,'Can delete log entry',1,'delete_logentry'),(4,'Can view log entry',1,'view_logentry'),(5,'Can add permission',2,'add_permission'),(6,'Can change permission',2,'change_permission'),(7,'Can delete permission',2,'delete_permission'),(8,'Can view permission',2,'view_permission'),(9,'Can add group',3,'add_group'),(10,'Can change group',3,'change_group'),(11,'Can delete group',3,'delete_group'),(12,'Can view group',3,'view_group'),(13,'Can add user',4,'add_user'),(14,'Can change user',4,'change_user'),(15,'Can delete user',4,'delete_user'),(16,'Can view user',4,'view_user'),(17,'Can add content type',5,'add_contenttype'),(18,'Can change content type',5,'change_contenttype'),(19,'Can delete content type',5,'delete_contenttype'),(20,'Can view content type',5,'view_contenttype'),(21,'Can add session',6,'add_session'),(22,'Can change session',6,'change_session'),(23,'Can delete session',6,'delete_session'),(24,'Can view session',6,'view_session'),(25,'Can add email',7,'add_email'),(26,'Can change email',7,'change_email'),(27,'Can delete email',7,'delete_email'),(28,'Can view email',7,'view_email'),(29,'Can add blog',8,'add_blog'),(30,'Can change blog',8,'change_blog'),(31,'Can delete blog',8,'delete_blog'),(32,'Can view blog',8,'view_blog'),(33,'Can add blogging',9,'add_blogging'),(34,'Can change blogging',9,'change_blogging'),(35,'Can delete blogging',9,'delete_blogging'),(36,'Can view blogging',9,'view_blogging'),(37,'Can add post',9,'add_post'),(38,'Can change post',9,'change_post'),(39,'Can delete post',9,'delete_post'),(40,'Can view post',9,'view_post'),(41,'Can add article categories',10,'add_articlecategories'),(42,'Can change article categories',10,'change_articlecategories'),(43,'Can delete article categories',10,'delete_articlecategories'),(44,'Can view article categories',10,'view_articlecategories'),(45,'Can add article',11,'add_article'),(46,'Can change article',11,'change_article'),(47,'Can delete article',11,'delete_article'),(48,'Can view article',11,'view_article'),(49,'Can add department',12,'add_department'),(50,'Can change department',12,'change_department'),(51,'Can delete department',12,'delete_department'),(52,'Can view department',12,'view_department'),(53,'Can add career',13,'add_career'),(54,'Can change career',13,'change_career'),(55,'Can delete career',13,'delete_career'),(56,'Can view career',13,'view_career'),(57,'Can add project',14,'add_project'),(58,'Can change project',14,'change_project'),(59,'Can delete project',14,'delete_project'),(60,'Can view project',14,'view_project'),(61,'Can add job',15,'add_job'),(62,'Can change job',15,'change_job'),(63,'Can delete job',15,'delete_job'),(64,'Can view job',15,'view_job'),(65,'Can add project images',16,'add_projectimages'),(66,'Can change project images',16,'change_projectimages'),(67,'Can delete project images',16,'delete_projectimages'),(68,'Can view project images',16,'view_projectimages'),(69,'Can add site',17,'add_site'),(70,'Can change site',17,'change_site'),(71,'Can delete site',17,'delete_site'),(72,'Can view site',17,'view_site'),(73,'Can add attachment',18,'add_attachment'),(74,'Can change attachment',18,'change_attachment'),(75,'Can delete attachment',18,'delete_attachment'),(76,'Can view attachment',18,'view_attachment'),(77,'Can add project image',19,'add_projectimage'),(78,'Can change project image',19,'change_projectimage'),(79,'Can delete project image',19,'delete_projectimage'),(80,'Can view project image',19,'view_projectimage'),(81,'Can add text',20,'add_text'),(82,'Can change text',20,'change_text'),(83,'Can delete text',20,'delete_text'),(84,'Can view text',20,'view_text'),(85,'Can add job type',21,'add_jobtype'),(86,'Can change job type',21,'change_jobtype'),(87,'Can delete job type',21,'delete_jobtype'),(88,'Can view job type',21,'view_jobtype'),(89,'Can add company',22,'add_company'),(90,'Can change company',22,'change_company'),(91,'Can delete company',22,'delete_company'),(92,'Can view company',22,'view_company'),(93,'Can add legal category',23,'add_legalcategory'),(94,'Can change legal category',23,'change_legalcategory'),(95,'Can delete legal category',23,'delete_legalcategory'),(96,'Can view legal category',23,'view_legalcategory'),(97,'Can add legal',24,'add_legal'),(98,'Can change legal',24,'change_legal'),(99,'Can delete legal',24,'delete_legal'),(100,'Can view legal',24,'view_legal'),(101,'Can add identity register',25,'add_identityregister'),(102,'Can change identity register',25,'change_identityregister'),(103,'Can delete identity register',25,'delete_identityregister'),(104,'Can view identity register',25,'view_identityregister'),(105,'Can add identity register change log',26,'add_identityregisterchangelog'),(106,'Can change identity register change log',26,'change_identityregisterchangelog'),(107,'Can delete identity register change log',26,'delete_identityregisterchangelog'),(108,'Can view identity register change log',26,'view_identityregisterchangelog'),(109,'Can add identity status',27,'add_identitystatus'),(110,'Can change identity status',27,'change_identitystatus'),(111,'Can delete identity status',27,'delete_identitystatus'),(112,'Can view identity status',27,'view_identitystatus'),(113,'Can add reupload token',28,'add_reuploadtoken'),(114,'Can change reupload token',28,'change_reuploadtoken'),(115,'Can delete reupload token',28,'delete_reuploadtoken'),(116,'Can view reupload token',28,'view_reuploadtoken'),(117,'Can add article',1,'add_article'),(118,'Can change article',1,'change_article'),(119,'Can delete article',1,'delete_article'),(120,'Can view article',1,'view_article'),(121,'Can add article categories',2,'add_articlecategories'),(122,'Can change article categories',2,'change_articlecategories'),(123,'Can delete article categories',2,'delete_articlecategories'),(124,'Can view article categories',2,'view_articlecategories'),(125,'Can add department',3,'add_department'),(126,'Can change department',3,'change_department'),(127,'Can delete department',3,'delete_department'),(128,'Can view department',3,'view_department'),(129,'Can add career',4,'add_career'),(130,'Can change career',4,'change_career'),(131,'Can delete career',4,'delete_career'),(132,'Can view career',4,'view_career'),(133,'Can add job',5,'add_job'),(134,'Can change job',5,'change_job'),(135,'Can delete job',5,'delete_job'),(136,'Can view job',5,'view_job'),(137,'Can add project',6,'add_project'),(138,'Can change project',6,'change_project'),(139,'Can delete project',6,'delete_project'),(140,'Can view project',6,'view_project'),(141,'Can add project images',7,'add_projectimages'),(142,'Can change project images',7,'change_projectimages'),(143,'Can delete project images',7,'delete_projectimages'),(144,'Can view project images',7,'view_projectimages'),(145,'Can add job type',8,'add_jobtype'),(146,'Can change job type',8,'change_jobtype'),(147,'Can delete job type',8,'delete_jobtype'),(148,'Can view job type',8,'view_jobtype'),(149,'Can add company',9,'add_company'),(150,'Can change company',9,'change_company'),(151,'Can delete company',9,'delete_company'),(152,'Can view company',9,'view_company'),(153,'Can add legal category',10,'add_legalcategory'),(154,'Can change legal category',10,'change_legalcategory'),(155,'Can delete legal category',10,'delete_legalcategory'),(156,'Can view legal category',10,'view_legalcategory'),(157,'Can add legal',11,'add_legal'),(158,'Can change legal',11,'change_legal'),(159,'Can delete legal',11,'delete_legal'),(160,'Can view legal',11,'view_legal'),(161,'Can add identity register',12,'add_identityregister'),(162,'Can change identity register',12,'change_identityregister'),(163,'Can delete identity register',12,'delete_identityregister'),(164,'Can view identity register',12,'view_identityregister'),(165,'Can add identity status',13,'add_identitystatus'),(166,'Can change identity status',13,'change_identitystatus'),(167,'Can delete identity status',13,'delete_identitystatus'),(168,'Can view identity status',13,'view_identitystatus'),(169,'Can add identity register change log',14,'add_identityregisterchangelog'),(170,'Can change identity register change log',14,'change_identityregisterchangelog'),(171,'Can delete identity register change log',14,'delete_identityregisterchangelog'),(172,'Can view identity register change log',14,'view_identityregisterchangelog'),(173,'Can add reupload token',15,'add_reuploadtoken'),(174,'Can change reupload token',15,'change_reuploadtoken'),(175,'Can delete reupload token',15,'delete_reuploadtoken'),(176,'Can view reupload token',15,'view_reuploadtoken'),(177,'Can add log entry',16,'add_logentry'),(178,'Can change log entry',16,'change_logentry'),(179,'Can delete log entry',16,'delete_logentry'),(180,'Can view log entry',16,'view_logentry'),(181,'Can add permission',17,'add_permission'),(182,'Can change permission',17,'change_permission'),(183,'Can delete permission',17,'delete_permission'),(184,'Can view permission',17,'view_permission'),(185,'Can add group',18,'add_group'),(186,'Can change group',18,'change_group'),(187,'Can delete group',18,'delete_group'),(188,'Can view group',18,'view_group'),(189,'Can add user',19,'add_user'),(190,'Can change user',19,'change_user'),(191,'Can delete user',19,'delete_user'),(192,'Can view user',19,'view_user'),(193,'Can add content type',20,'add_contenttype'),(194,'Can change content type',20,'change_contenttype'),(195,'Can delete content type',20,'delete_contenttype'),(196,'Can view content type',20,'view_contenttype'),(197,'Can add session',21,'add_session'),(198,'Can change session',21,'change_session'),(199,'Can delete session',21,'delete_session'),(200,'Can view session',21,'view_session'),(201,'Can add site',22,'add_site'),(202,'Can change site',22,'change_site'),(203,'Can delete site',22,'delete_site'),(204,'Can view site',22,'view_site');

--
-- Table structure for table `auth_user_groups`
--

CREATE TABLE `auth_user_groups` (
  `id` bigint NOT NULL AUTO_INCREMENT,
  `user_id` int NOT NULL,
  `group_id` int NOT NULL,
  PRIMARY KEY (`id`),
  UNIQUE KEY `auth_user_groups_user_id_group_id_94350c0c_uniq` (`user_id`,`group_id`),
  KEY `auth_user_groups_group_id_97559544_fk_auth_group_id` (`group_id`),
  CONSTRAINT `auth_user_groups_group_id_97559544_fk_auth_group_id` FOREIGN KEY (`group_id`) REFERENCES `auth_group` (`id`),
  CONSTRAINT `auth_user_groups_user_id_6a12ed8b_fk_auth_user_id` FOREIGN KEY (`user_id`) REFERENCES `auth_user` (`id`)
) ENGINE=InnoDB AUTO_INCREMENT=5 DEFAULT CHARSET=utf8mb4 COLLATE=utf8mb4_0900_ai_ci;

--
-- Dumping data for table `auth_user_groups`
--

INSERT INTO `auth_user_groups` VALUES (1,4,1),(2,5,2);

--
-- Table structure for table `auth_user_user_permissions`
--

CREATE TABLE `auth_user_user_permissions` (
  `id` bigint NOT NULL AUTO_INCREMENT,
  `user_id` int NOT NULL,
  `permission_id` int NOT NULL,
  PRIMARY KEY (`id`),
  UNIQUE KEY `auth_user_user_permissions_user_id_permission_id_14a6b632_uniq` (`user_id`,`permission_id`),
  KEY `auth_user_user_permi_permission_id_1fbb5f2c_fk_auth_perm` (`permission_id`),
  CONSTRAINT `auth_user_user_permi_permission_id_1fbb5f2c_fk_auth_perm` FOREIGN KEY (`permission_id`) REFERENCES `auth_permission` (`id`),
  CONSTRAINT `auth_user_user_permissions_user_id_a95ead1b_fk_auth_user_id` FOREIGN KEY (`user_id`) REFERENCES `auth_user` (`id`)
) ENGINE=InnoDB AUTO_INCREMENT=97 DEFAULT CHARSET=utf8mb4 COLLATE=utf8mb4_0900_ai_ci;

--
-- Dumping data for table `auth_user_user_permissions`
--

INSERT INTO `auth_user_user_permissions` VALUES (4,6,4),(5,6,5),(6,6,6),(7,6,7),(8,6,8),(13,6,113),(14,6,114),(15,6,115),(16,6,116),(17,6,117),(18,6,118),(19,6,119),(20,6,120),(21,6,121),(22,6,122),(23,6,123),(24,6,124),(25,7,161),(26,7,162),(27,7,163),(28,7,164),(29,7,165),(30,7,166),(31,7,167),(32,7,168),(33,7,169),(34,7,170),(35,7,171),(36,7,172),(73,8,49),(74,8,50),(75,8,51),(76,8,52),(77,8,53),(78,8,54),(79,8,55),(80,8,56),(81,8,57),(82,8,58),(83,8,59),(84,8,60),(85,8,101),(86,8,102),(87,8,103),(88,8,104),(89,8,105),(90,8,106),(91,8,107),(92,8,108),(93,8,109),(94,8,110),(95,8,111),(96,8,112),(61,8,161),(62,8,162),(63,8,163),(64,8,164),(65,8,165),(66,8,166),(67,8,167),(68,8,168),(69,8,169),(70,8,170),(71,8,171),(72,8,172);

--
-- Table structure for table `django_admin_log`
--

CREATE TABLE `django_admin_log` (
  `id` int NOT NULL AUTO_INCREMENT,
  `action_time` datetime(6) NOT NULL,
  `object_id` longtext,
  `object_repr` varchar(200) NOT NULL,
  `action_flag` smallint unsigned NOT NULL,
  `change_message` longtext NOT NULL,
  `content_type_id` int DEFAULT NULL,
  `user_id` int NOT NULL,
  PRIMARY KEY (`id`),
  KEY `django_admin_log_content_type_id_c4bce8eb_fk_django_co` (`content_type_id`),
  KEY `django_admin_log_user_id_c564eba6_fk_auth_user_id` (`user_id`),
  CONSTRAINT `django_admin_log_content_type_id_c4bce8eb_fk_django_co` FOREIGN KEY (`content_type_id`) REFERENCES `django_content_type` (`id`),
  CONSTRAINT `django_admin_log_user_id_c564eba6_fk_auth_user_id` FOREIGN KEY (`user_id`) REFERENCES `auth_user` (`id`),
  CONSTRAINT `django_admin_log_chk_1` CHECK ((`action_flag` >= 0))
) ENGINE=InnoDB AUTO_INCREMENT=431 DEFAULT CHARSET=utf8mb4 COLLATE=utf8mb4_0900_ai_ci;

--
-- Dumping data for table `django_admin_log`
--

INSERT INTO `django_admin_log` VALUES (1,'2021-08-08 09:27:52.845000','1','Blogging object (1)',1,'[{\"added\": {}}]',9,2),(2,'2021-08-08 14:15:28.031000','1','self.title + \'|\' self.slug \'|\' self.author \'|\' self.date_added',1,'[{\"added\": {}}]',8,2),(3,'2021-08-08 14:19:44.582000','2','testing2',1,'[{\"added\": {}}]',8,2),(4,'2021-08-08 14:42:36.748000','1','hello',1,'[{\"added\": {}}]',9,2),(5,'2021-08-09 07:01:10.045000','1','Kren',1,'[{\"added\": {}}]',10,2),(6,'2021-08-09 07:01:15.440000','1','Kren',2,'[]',10,2),(7,'2021-08-09 07:01:28.610000','2','Simen',1,'[{\"added\": {}}]',10,2),(8,'2021-08-09 07:01:36.690000','3','Projek Pembinaan',1,'[{\"added\": {}}]',10,2),(9,'2021-08-09 07:01:44.999000','4','Kontraktor',1,'[{\"added\": {}}]',10,2),(10,'2021-08-09 07:02:55.983000','1','Hello',1,'[{\"added\": {}}]',11,2),(11,'2021-08-09 08:42:21.989000','2','Situasi Covid 19 Malaysia',1,'[{\"added\": {}}]',11,2),(12,'2021-08-09 09:26:33.422000','3','Covid',1,'[{\"added\": {}}]',11,2),(13,'2021-08-09 14:01:20.917000','4','hong wei jian butt',1,'[{\"added\": {}}]',11,2),(14,'2021-08-10 08:13:46.321000','4','hong wei jian butt',2,'[{\"changed\": {\"fields\": [\"Categories\"]}}]',11,2),(15,'2021-08-10 08:16:09.604000','4','Hong Wei Jian',2,'[{\"changed\": {\"fields\": [\"Title\", \"Thumbnail\", \"Categories\"]}}]',11,2),(16,'2021-08-10 08:16:48.570000','3','Covid',2,'[{\"changed\": {\"fields\": [\"Thumbnail\"]}}]',11,2),(17,'2021-08-10 08:17:09.012000','3','Covid',2,'[{\"changed\": {\"fields\": [\"Categories\"]}}]',11,2),(18,'2021-08-10 14:00:07.451000','5','Simen Bancuh',1,'[{\"added\": {}}]',10,2),(19,'2021-08-10 14:02:50.612000','5','Construction',1,'[{\"added\": {}}]',11,2),(20,'2021-08-12 15:57:40.519000','1','Supervisor',1,'[{\"added\": {}}]',12,2),(21,'2021-08-12 16:01:03.948000','1','1 | Civil Engineering | 16:01:03.947335',1,'[{\"added\": {}}]',13,2),(22,'2021-08-12 16:04:17.915000','1','1 | Civil Engineering | None',3,'',13,2),(23,'2021-08-12 16:04:40.762000','2','2 | Civil Engineer | 2021-08-12 16:04:40.761880+00:00',1,'[{\"added\": {}}]',13,2),(24,'2021-08-12 16:14:15.367000','2','2 | Civil Engineer | 2021-08-13 00:14:07+08:00',2,'[{\"changed\": {\"fields\": [\"TimeAdded\"]}}]',13,2),(25,'2021-08-12 16:14:16.749000','2','2 | Civil Engineer | 2021-08-13 00:14:07+08:00',2,'[]',13,2),(26,'2021-08-12 16:20:55.861000','2','2 | Civil Engineer | 2021-08-13 00:14:07+08:00',2,'[{\"changed\": {\"fields\": [\"ImageLogo\"]}}]',13,2),(27,'2021-08-13 14:00:08.991000','2','Marketing',1,'[{\"added\": {}}]',12,2),(28,'2021-08-13 14:01:02.208000','3','3 | Graphics Designer | 2021-08-13 22:00:53+08:00',1,'[{\"added\": {}}]',13,2),(29,'2021-08-14 14:07:17.370000','6','6 | CS50 Meeting PSET 1 | 2021-08-14 22:07:14+08:00 ',1,'[{\"added\": {}}]',11,2),(30,'2021-08-15 09:05:41.173000','1','Pemasangan longkang berbentuk U',1,'[{\"added\": {}}]',15,2),(31,'2021-08-15 09:11:16.612000','2','Pembekal Simen Konkrit',1,'[{\"added\": {}}]',15,2),(32,'2021-08-15 09:46:03.564000','3','Perancangan Khidmat Pembinaan',1,'[{\"added\": {}}]',15,2),(33,'2021-08-15 09:46:27.110000','4','Pembinaan Struktur Bangunan',1,'[{\"added\": {}}]',15,2),(34,'2021-08-15 09:46:39.711000','5','Asas Bangunan',1,'[{\"added\": {}}]',15,2),(35,'2021-08-15 09:50:09.422000','6','Cerucuk Pembinaan',1,'[{\"added\": {}}]',15,2),(36,'2021-08-16 06:12:55.567000','1','<p style=\"font-weight: 400;\">Proses pembinaan bangunan meliputi segala aktiviti yang dilakukan di tapak binaan untuk memenuhi segala kehendak lukisan dan penentuan yang terkandung dalam sesuatu dokume',1,'[{\"added\": {}}]',14,2),(37,'2021-08-16 07:14:26.379000','1','<p style=\"font-weight: 400;\">Proses pembinaan bangunan meliputi segala aktiviti yang dilakukan di tapak binaan untuk memenuhi segala kehendak lukisan dan penentuan yang terkandung dalam sesuatu dokume',3,'',14,2),(38,'2021-08-16 07:23:45.836000','2','<p class=\"p1\">Proses pembinaan bangunan meliputi segala aktiviti yang dilakukan di tapak binaan untuk memenuhi segala kehendak lukisan dan penentuan yang terkandung dalam sesuatu dokumen kontrak binaa',1,'[{\"added\": {}}]',14,2),(39,'2021-08-16 07:33:40.935000','2','<p class=\"p1\">Proses pembinaan bangunan meliputi segala aktiviti yang dilakukan di tapak binaan untuk memenuhi segala kehendak lukisan dan penentuan yang terkandung dalam sesuatu dokumen kontrak binaa',2,'[{\"changed\": {\"fields\": [\"IntroImage\"]}}]',14,2),(40,'2021-08-16 08:51:00.907000','2','Projek Awek',3,'',14,2),(41,'2021-08-16 09:41:18.026000','3','Projek Awek',1,'[{\"added\": {}}]',14,2),(42,'2021-08-16 14:23:44.253000','3','Projek Awek',3,'',14,2),(43,'2021-08-16 14:40:42.275000','1','Projek Awek',1,'[{\"added\": {}}]',14,2),(44,'2021-08-16 14:43:21.576000','1','Projek Awek',2,'[{\"changed\": {\"fields\": [\"ProjectIntro\"]}}]',14,2),(45,'2021-08-16 14:44:05.860000','1','Projek Awek',2,'[{\"changed\": {\"fields\": [\"ProjectIntro\"]}}]',14,2),(46,'2021-08-16 14:44:30.131000','1','Projek Awek',2,'[{\"changed\": {\"fields\": [\"ProjectIntro\"]}}]',14,2),(47,'2021-08-16 14:53:10.028000','1','Projek Awek',2,'[]',14,2),(48,'2021-08-16 14:56:19.234000','1','Projek Awek',2,'[{\"changed\": {\"fields\": [\"ProjectIntro\"]}}]',14,2),(49,'2021-08-16 14:56:36.427000','1','Projek Awek',3,'',14,2),(50,'2021-08-16 14:58:26.054000','2','Projek Awek',1,'[{\"added\": {}}]',14,2),(51,'2021-08-16 15:01:44.360000','2','Projek Awek',3,'',14,2),(52,'2021-08-16 15:02:25.837000','3','a',1,'[{\"added\": {}}]',14,2),(53,'2021-08-16 15:08:09.998000','3','a',2,'[{\"changed\": {\"fields\": [\"SecondImage\", \"ThirdImage\", \"FourthImage\", \"FifthImage\", \"SixthImage\"]}}]',14,2),(54,'2021-08-16 15:10:05.785000','3','a',2,'[{\"changed\": {\"fields\": [\"OpeningImage\"]}}]',14,2),(55,'2021-08-16 15:12:04.043000','3','a',2,'[{\"changed\": {\"fields\": [\"ProjectIntro\"]}}]',14,2),(56,'2021-08-16 15:24:13.520000','3','Projek Awek',2,'[{\"changed\": {\"fields\": [\"ProjectIntro\", \"Title\", \"Slug\", \"Mission\", \"Location\"]}}]',14,2),(57,'2021-08-16 15:26:23.537000','3','Projek Awek',2,'[{\"changed\": {\"fields\": [\"ProjectIntro\"]}}]',14,2),(58,'2021-08-16 15:57:25.255000','7','Sistem empangan muara sungai',1,'[{\"added\": {}}]',15,2),(59,'2021-08-16 15:57:59.707000','8','Struktur Empangan',1,'[{\"added\": {}}]',15,2),(60,'2021-08-16 15:59:31.982000','4','Projek Dungun',1,'[{\"added\": {}}]',14,2),(61,'2021-08-16 16:10:02.503000','4','Projek Dungun',2,'[{\"changed\": {\"fields\": [\"SecondImage\", \"ThirdImage\", \"FourthImage\"]}}]',14,2),(62,'2021-08-16 16:20:51.392000','4','Projek Dungun',2,'[{\"changed\": {\"fields\": [\"SecondImage\", \"ThirdImage\", \"FourthImage\"]}}]',14,2),(63,'2021-08-16 16:51:06.376000','9','Pembekal Pasir Lombong',1,'[{\"added\": {}}]',15,2),(64,'2021-08-16 16:51:21.185000','5','Projek Manir',1,'[{\"added\": {}}]',14,2),(65,'2021-08-16 16:57:12.390000','10','Pembinaan Jalan',1,'[{\"added\": {}}]',15,2),(66,'2021-08-16 16:57:15.706000','5','Projek Manir',2,'[{\"changed\": {\"fields\": [\"JobType\"]}}]',14,2),(67,'2021-08-17 06:53:05.559000','5','Projek Manir',2,'[{\"changed\": {\"fields\": [\"FourthImage\"]}}]',14,2),(68,'2021-08-17 14:19:38.368000','6','Projek Wakaf Tapai',1,'[{\"added\": {}}]',14,2),(69,'2021-08-17 14:21:56.438000','6','Projek Wakaf Tapai',2,'[{\"changed\": {\"fields\": [\"SecondImage\"]}}]',14,2),(70,'2021-08-17 14:23:44.704000','6','Projek Wakaf Tapai',2,'[{\"changed\": {\"fields\": [\"FourthImage\"]}}]',14,2),(71,'2021-08-17 14:39:32.521000','11','Mengantikan Paip Mild Steel',1,'[{\"added\": {}}]',15,2),(72,'2021-08-17 14:39:45.346000','12','Fabrikasi Acuan Keluli',1,'[{\"added\": {}}]',15,2),(73,'2021-08-17 14:40:25.035000','13','Perkhidmatan Kren',1,'[{\"added\": {}}]',15,2),(74,'2021-08-17 14:40:55.945000','7','Projek Paip Air Jerteh',1,'[{\"added\": {}}]',14,2),(75,'2021-08-17 14:42:44.612000','7','Projek Paip Air Jerteh',2,'[{\"changed\": {\"fields\": [\"Thumbnail\"]}}]',14,2),(76,'2021-08-17 14:43:38.591000','7','Projek Paip Air Jerteh',2,'[{\"changed\": {\"fields\": [\"Thumbnail\"]}}]',14,2),(77,'2021-08-17 14:44:37.089000','7','Projek Paip Air Jerteh',2,'[{\"changed\": {\"fields\": [\"ThirdImage\"]}}]',14,2),(78,'2021-08-17 14:45:18.897000','6','Projek Wakaf Tapai',2,'[{\"changed\": {\"fields\": [\"Thumbnail\"]}}]',14,2),(79,'2021-08-17 14:48:03.909000','6','Projek Wakaf Tapai',2,'[{\"changed\": {\"fields\": [\"Thumbnail\"]}}]',14,2),(80,'2021-08-19 07:26:38.681000','7','Projek Paip Air Jerteh',2,'[{\"changed\": {\"fields\": [\"ProjectIntro\"]}}]',14,2),(81,'2021-08-19 07:37:53.135000','4','Projek Dungun',2,'[{\"changed\": {\"fields\": [\"ProjectIntro\"]}}]',14,2),(82,'2021-08-19 07:38:29.738000','4','Projek Dungun',2,'[{\"changed\": {\"fields\": [\"ProjectIntro\"]}}]',14,2),(83,'2021-08-19 07:38:48.833000','14','Pintu Kawalan Sungai',1,'[{\"added\": {}}]',15,2),(84,'2021-08-19 07:39:11.520000','15','Sistem Saliran Utama',1,'[{\"added\": {}}]',15,2),(85,'2021-08-19 07:39:16.360000','4','Projek Dungun',2,'[{\"changed\": {\"fields\": [\"JobType\"]}}]',14,2),(86,'2021-08-19 07:56:59.832000','6','Projek Wakaf Tapai',2,'[{\"changed\": {\"fields\": [\"ProjectIntro\"]}}]',14,2),(87,'2021-08-19 07:57:52.576000','6','Projek Wakaf Tapai',2,'[{\"changed\": {\"fields\": [\"ProjectIntro\"]}}]',14,2),(88,'2021-08-19 08:18:55.298000','5','Projek Manir',2,'[{\"changed\": {\"fields\": [\"ProjectIntro\"]}}]',14,2),(89,'2021-08-19 08:19:38.551000','5','Projek Manir',2,'[{\"changed\": {\"fields\": [\"ProjectIntro\"]}}]',14,2),(90,'2021-08-19 08:20:29.908000','5','Projek Manir',2,'[{\"changed\": {\"fields\": [\"ProjectIntro\"]}}]',14,2),(91,'2021-08-19 08:21:00.632000','5','Projek Manir',2,'[{\"changed\": {\"fields\": [\"ProjectIntro\"]}}]',14,2),(92,'2021-08-19 09:28:11.241000','4','4 | Hong Wei Jian | 2021-08-09 14:01:20.914632+00:00 ',3,'',11,2),(93,'2021-08-19 09:28:11.243000','3','3 | Covid | 2021-08-09 09:26:33.420012+00:00 ',3,'',11,2),(94,'2021-08-19 09:28:11.245000','2','2 | Situasi Covid 19 Malaysia | 2021-08-09 08:42:21.986710+00:00 ',3,'',11,2),(95,'2021-08-19 09:28:11.246000','1','1 | Hello | 2021-08-09 07:02:55.980346+00:00 ',3,'',11,2),(96,'2021-08-19 09:36:53.821000','7','7 | Kegunaan Kren Dalam Tapak Pembinaan | 2021-08-19 17:28:15+08:00 ',1,'[{\"added\": {}}]',11,2),(97,'2021-08-19 09:37:46.009000','7','7 | Kegunaan Kren Dalam Tapak Pembinaan | 2021-08-19 17:28:15+08:00 ',2,'[{\"changed\": {\"fields\": [\"Thumbnail\"]}}]',11,2),(98,'2021-08-19 09:39:20.847000','7','7 | Kegunaan Kren Dalam Tapak Pembinaan | 2021-08-19 17:28:15+08:00 ',2,'[{\"changed\": {\"fields\": [\"Thumbnail\"]}}]',11,2),(99,'2021-08-19 14:43:58.968000','8','8 | Mengapakah anda harus memilih simen konkrit? | 2021-08-19 22:35:20+08:00 ',1,'[{\"added\": {}}]',11,2),(100,'2021-08-19 15:05:04.071000','8','8 | Mengapakah anda harus memilih simen konkrit? | 2021-08-19 22:35:20+08:00 ',2,'[{\"changed\": {\"fields\": [\"Body\"]}}]',11,2),(101,'2021-08-19 15:06:31.598000','8','8 | Mengapakah anda harus memilih simen konkrit? | 2021-08-19 22:35:20+08:00 ',2,'[{\"changed\": {\"fields\": [\"Body\"]}}]',11,2),(102,'2021-08-19 15:07:13.075000','7','7 | Kegunaan Kren Dalam Tapak Pembinaan | 2021-08-19 17:28:15+08:00 ',2,'[{\"changed\": {\"fields\": [\"Body\"]}}]',11,2),(103,'2021-08-19 15:14:54.021000','8','8 | Mengapakah anda harus memilih simen konkrit? | 2021-08-19 22:35:20+08:00 ',2,'[{\"changed\": {\"fields\": [\"Body\"]}}]',11,2),(104,'2021-08-19 15:16:22.926000','8','8 | Mengapakah anda harus memilih simen konkrit? | 2021-08-19 22:35:20+08:00 ',2,'[{\"changed\": {\"fields\": [\"Body\"]}}]',11,2),(105,'2021-08-19 15:36:39.688000','5','5 | Construction | 2021-08-10 14:02:50.607718+00:00 ',3,'',11,2),(106,'2021-08-20 08:35:01.042000','7','7 | Kegunaan Kren Dalam Tapak Pembinaan | 2021-08-19 17:28:15+08:00 ',2,'[{\"changed\": {\"fields\": [\"Body\"]}}]',11,2),(107,'2021-08-20 09:07:25.759000','9','9 | Kepentingan Struktur Dalam Pembangunan | 2021-08-20 16:46:53+08:00 ',1,'[{\"added\": {}}]',11,2),(108,'2021-08-20 09:08:44.213000','9','9 | Kepentingan Struktur Dalam Pembangunan | 2021-08-20 16:46:53+08:00 ',2,'[{\"changed\": {\"fields\": [\"Thumbnail\"]}}]',11,2),(109,'2021-08-20 09:09:33.049000','9','9 | Kepentingan Struktur Dalam Pembangunan | 2021-08-20 16:46:53+08:00 ',2,'[{\"changed\": {\"fields\": [\"Body\"]}}]',11,2),(110,'2021-08-22 14:11:57.417000','6','Kimpalan',1,'[{\"added\": {}}]',10,2),(111,'2021-08-22 14:12:07.503000','7','Fabrikasi Logam',1,'[{\"added\": {}}]',10,2),(112,'2021-08-22 14:12:12.733000','10','10 | Apakah fabrikasi logam? | 2021-08-22 21:41:11+08:00 ',1,'[{\"added\": {}}]',11,2),(113,'2021-08-22 16:08:49.408000','10','10 | Apakah fabrikasi logam? | 2021-08-22 21:41:11+08:00 ',2,'[{\"changed\": {\"fields\": [\"Body\"]}}]',11,2),(114,'2021-08-22 16:10:16.454000','10','10 | Apakah fabrikasi logam? | 2021-08-22 21:41:11+08:00 ',2,'[{\"changed\": {\"fields\": [\"Body\"]}}]',11,2),(115,'2021-08-22 16:14:03.684000','10','10 | Apakah fabrikasi logam? | 2021-08-22 21:41:11+08:00 ',2,'[{\"changed\": {\"fields\": [\"Body\"]}}]',11,2),(116,'2021-08-22 16:14:39.438000','9','9 | Kepentingan Struktur Dalam Pembangunan | 2021-08-20 16:46:53+08:00 ',2,'[{\"changed\": {\"fields\": [\"Body\"]}}]',11,2),(117,'2021-08-23 07:41:01.075000','7','7 | Kegunaan Kren Dalam Tapak Pembinaan | 2021-08-19 17:28:15+08:00 ',2,'[{\"changed\": {\"fields\": [\"Body\"]}}]',11,2),(118,'2021-08-23 07:42:00.727000','7','7 | Kegunaan Kren Dalam Tapak Pembinaan | 2021-08-19 17:28:15+08:00 ',2,'[{\"changed\": {\"fields\": [\"Body\"]}}]',11,2),(119,'2022-11-01 07:32:47.488000','1','127.0.0.1:8000',2,'[{\"changed\": {\"fields\": [\"Domain name\", \"Display name\"]}}]',17,3),(120,'2022-11-01 07:32:50.475000','1','127.0.0.1:8000',2,'[]',17,3),(121,'2022-11-07 06:17:55.527000','8','8 | Mengapakah anda harus memilih simen konkrit? | 2021-08-19 22:35:20+08:00 ',2,'[{\"changed\": {\"fields\": [\"Body\"]}}]',11,3),(122,'2022-11-07 06:21:22.995000','9','9 | Kepentingan Struktur Dalam Pembangunan | 2021-08-20 16:46:53+08:00 ',2,'[{\"changed\": {\"fields\": [\"Body\"]}}]',11,3),(123,'2022-11-07 06:21:31.076000','8','8 | Mengapakah anda harus memilih simen konkrit? | 2021-08-19 22:35:20+08:00 ',2,'[]',11,3),(124,'2022-11-07 06:21:46.625000','7','7 | Kegunaan Kren Dalam Tapak Pembinaan | 2021-08-19 17:28:15+08:00 ',2,'[]',11,3),(125,'2022-11-07 06:23:09.601000','6','6 | CS50 Meeting PSET 1 | 2021-08-14 14:07:14+00:00 ',3,'',11,3),(126,'2022-11-07 07:26:24.352000','1','kckok.my',2,'[{\"changed\": {\"fields\": [\"Domain name\", \"Display name\"]}}]',17,3),(127,'2023-05-23 13:13:50.148000','1','ProjectImage object (1)',1,'[{\"added\": {}}]',19,3),(128,'2023-05-23 13:14:01.037000','2','ProjectImage object (2)',1,'[{\"added\": {}}]',19,3),(129,'2023-07-02 07:22:26.638000','11','11 | hello | 2023-07-02 15:19:35+08:00 ',1,'[{\"added\": {}}]',11,3),(130,'2023-07-02 08:09:14.313000','11','11 | hello | 2023-07-02 15:19:35+08:00 ',2,'[{\"changed\": {\"fields\": [\"Author\", \"Body\"]}}]',11,3),(131,'2023-07-02 08:10:17.043000','11','11 | CommonJS is hurting JavaScript? | 2023-07-02 15:19:35+08:00 ',2,'[{\"changed\": {\"fields\": [\"Title\"]}}]',11,3),(132,'2023-07-02 09:00:44.075000','3','Projek Awek',2,'[{\"changed\": {\"fields\": [\"Body\"]}}]',14,3),(133,'2023-07-02 11:54:17.845000','3','Projek Awek',2,'[]',14,3),(134,'2023-07-02 11:57:02.306000','4','Projek Dungun',2,'[{\"changed\": {\"fields\": [\"Body\"]}}]',14,3),(135,'2023-07-02 12:10:16.341000','4','Projek Dungun',2,'[]',14,3),(136,'2023-07-02 12:11:07.086000','4','Projek Dungun',2,'[]',14,3),(137,'2023-07-02 12:12:23.630000','5','Projek Manir',2,'[{\"changed\": {\"fields\": [\"Body\"]}}]',14,3),(138,'2023-07-02 12:13:18.242000','6','Projek Wakaf Tapai',2,'[{\"changed\": {\"fields\": [\"Body\"]}}]',14,3),(139,'2023-07-02 12:14:36.649000','7','Projek Paip Air Jerteh',2,'[{\"changed\": {\"fields\": [\"Body\"]}}]',14,3),(140,'2023-07-02 12:16:12.004000','1','Project and Articles',1,'[{\"added\": {}}]',3,3),(141,'2023-07-02 12:16:59.370000','1','Project and Articles',2,'[{\"changed\": {\"fields\": [\"Permissions\"]}}]',3,3),(142,'2023-07-02 12:17:29.993000','4','staff@kckok.my',1,'[{\"added\": {}}]',4,3),(143,'2023-07-02 12:17:50.669000','4','staff@kckok.my',2,'[{\"changed\": {\"fields\": [\"Staff status\", \"Groups\"]}}]',4,3),(144,'2023-12-17 03:42:17.020000','11','11 | CommonJS is hurting JavaScript? | 2023-07-02 07:19:35+00:00 ',3,'',11,3),(145,'2023-12-17 06:49:34.659000','1','Remote',1,'[{\"added\": {}}]',21,3),(146,'2023-12-17 06:49:39.130000','2','Contract',1,'[{\"added\": {}}]',21,3),(147,'2023-12-17 06:49:49.904000','3','Full-Time',1,'[{\"added\": {}}]',21,3),(148,'2023-12-17 07:20:52.193000','2','2 | Civil Engineer | 2023-12-17',2,'[{\"changed\": {\"fields\": [\"JobTypes\", \"Link\", \"TimeAdded\"]}}]',13,3),(149,'2023-12-17 07:21:09.942000','3','3 | Graphics Designer | 2023-12-17',2,'[{\"changed\": {\"fields\": [\"JobTypes\", \"Link\", \"TimeAdded\"]}}]',13,3),(150,'2023-12-17 07:22:30.376000','4','4 | Sales & Marketing Execytuve | 2023-12-17 07:22:30.366041+00:00',1,'[{\"added\": {}}]',13,3),(151,'2023-12-17 07:22:38.281000','4','4 | Sales & Marketing Executive | 2023-12-17',2,'[{\"changed\": {\"fields\": [\"JobName\"]}}]',13,3),(152,'2023-12-17 07:22:51.752000','3','Logistics',1,'[{\"added\": {}}]',12,3),(153,'2023-12-17 07:23:13.351000','5','5 | Debar Lori | 2023-12-17 07:23:13.345413+00:00',1,'[{\"added\": {}}]',13,3),(154,'2023-12-17 09:35:17.593000','4','Test',1,'[{\"added\": {}}]',21,3),(155,'2023-12-17 09:35:55.498000','5','h',1,'[{\"added\": {}}]',21,3),(156,'2023-12-17 13:05:42.041000','4','Teste',2,'[{\"changed\": {\"fields\": [\"Name\"]}}]',21,3),(157,'2023-12-17 13:05:46.026000','5','h',3,'',21,3),(158,'2023-12-17 13:05:46.028000','4','Teste',3,'',21,3),(159,'2023-12-18 00:21:01.937000','10','10 | Apakah fabrikasi logam? | 2021-08-22 21:41:11+08:00 ',2,'[{\"changed\": {\"fields\": [\"Body\"]}}]',11,3),(160,'2023-12-18 00:25:07.829000','10','10 | Apakah fabrikasi logam? | 2021-08-22 21:41:11+08:00 ',2,'[{\"changed\": {\"fields\": [\"Body\"]}}]',11,3),(161,'2023-12-18 00:25:07.913000','10','10 | Apakah fabrikasi logam? | 2021-08-22 21:41:11+08:00 ',2,'[]',11,3),(162,'2023-12-18 12:41:06.390000','1','Sales',1,'[{\"added\": {}}]',23,3),(163,'2023-12-18 12:41:12.894000','1','Semix',1,'[{\"added\": {}}]',22,3),(164,'2023-12-18 12:41:14.672000','1','Terms and Conditions (Semix Sales)',1,'[{\"added\": {}}]',24,3),(165,'2023-12-18 12:42:37.452000','1','Terms and Conditions (Semix Sales)',2,'[{\"changed\": {\"fields\": [\"Body\"]}}]',24,3),(166,'2023-12-18 12:57:46.148000','2','Human Resources',1,'[{\"added\": {}}]',23,3),(167,'2023-12-18 12:58:04.794000','2','Test',1,'[{\"added\": {}}]',22,3),(168,'2023-12-18 12:58:24.061000','2','hello world',2,'[{\"changed\": {\"fields\": [\"Title\", \"Category\"]}}]',24,3),(169,'2023-12-18 12:59:14.622000','2','hello world',2,'[{\"changed\": {\"fields\": [\"Company\"]}}]',24,3),(170,'2023-12-18 13:01:00.084000','2','hello world semix',2,'[{\"changed\": {\"fields\": [\"Title\"]}}]',24,3),(171,'2023-12-22 06:07:56.316000','4','Project Management',1,'[{\"added\": {}}]',12,3),(172,'2023-12-22 06:07:59.396000','2','2 | Civil Engineer | 2023-12-17',2,'[{\"changed\": {\"fields\": [\"Department\"]}}]',13,3),(173,'2023-12-22 06:08:13.445000','6','Internship',1,'[{\"added\": {}}]',21,3),(174,'2023-12-22 06:08:15.187000','3','3 | Graphics Designer | 2023-12-17',2,'[{\"changed\": {\"fields\": [\"JobTypes\"]}}]',13,3),(175,'2024-01-09 04:52:21.630000','2','Human Resources',2,'[]',23,3),(176,'2024-01-09 04:52:23.830000','2','Human Resources',2,'[]',23,3),(177,'2024-01-09 04:52:27.050000','2','Human Resources',2,'[]',23,3),(178,'2024-01-09 04:52:49.033000','2','Human Resources',2,'[]',23,3),(179,'2024-01-09 04:56:33.616000','1','Terms and Conditions (Semix Sales)',2,'[]',24,3),(180,'2024-01-09 04:57:01.442000','3','Company Handbook ( Employment )',1,'[{\"added\": {}}]',24,3),(181,'2024-01-09 04:57:05.114000','3','Company Handbook ( Employment )',2,'[]',24,3),(182,'2024-01-09 04:57:40.539000','3','Company Handbook ( Employment )',2,'[]',24,3),(183,'2024-01-09 04:57:40.676000','3','Company Handbook ( Employment )',2,'[]',24,3),(184,'2024-02-06 06:34:42.954000','2','Read Access',1,'[{\"added\": {}}]',3,3),(185,'2024-02-06 06:35:11.721000','5','test',1,'[{\"added\": {}}]',4,3),(186,'2024-02-06 06:35:17.464000','5','test',2,'[]',4,3),(187,'2024-02-06 06:35:22.928000','5','test',2,'[{\"changed\": {\"fields\": [\"Groups\"]}}]',4,3),(188,'2024-02-06 06:36:20.260000','5','test',2,'[{\"changed\": {\"fields\": [\"First name\", \"Last name\", \"Email address\"]}}]',4,3),(189,'2024-02-06 06:36:40.125000','5','test',2,'[{\"changed\": {\"fields\": [\"password\"]}}]',4,3),(190,'2024-02-06 06:37:10.689000','5','test',2,'[{\"changed\": {\"fields\": [\"Staff status\"]}}]',4,3),(191,'2024-02-18 07:07:00.451209','7','IdentityRegister object (7)',3,'',12,3),(192,'2024-02-18 07:07:00.482198','1','IdentityRegister object (1)',3,'',12,3),(193,'2024-02-18 07:07:00.514259','2','IdentityRegister object (2)',3,'',12,3),(194,'2024-02-18 07:07:00.545248','3','IdentityRegister object (3)',3,'',12,3),(195,'2024-02-18 07:07:00.576307','4','IdentityRegister object (4)',3,'',12,3),(196,'2024-02-18 07:07:00.607224','5','IdentityRegister object (5)',3,'',12,3),(197,'2024-02-18 07:07:00.638768','6','IdentityRegister object (6)',3,'',12,3),(198,'2024-02-18 07:07:00.669825','8','IdentityRegister object (8)',3,'',12,3),(199,'2024-02-18 07:07:00.705273','9','IdentityRegister object (9)',3,'',12,3),(200,'2024-02-18 07:07:00.736234','10','IdentityRegister object (10)',3,'',12,3),(201,'2024-02-18 07:07:47.868456','2','Pengesahan Selesai',1,'[{\"added\": {}}]',13,3),(202,'2024-02-18 07:07:55.220391','3','Foto IC depan kurang cerah',1,'[{\"added\": {}}]',13,3),(203,'2024-02-18 07:08:06.927163','4','Foto IC belakang kurang cerah',1,'[{\"added\": {}}]',13,3),(204,'2024-02-18 07:08:09.972442','11','SEMIX0011-321',2,'Changed by admin',12,3),(205,'2024-02-18 07:08:10.071006','11','SEMIX0011-321',2,'[{\"changed\": {\"fields\": [\"Statuses\"]}}]',12,3),(206,'2024-02-18 07:11:26.427037','2','Pengesahan selesai',2,'[{\"changed\": {\"fields\": [\"Status\"]}}]',13,3),(207,'2024-02-18 07:26:32.804087','11','SEMIX0011-321',2,'Changed by admin',12,3),(208,'2024-02-18 07:26:32.909765','11','SEMIX0011-321',2,'[{\"changed\": {\"fields\": [\"Name\", \"Statuses\"]}}]',12,3),(209,'2024-02-18 07:26:39.663341','11','SEMIX0011-321',2,'Changed by admin',12,3),(210,'2024-02-18 07:26:39.713244','11','SEMIX0011-321',2,'[{\"changed\": {\"fields\": [\"Verified\"]}}]',12,3),(211,'2024-02-18 07:34:20.343832','11','SEMIX0011-321',2,'Changed by admin',12,3),(212,'2024-02-18 07:34:20.444981','11','SEMIX0011-321',2,'[{\"changed\": {\"fields\": [\"Name\", \"Statuses\"]}}]',12,3),(213,'2024-02-18 07:38:16.089937','11','SEMIX0011-321',2,'Changed by admin',12,3),(214,'2024-02-18 07:38:16.144461','11','SEMIX0011-321',2,'[{\"changed\": {\"fields\": [\"Verified\"]}}]',12,3),(215,'2024-02-18 07:42:28.047812','11','SEMIX0011-321',2,'Changed by admin',12,3),(216,'2024-02-18 07:42:28.147366','11','SEMIX0011-321',2,'[{\"changed\": {\"fields\": [\"Statuses\", \"Verified\"]}}]',12,3),(217,'2024-02-18 07:42:39.226917','11','SEMIX0011-321',2,'Changed by admin',12,3),(218,'2024-02-18 07:42:39.332469','11','SEMIX0011-321',2,'[{\"changed\": {\"fields\": [\"Statuses\"]}}]',12,3),(219,'2024-02-18 07:42:46.441621','11','SEMIX0011-321',2,'Changed by admin',12,3),(220,'2024-02-18 07:42:46.494856','11','SEMIX0011-321',2,'[{\"changed\": {\"fields\": [\"Verified\"]}}]',12,3),(221,'2024-02-18 07:42:46.751828','11','SEMIX0011-321',2,'Changed by admin',12,3),(222,'2024-02-18 07:42:46.802187','11','SEMIX0011-321',2,'[]',12,3),(223,'2024-02-18 07:43:05.114394','11','SEMIX0011-321',2,'Changed by admin',12,3),(224,'2024-02-18 07:43:05.211818','11','SEMIX0011-321',2,'[{\"changed\": {\"fields\": [\"Statuses\", \"Verified\"]}}]',12,3),(225,'2024-02-18 07:43:13.709995','11','SEMIX0011-321',2,'Changed by admin',12,3),(226,'2024-02-18 07:43:13.808031','11','SEMIX0011-321',2,'[{\"changed\": {\"fields\": [\"Statuses\", \"Verified\"]}}]',12,3),(227,'2024-02-18 07:43:22.694638','11','SEMIX0011-321',2,'Changed by admin',12,3),(228,'2024-02-18 07:43:22.743637','11','SEMIX0011-321',2,'[{\"changed\": {\"fields\": [\"Verified\"]}}]',12,3),(229,'2024-02-18 07:45:15.207946','11','SEMIX0011-321',2,'Changed by admin',12,3),(230,'2024-02-18 07:45:15.267042','11','SEMIX0011-321',2,'[{\"changed\": {\"fields\": [\"Verified\"]}}]',12,3),(231,'2024-02-18 07:53:17.015393','11','SEMIX0011-321',2,'Changed by admin',12,3),(232,'2024-02-18 07:53:17.112915','11','SEMIX0011-321',2,'[{\"changed\": {\"fields\": [\"Statuses\", \"Verified\"]}}]',12,3),(233,'2024-02-18 07:53:23.461456','11','SEMIX0011-321',2,'Changed by admin',12,3),(234,'2024-02-18 07:53:23.567737','11','SEMIX0011-321',2,'[{\"changed\": {\"fields\": [\"Statuses\", \"Verified\"]}}]',12,3),(235,'2024-02-18 07:57:52.962265','11','SEMIX0011-321',2,'Changed by admin',12,3),(236,'2024-02-18 07:57:53.073883','11','SEMIX0011-321',2,'[{\"changed\": {\"fields\": [\"Statuses\"]}}]',12,3),(237,'2024-02-18 07:58:01.926658','11','SEMIX0011-321',2,'Changed by admin',12,3),(238,'2024-02-18 07:58:01.980638','11','SEMIX0011-321',2,'[{\"changed\": {\"fields\": [\"Verified\"]}}]',12,3),(239,'2024-02-18 07:58:26.983992','11','SEMIX0011-321',2,'Changed by admin',12,3),(240,'2024-02-18 07:58:27.096888','11','SEMIX0011-321',2,'[{\"changed\": {\"fields\": [\"Statuses\", \"Verified\"]}}]',12,3),(241,'2024-02-18 08:00:09.167328','11','SEMIX0011-321',2,'Changed by admin',12,3),(242,'2024-02-18 08:00:09.277045','11','SEMIX0011-321',2,'[{\"changed\": {\"fields\": [\"Statuses\", \"Verified\"]}}]',12,3),(243,'2024-02-18 08:00:14.766768','11','SEMIX0011-321',2,'Changed by admin',12,3),(244,'2024-02-18 08:00:14.865063','11','SEMIX0011-321',2,'[{\"changed\": {\"fields\": [\"Statuses\", \"Verified\"]}}]',12,3),(245,'2024-02-18 08:00:15.061562','11','SEMIX0011-321',2,'Changed by admin',12,3),(246,'2024-02-18 08:00:15.120862','11','SEMIX0011-321',2,'[]',12,3),(247,'2024-02-18 08:00:21.370105','11','SEMIX0011-321',2,'Changed by admin',12,3),(248,'2024-02-18 08:00:21.492991','11','SEMIX0011-321',2,'[{\"changed\": {\"fields\": [\"Statuses\", \"Verified\"]}}]',12,3),(249,'2024-02-18 08:00:42.003160','11','SEMIX0011-321',2,'Changed by admin',12,3),(250,'2024-02-18 08:00:42.100790','11','SEMIX0011-321',2,'[{\"changed\": {\"fields\": [\"Statuses\", \"Verified\"]}}]',12,3),(251,'2024-02-18 08:08:46.408649','11','SEMIX0011-321',2,'Changed by admin',12,3),(252,'2024-02-18 08:08:46.506168','11','SEMIX0011-321',2,'[{\"changed\": {\"fields\": [\"Statuses\", \"Verified\"]}}]',12,3),(253,'2024-02-18 08:11:47.001417','11','SEMIX0011-321',2,'Changed by admin',12,3),(254,'2024-02-18 08:11:47.109535','11','SEMIX0011-321',2,'[{\"changed\": {\"fields\": [\"Statuses\", \"Verified\"]}}]',12,3),(255,'2024-02-18 08:11:53.374955','11','SEMIX0011-321',2,'Changed by admin',12,3),(256,'2024-02-18 08:11:53.475653','11','SEMIX0011-321',2,'[{\"changed\": {\"fields\": [\"Statuses\", \"Verified\"]}}]',12,3),(257,'2024-02-18 08:12:03.490024','11','SEMIX0011-321',2,'Changed by admin',12,3),(258,'2024-02-18 08:12:03.601063','11','SEMIX0011-321',2,'[{\"changed\": {\"fields\": [\"Statuses\", \"Verified\"]}}]',12,3),(259,'2024-02-18 08:14:59.399147','11','SEMIX0011-321',2,'Changed by admin',12,3),(260,'2024-02-18 08:14:59.499080','11','SEMIX0011-321',2,'[{\"changed\": {\"fields\": [\"Statuses\", \"Verified\"]}}]',12,3),(261,'2024-02-18 11:20:26.068254','12','SEMIX0012-988',2,'Changed by admin',12,3),(262,'2024-02-18 11:20:26.177451','12','SEMIX0012-988',2,'[{\"changed\": {\"fields\": [\"Name\", \"Statuses\", \"Verified\"]}}]',12,3),(263,'2024-02-18 11:45:55.627200','12','SEMIX0012-988',3,'',12,3),(264,'2024-02-18 11:46:25.286244','11','SEMIX0011-321',3,'',12,3),(265,'2024-02-18 13:22:11.516485','15','SEMIX0015-348',2,'Changed by admin',12,3),(266,'2024-02-18 13:22:11.906217','15','SEMIX0015-348',2,'[{\"changed\": {\"fields\": [\"Statuses\"]}}]',12,3),(267,'2024-02-18 13:24:32.336857','15','SEMIX0015-348',2,'Changed by admin',12,3),(268,'2024-02-18 13:24:32.720675','15','SEMIX0015-348',2,'[{\"changed\": {\"fields\": [\"Name\", \"Statuses\", \"Verified\"]}}]',12,3),(269,'2024-03-05 01:18:10.288963','1','https://www.kckok.my',2,'[{\"changed\": {\"fields\": [\"Domain name\"]}}]',22,3),(270,'2024-03-05 01:19:44.785016','1','Terms and Conditions (Semix Sales)',2,'[]',11,3),(271,'2024-04-08 01:03:43.444555','2','hello world semix test',2,'[{\"changed\": {\"fields\": [\"Title\"]}}]',11,3),(272,'2024-04-23 08:39:16.124156','11','11 | 5 APLIKASI ATAU PENGGUNAAN KONKRIT SIAP CAMPUR | 2024-04-23 08:39:15.813883+00:00 ',1,'[{\"added\": {}}]',1,3),(273,'2024-04-23 08:43:35.864859','11','11 | 5 APLIKASI ATAU PENGGUNAAN KONKRIT SIAP CAMPUR | 2024-04-23 16:43:31+08:00 ',2,'[{\"changed\": {\"fields\": [\"Body\", \"Date added\"]}}]',1,3),(274,'2024-04-23 08:44:21.422965','11','11 | 5 APLIKASI ATAU PENGGUNAAN KONKRIT SIAP CAMPUR | 2024-04-23 16:43:31+08:00 ',2,'[{\"changed\": {\"fields\": [\"Body\"]}}]',1,3),(275,'2024-04-23 08:52:29.709277','11','11 | 5 APLIKASI ATAU PENGGUNAAN KONKRIT SIAP CAMPUR | 2024-04-23 16:43:31+08:00 ',2,'[{\"changed\": {\"fields\": [\"Intro\"]}}]',1,3),(276,'2024-04-24 06:12:11.868834','11','11 | 5 APLIKASI ATAU PENGGUNAAN KONKRIT SIAP CAMPUR | 2024-04-23 16:43:31+08:00 ',2,'[{\"changed\": {\"fields\": [\"Intro\", \"Body\"]}}]',1,3),(277,'2024-04-24 06:16:12.108173','11','11 | 5 APLIKASI ATAU PENGGUNAAN KONKRIT SIAP CAMPUR | 2024-04-23 16:43:31+08:00 ',2,'[{\"changed\": {\"fields\": [\"Body\"]}}]',1,3),(278,'2024-04-24 06:42:13.449688','12','12 | PANDUAN PEMULA UNTUK KONKRIT SIAP CAMPUR | 2024-04-24 06:42:13.145597+00:00 ',1,'[{\"added\": {}}]',1,3),(279,'2024-04-24 06:44:14.000546','12','12 | PANDUAN PEMULA UNTUK KONKRIT SIAP CAMPUR | 2024-04-24 14:42:13+08:00 ',2,'[{\"changed\": {\"fields\": [\"Body\"]}}]',1,3),(280,'2024-04-24 07:15:06.247306','13','13 | 5 MANFAAT KONKRIT SIAP CAMPUR | 2024-04-24 07:15:05.946288+00:00 ',1,'[{\"added\": {}}]',1,3),(281,'2024-04-24 07:36:03.558253','14','14 | APAKAH KONKRIT SIAP CAMPUR? FAQ LENGKAP | 2024-04-24 07:36:03.263126+00:00 ',1,'[{\"added\": {}}]',1,3),(282,'2024-04-24 07:38:59.919500','14','14 | APAKAH KONKRIT SIAP CAMPUR? FAQ LENGKAP | 2024-04-24 15:38:57+08:00 ',2,'[{\"changed\": {\"fields\": [\"Body\", \"Date added\"]}}]',1,3),(283,'2024-04-24 08:06:03.364671','15','15 | BAGAIMANA UNTUK MEMBELI KONKRIT SIAP CAMPUR? | 2024-04-24 08:06:03.073875+00:00 ',1,'[{\"added\": {}}]',1,3),(284,'2024-04-24 08:40:07.550696','16','16 | 11 BAHAN BINAAN TAHAN AIR UNTUK PROJEK PEMBINAAN | 2024-04-24 08:40:07.164348+00:00 ',1,'[{\"added\": {}}]',1,3),(285,'2024-04-25 01:20:21.039374','16','16 | 11 BAHAN BINAAN TAHAN AIR UNTUK PROJEK PEMBINAAN | 2024-04-24 16:40:07+08:00 ',2,'[{\"changed\": {\"fields\": [\"Body\"]}}]',1,3),(286,'2024-04-25 01:30:04.659359','17','17 | APAKAH KONKRIT SEDIA CAMPURAN DAN MENGAPA ANDA MEMERLUKANNYA? | 2024-04-25 01:30:04.364971+00:00 ',1,'[{\"added\": {}}]',1,3),(287,'2024-04-25 02:16:06.059659','18','18 | BOLEHKAH ANDA MENUANG KONKRIT KETIKA HUJAN? | 2024-04-25 02:16:05.769058+00:00 ',1,'[{\"added\": {}}]',1,3),(288,'2024-04-25 02:50:35.628329','19','19 | BAGAIMANA MEMILIH SYARIKAT KONKRIT YANG BETUL? | 2024-04-25 02:50:35.336426+00:00 ',1,'[{\"added\": {}}]',1,3),(289,'2024-04-25 07:25:13.085089','20','20 | JENIS KONKRIT MANA YANG SESUAI UNTUK PROJEK SAYA? | 2024-04-25 07:25:12.774430+00:00 ',1,'[{\"added\": {}}]',1,3),(290,'2024-04-25 08:00:04.287622','21','21 | BAGAIMANA UNTUK MENUANG SLAB KONKRIT YANG SEMPURNA? | 2024-04-25 08:00:03.994435+00:00 ',1,'[{\"added\": {}}]',1,3),(291,'2024-04-25 08:10:27.157663','21','21 | BAGAIMANA UNTUK MENUANG SLAB KONKRIT YANG SEMPURNA? | 2024-04-25 16:10:22+08:00 ',2,'[{\"changed\": {\"fields\": [\"Date added\"]}}]',1,3),(292,'2024-04-25 08:15:59.278055','6','Nadhirah',1,'[{\"added\": {}}]',19,3),(293,'2024-04-25 08:18:51.733691','6','Nadhirah',2,'[{\"changed\": {\"fields\": [\"First name\", \"Last name\", \"Email address\", \"Active\", \"Staff status\", \"Groups\", \"User permissions\"]}}]',19,3),(294,'2024-04-25 08:40:20.693291','22','22 | 10 PETUA UTAMA UNTUK BERSEDIA UNTUK PENGHANTARAN KONKRIT ANDA | 2024-04-25 08:40:20.397428+00:00 ',1,'[{\"added\": {}}]',1,3),(295,'2024-04-26 03:36:15.139801','22','22 | 10 PETUA UTAMA UNTUK BERSEDIA UNTUK PENGHANTARAN KONKRIT ANDA | 2024-04-25 16:40:20+08:00 ',2,'[{\"changed\": {\"fields\": [\"Body\"]}}]',1,3),(296,'2024-04-26 03:51:50.757024','22','22 | 10 PETUA UTAMA UNTUK BERSEDIA UNTUK PENGHANTARAN KONKRIT ANDA | 2024-04-25 16:40:20+08:00 ',2,'[{\"changed\": {\"fields\": [\"Body\"]}}]',1,3),(297,'2024-04-26 03:54:40.760525','6','Nadhirah',2,'[{\"changed\": {\"fields\": [\"password\"]}}]',19,3),(298,'2024-04-26 03:57:08.590161','22','22 | 10 PETUA UTAMA UNTUK BERSEDIA UNTUK PENGHANTARAN KONKRIT ANDA | 2024-04-25 16:40:20+08:00 ',2,'[{\"changed\": {\"fields\": [\"Body\"]}}]',1,3),(299,'2024-04-26 03:58:46.516960','21','21 | BAGAIMANA UNTUK MENUANG SLAB KONKRIT YANG SEMPURNA? | 2024-04-25 16:10:22+08:00 ',2,'[{\"changed\": {\"fields\": [\"Body\"]}}]',1,3),(300,'2024-04-26 04:00:07.893763','20','20 | JENIS KONKRIT MANA YANG SESUAI UNTUK PROJEK SAYA? | 2024-04-25 15:25:12+08:00 ',2,'[{\"changed\": {\"fields\": [\"Body\"]}}]',1,3),(301,'2024-04-26 04:00:41.028935','19','19 | BAGAIMANA MEMILIH SYARIKAT KONKRIT YANG BETUL? | 2024-04-25 10:50:35+08:00 ',2,'[{\"changed\": {\"fields\": [\"Body\"]}}]',1,3),(302,'2024-04-26 04:00:50.550438','6','nadhirah',2,'[{\"changed\": {\"fields\": [\"Username\"]}}]',19,3),(303,'2024-04-26 04:01:07.470550','18','18 | BOLEHKAH ANDA MENUANG KONKRIT KETIKA HUJAN? | 2024-04-25 10:16:05+08:00 ',2,'[{\"changed\": {\"fields\": [\"Body\"]}}]',1,3),(304,'2024-04-26 04:01:27.043621','17','17 | APAKAH KONKRIT SEDIA CAMPURAN DAN MENGAPA ANDA MEMERLUKANNYA? | 2024-04-25 09:30:04+08:00 ',2,'[{\"changed\": {\"fields\": [\"Body\"]}}]',1,3),(305,'2024-04-26 04:01:46.376301','16','16 | 11 BAHAN BINAAN TAHAN AIR UNTUK PROJEK PEMBINAAN | 2024-04-24 16:40:07+08:00 ',2,'[{\"changed\": {\"fields\": [\"Body\"]}}]',1,3),(306,'2024-04-26 04:02:05.844683','15','15 | BAGAIMANA UNTUK MEMBELI KONKRIT SIAP CAMPUR? | 2024-04-24 16:06:03+08:00 ',2,'[{\"changed\": {\"fields\": [\"Body\"]}}]',1,3),(307,'2024-04-26 04:02:06.787244','6','nadhirah',2,'[{\"changed\": {\"fields\": [\"password\"]}}]',19,3),(308,'2024-04-26 04:02:24.844541','14','14 | APAKAH KONKRIT SIAP CAMPUR? FAQ LENGKAP | 2024-04-24 15:38:57+08:00 ',2,'[{\"changed\": {\"fields\": [\"Body\"]}}]',1,3),(309,'2024-04-26 04:02:46.064698','13','13 | 5 MANFAAT KONKRIT SIAP CAMPUR | 2024-04-24 15:15:05+08:00 ',2,'[{\"changed\": {\"fields\": [\"Body\"]}}]',1,3),(310,'2024-04-26 04:03:09.053174','12','12 | PANDUAN PEMULA UNTUK KONKRIT SIAP CAMPUR | 2024-04-24 14:42:13+08:00 ',2,'[{\"changed\": {\"fields\": [\"Body\"]}}]',1,3),(311,'2024-04-26 04:03:10.580552','6','nadhirah',2,'[{\"changed\": {\"fields\": [\"Active\"]}}]',19,3),(312,'2024-04-26 04:03:46.962381','11','11 | 5 APLIKASI ATAU PENGGUNAAN KONKRIT SIAP CAMPUR | 2024-04-23 16:43:31+08:00 ',2,'[{\"changed\": {\"fields\": [\"Body\"]}}]',1,3),(313,'2024-04-26 04:04:41.068530','22','22 | 10 PETUA UTAMA UNTUK BERSEDIA UNTUK PENGHANTARAN KONKRIT ANDA | 2024-04-25 16:40:20+08:00 ',2,'[{\"changed\": {\"fields\": [\"Body\"]}}]',1,3),(314,'2024-04-26 04:05:11.064862','21','21 | BAGAIMANA UNTUK MENUANG SLAB KONKRIT YANG SEMPURNA? | 2024-04-25 16:10:22+08:00 ',2,'[{\"changed\": {\"fields\": [\"Body\"]}}]',1,3),(315,'2024-04-26 04:05:44.065691','20','20 | JENIS KONKRIT MANA YANG SESUAI UNTUK PROJEK SAYA? | 2024-04-25 15:25:12+08:00 ',2,'[{\"changed\": {\"fields\": [\"Body\"]}}]',1,3),(316,'2024-04-26 04:06:28.822871','19','19 | BAGAIMANA MEMILIH SYARIKAT KONKRIT YANG BETUL? | 2024-04-25 10:50:35+08:00 ',2,'[{\"changed\": {\"fields\": [\"Body\"]}}]',1,3),(317,'2024-04-26 04:07:18.339602','18','18 | BOLEHKAH ANDA MENUANG KONKRIT KETIKA HUJAN? | 2024-04-25 10:16:05+08:00 ',2,'[{\"changed\": {\"fields\": [\"Body\"]}}]',1,3),(318,'2024-04-26 04:07:38.682376','17','17 | APAKAH KONKRIT SEDIA CAMPURAN DAN MENGAPA ANDA MEMERLUKANNYA? | 2024-04-25 09:30:04+08:00 ',2,'[{\"changed\": {\"fields\": [\"Body\"]}}]',1,3),(319,'2024-04-26 04:08:11.344849','16','16 | 11 BAHAN BINAAN TAHAN AIR UNTUK PROJEK PEMBINAAN | 2024-04-24 16:40:07+08:00 ',2,'[{\"changed\": {\"fields\": [\"Body\"]}}]',1,3),(320,'2024-04-26 04:08:32.181177','15','15 | BAGAIMANA UNTUK MEMBELI KONKRIT SIAP CAMPUR? | 2024-04-24 16:06:03+08:00 ',2,'[{\"changed\": {\"fields\": [\"Body\"]}}]',1,3),(321,'2024-04-26 04:08:59.434849','14','14 | APAKAH KONKRIT SIAP CAMPUR? FAQ LENGKAP | 2024-04-24 15:38:57+08:00 ',2,'[{\"changed\": {\"fields\": [\"Body\"]}}]',1,3),(322,'2024-04-26 04:09:15.725740','11','11 | 5 APLIKASI ATAU PENGGUNAAN KONKRIT SIAP CAMPUR | 2024-04-23 16:43:31+08:00 ',2,'[]',1,3),(323,'2024-04-26 04:09:17.888584','12','12 | PANDUAN PEMULA UNTUK KONKRIT SIAP CAMPUR | 2024-04-24 14:42:13+08:00 ',2,'[]',1,3),(324,'2024-04-26 04:09:19.922169','13','13 | 5 MANFAAT KONKRIT SIAP CAMPUR | 2024-04-24 15:15:05+08:00 ',2,'[]',1,3),(325,'2024-04-29 03:12:45.581241','22','22 | 10 PETUA UTAMA UNTUK BERSEDIA UNTUK PENGHANTARAN KONKRIT ANDA | 2024-04-25 16:40:20+08:00 ',2,'[{\"changed\": {\"fields\": [\"Body\"]}}]',1,3),(326,'2024-04-29 03:13:38.307819','21','21 | BAGAIMANA UNTUK MENUANG SLAB KONKRIT YANG SEMPURNA? | 2024-04-25 16:10:22+08:00 ',2,'[{\"changed\": {\"fields\": [\"Body\"]}}]',1,3),(327,'2024-04-29 03:17:38.709892','20','20 | JENIS KONKRIT MANA YANG SESUAI UNTUK PROJEK SAYA? | 2024-04-25 15:25:12+08:00 ',2,'[{\"changed\": {\"fields\": [\"Body\"]}}]',1,3),(328,'2024-04-29 03:19:03.478908','19','19 | BAGAIMANA MEMILIH SYARIKAT KONKRIT YANG BETUL? | 2024-04-25 10:50:35+08:00 ',2,'[{\"changed\": {\"fields\": [\"Body\"]}}]',1,3),(329,'2024-04-29 03:22:16.935592','18','18 | BOLEHKAH ANDA MENUANG KONKRIT KETIKA HUJAN? | 2024-04-25 10:16:05+08:00 ',2,'[{\"changed\": {\"fields\": [\"Body\"]}}]',1,3),(330,'2024-04-29 03:25:17.187087','17','17 | APAKAH KONKRIT SEDIA CAMPURAN DAN MENGAPA ANDA MEMERLUKANNYA? | 2024-04-25 09:30:04+08:00 ',2,'[{\"changed\": {\"fields\": [\"Body\"]}}]',1,3),(331,'2024-04-29 03:27:32.470025','16','16 | 11 BAHAN BINAAN TAHAN AIR UNTUK PROJEK PEMBINAAN | 2024-04-24 16:40:07+08:00 ',2,'[{\"changed\": {\"fields\": [\"Body\"]}}]',1,3),(332,'2024-04-29 03:29:57.354242','15','15 | BAGAIMANA UNTUK MEMBELI KONKRIT SIAP CAMPUR? | 2024-04-24 16:06:03+08:00 ',2,'[{\"changed\": {\"fields\": [\"Body\"]}}]',1,3),(333,'2024-04-29 03:32:27.158535','14','14 | APAKAH KONKRIT SIAP CAMPUR? FAQ LENGKAP | 2024-04-24 15:38:57+08:00 ',2,'[{\"changed\": {\"fields\": [\"Body\"]}}]',1,3),(334,'2024-04-29 03:34:24.542566','13','13 | 5 MANFAAT KONKRIT SIAP CAMPUR | 2024-04-24 15:15:05+08:00 ',2,'[{\"changed\": {\"fields\": [\"Body\"]}}]',1,3),(335,'2024-04-29 03:36:47.261083','12','12 | PANDUAN PEMULA UNTUK KONKRIT SIAP CAMPUR | 2024-04-24 14:42:13+08:00 ',2,'[{\"changed\": {\"fields\": [\"Body\"]}}]',1,3),(336,'2024-04-29 03:40:12.163065','11','11 | 5 APLIKASI ATAU PENGGUNAAN KONKRIT SIAP CAMPUR | 2024-04-23 16:43:31+08:00 ',2,'[{\"changed\": {\"fields\": [\"Body\"]}}]',1,3),(337,'2024-05-04 04:42:41.445822','3','admin',2,'[{\"changed\": {\"fields\": [\"password\"]}}]',19,3),(338,'2024-05-05 03:44:43.144554','1','kckok.my',2,'[{\"changed\": {\"fields\": [\"Domain name\"]}}]',22,3),(339,'2024-05-05 04:38:44.883135','22','22 | 10 PETUA UTAMA UNTUK BERSEDIA UNTUK PENGHANTARAN KONKRIT ANDA | 2024-04-25 16:40:20+08:00 ',2,'[{\"changed\": {\"fields\": [\"Body\"]}}]',1,3),(340,'2024-05-05 04:39:25.843246','23','23 | 10 PETUA UTAMA UNTUK BERSEDIA UNTUK PENGHANTARAN KONKRIT ANDA test | 2024-05-05 04:39:25.550773+00:00 ',1,'[{\"added\": {}}]',1,3),(341,'2024-05-05 04:39:47.937636','23','23 | 10 PETUA UTAMA UNTUK BERSEDIA UNTUK PENGHANTARAN KONKRIT ANDA test | 2024-05-05 04:39:25.550773+00:00 ',3,'',1,3),(342,'2024-05-05 04:40:17.892788','22','22 | 10 PETUA UTAMA UNTUK BERSEDIA UNTUK PENGHANTARAN KONKRIT ANDA | 2024-04-25 16:40:20+08:00 ',2,'[{\"changed\": {\"fields\": [\"Body\"]}}]',1,3),(343,'2024-05-05 04:41:12.717854','22','22 | 10 PETUA UTAMA UNTUK BERSEDIA UNTUK PENGHANTARAN KONKRIT ANDA | 2024-04-25 16:40:20+08:00 ',2,'[{\"changed\": {\"fields\": [\"Body\"]}}]',1,3),(344,'2024-05-05 04:42:11.094722','22','22 | 10 PETUA UTAMA UNTUK BERSEDIA UNTUK PENGHANTARAN KONKRIT | 2024-04-25 16:40:20+08:00 ',2,'[{\"changed\": {\"fields\": [\"Title\", \"Body\"]}}]',1,3),(345,'2024-05-05 04:46:42.243901','22','22 | 10 PETUA UTAMA UNTUK BERSEDIA UNTUK | 2024-04-25 16:40:20+08:00 ',2,'[{\"changed\": {\"fields\": [\"Title\"]}}]',1,3),(346,'2024-05-05 04:47:12.024208','22','22 | 10 PETUA UTAMA UNTUK BERSEDIA UNTUK PENGHANTARAN KONKRIT | 2024-04-25 16:40:20+08:00 ',2,'[{\"changed\": {\"fields\": [\"Title\"]}}]',1,3),(347,'2024-05-18 13:45:54.519407','7','identity',1,'[{\"added\": {}}]',19,3),(348,'2024-05-18 13:46:45.589556','7','identity',2,'[{\"changed\": {\"fields\": [\"Staff status\", \"User permissions\"]}}]',19,3),(349,'2024-05-18 13:48:58.388318','7','identity',2,'[{\"changed\": {\"fields\": [\"User permissions\"]}}]',19,3),(350,'2024-05-18 13:51:29.650573','7','identity',2,'[{\"changed\": {\"fields\": [\"User permissions\"]}}]',19,3),(351,'2024-05-22 04:04:06.361481','6','nadhirah',2,'[{\"changed\": {\"fields\": [\"password\"]}}]',19,3),(352,'2024-05-22 04:06:21.382715','6','nadhirah',2,'[{\"changed\": {\"fields\": [\"Groups\", \"User permissions\"]}}]',19,3),(353,'2024-05-26 02:07:53.181276','24','24 | Cara Pengangkutan Konkrit Ready Mix yang Betul | 2024-05-26 02:07:52.887612+00:00 ',1,'[{\"added\": {}}]',1,6),(354,'2024-05-26 02:09:04.557297','24','24 | CARA PENYIMPANAN KONKRIT READY MIX YANG BETUL | 2024-05-26 10:09:00+08:00 ',2,'[{\"changed\": {\"fields\": [\"Title\", \"Date added\"]}}]',1,6),(355,'2024-05-27 00:40:13.848259','24','24 | CARA PENGANGKUTAN KONKRIT READY MIX YANG BETUL | 2024-05-26 10:09:00+08:00 ',2,'[{\"changed\": {\"fields\": [\"Title\"]}}]',1,6),(356,'2024-05-28 06:55:22.301978','7','7 | Kegunaan Kren Dalam Tapak Pembinaan | 2021-08-19 17:28:15+08:00 ',2,'[{\"changed\": {\"fields\": [\"Intro\", \"Body\"]}}]',1,3),(357,'2024-06-06 07:13:27.824193','25','25 | Tips Menangani Kelembapan dalam Konkrit Ready Mix | 2024-06-06 07:13:27.517605+00:00 ',1,'[{\"added\": {}}]',1,6),(358,'2024-06-06 07:17:00.902707','25','25 | TIPS MENANGANI KELEMBAPAN DALAM KONKRIT READY MIX | 2024-06-06 15:16:45+08:00 ',2,'[{\"changed\": {\"fields\": [\"Title\", \"Date added\"]}}]',1,6),(359,'2024-06-11 01:15:35.077353','26','26 | PILIH PEMBEKAL KONKRIT SIAP CAMPUR YANG BOLEH DIPERCAYAI DENGAN 5 LANGKAH MUDAH | 2024-06-11 01:15:34.373793+00:00 ',1,'[{\"added\": {}}]',1,6),(360,'2024-06-11 03:33:27.904786','26','26 | PILIH PEMBEKAL KONKRIT SIAP CAMPUR YANG BOLEH DIPERCAYAI DENGAN 5 LANGKAH MUDAH | 2024-06-11 09:15:34+08:00 ',2,'[{\"changed\": {\"fields\": [\"Body\"]}}]',1,6),(361,'2024-06-11 03:39:23.496296','26','26 | PILIH PEMBEKAL KONKRIT SIAP CAMPUR YANG BOLEH DIPERCAYAI DENGAN 5 LANGKAH MUDAH | 2024-06-11 09:15:34+08:00 ',2,'[{\"changed\": {\"fields\": [\"Body\"]}}]',1,6),(362,'2024-06-11 03:40:02.354445','26','26 | PILIH PEMBEKAL KONKRIT SIAP CAMPUR YANG BOLEH DIPERCAYAI DENGAN 5 LANGKAH MUDAH | 2024-06-11 11:39:56+08:00 ',2,'[{\"changed\": {\"fields\": [\"Date added\"]}}]',1,6),(363,'2024-06-23 07:00:54.473647','27','27 | KONKRIT SIAP CAMPUR BOLEH MELELEH ATAU TERBAKAR? | 2024-06-23 07:00:53.980444+00:00 ',1,'[{\"added\": {}}]',1,6),(364,'2024-07-04 08:15:31.828400','28','28 | 6 Mitos Umum Tentang Konkrit Siap Campur | 2024-07-04 08:15:31.417127+00:00 ',1,'[{\"added\": {}}]',1,6),(365,'2024-07-09 04:16:50.927115','1','Terms and Conditions (Semix Sales)',2,'[{\"changed\": {\"fields\": [\"Body\"]}}]',11,3),(366,'2024-07-09 04:19:48.007517','1','Terms and Conditions of Supply',2,'[{\"changed\": {\"fields\": [\"Title\", \"Body\"]}}]',11,3),(367,'2024-07-09 04:21:07.946944','1','Standard Terms and Conditions',2,'[{\"changed\": {\"fields\": [\"Title\"]}}]',11,3),(368,'2024-07-10 08:15:14.278313','29','29 | KELESTARIAN & KEKUATAN: MANFAAT MESRA ALAM KONKRIT SIAP BANCUH | 2024-07-10 08:15:13.860100+00:00 ',1,'[{\"added\": {}}]',1,6),(369,'2024-07-13 09:07:56.276028','4','TERMS AND CONDITIONS OF SALES',1,'[{\"added\": {}}]',11,3),(370,'2024-07-13 09:10:10.729974','4','TERMS AND CONDITIONS OF SALES',3,'',11,3),(371,'2024-07-15 02:18:01.387584','6','Projek Unisza',2,'[{\"changed\": {\"fields\": [\"Title\", \"Slug\", \"Body\"]}}]',6,3),(372,'2024-07-15 02:18:21.994250','6','Projek Unisza',2,'[{\"changed\": {\"fields\": [\"Location\"]}}]',6,3),(373,'2024-07-15 02:19:13.731601','7','Projek Paip Air Jerteh',2,'[{\"changed\": {\"fields\": [\"Body\"]}}]',6,3),(374,'2024-07-17 03:36:20.131108','13','SEMIX0013-029',2,'Changed by admin',12,3),(375,'2024-07-17 03:36:20.825033','13','SEMIX0013-029',2,'[{\"changed\": {\"fields\": [\"Statuses\"]}}]',12,3),(376,'2024-07-17 04:07:17.400141','1','Standard Terms and Conditions',2,'[{\"changed\": {\"fields\": [\"Body\"]}}]',11,3),(377,'2024-07-17 04:10:20.872913','8','yati@kckok.my',1,'[{\"added\": {}}]',19,3),(378,'2024-07-17 04:11:09.926895','8','yati@kckok.my',2,'[{\"changed\": {\"fields\": [\"First name\", \"Last name\", \"Email address\", \"Active\", \"Staff status\", \"User permissions\"]}}]',19,3),(379,'2024-07-17 04:12:11.962711','8','yati@kckok.my',2,'[{\"changed\": {\"fields\": [\"Active\", \"Last login\"]}}]',19,3),(380,'2024-07-17 04:51:04.755960','1','Standard Terms and Conditions',2,'[{\"changed\": {\"fields\": [\"Body\"]}}]',11,3),(381,'2024-07-17 05:19:09.813002','3','Privacy Policy (Public)',1,'[{\"added\": {}}]',10,3),(382,'2024-07-17 05:19:20.944098','5','Privacy Policy',1,'[{\"added\": {}}]',11,3),(383,'2024-07-17 05:21:09.227737','10','HELLO',1,'[{\"added\": {}}]',11,3),(384,'2024-07-17 05:21:15.660083','5','Privacy Policy',2,'[]',11,3),(385,'2024-07-17 05:22:05.318235','5','Privacy Policy',2,'[{\"changed\": {\"fields\": [\"Body\"]}}]',11,3),(386,'2024-07-17 05:22:23.877344','5','Privacy Policy',2,'[{\"changed\": {\"fields\": [\"Body\"]}}]',11,3),(387,'2024-07-17 05:24:48.248515','5','Privacy Policy',2,'[{\"changed\": {\"fields\": [\"Body\"]}}]',11,3),(388,'2024-07-17 05:25:53.652796','5','Privacy Policy',2,'[{\"changed\": {\"fields\": [\"Body\"]}}]',11,3),(389,'2024-07-17 05:27:34.362162','5','Privacy Policy',2,'[{\"changed\": {\"fields\": [\"Body\"]}}]',11,3),(390,'2024-07-17 05:28:57.230626','5','Privacy Policy',2,'[{\"changed\": {\"fields\": [\"Body\"]}}]',11,3),(391,'2024-07-17 05:30:20.235810','5','Privacy Policy',2,'[{\"changed\": {\"fields\": [\"Body\"]}}]',11,3),(392,'2024-07-17 05:31:20.014728','5','Privacy Policy',2,'[]',11,3),(393,'2024-07-17 05:35:30.743801','5','Privacy Policy',2,'[{\"changed\": {\"fields\": [\"Body\"]}}]',11,3),(394,'2024-07-17 05:35:34.149082','5','Privacy Policy',2,'[]',11,3),(395,'2024-07-17 05:37:39.784106','5','Privacy Policy',2,'[{\"changed\": {\"fields\": [\"Body\"]}}]',11,3),(396,'2024-07-17 05:38:49.730996','5','Privacy Policy',2,'[{\"changed\": {\"fields\": [\"Body\"]}}]',11,3),(397,'2024-07-17 05:39:23.493116','5','Privacy Policy',2,'[{\"changed\": {\"fields\": [\"Body\"]}}]',11,3),(398,'2024-07-17 05:51:33.688461','5','Privacy Policy',2,'[{\"changed\": {\"fields\": [\"Body\"]}}]',11,3),(399,'2024-07-17 05:52:11.641190','10','HELLO',3,'',11,3),(400,'2024-07-17 05:57:24.653634','14','SEMIX0014-394',3,'',12,3),(401,'2024-07-17 06:16:55.827002','1','Standard Terms and Conditions',2,'[{\"changed\": {\"fields\": [\"Body\"]}}]',11,3),(402,'2024-07-17 06:46:35.691738','1','Standard Terms and Conditions',2,'[{\"changed\": {\"fields\": [\"Body\"]}}]',11,3),(403,'2024-07-17 06:53:32.284232','1','Standard Terms and Conditions',2,'[{\"changed\": {\"fields\": [\"Body\"]}}]',11,3),(404,'2024-07-17 06:55:57.596102','1','Standard Terms and Conditions',2,'[{\"changed\": {\"fields\": [\"Body\"]}}]',11,3),(405,'2024-07-17 07:01:10.064893','1','Standard Terms and Conditions',2,'[{\"changed\": {\"fields\": [\"Body\"]}}]',11,3),(406,'2024-07-17 08:13:23.351704','30','30 | Campuran Konkrit: Adakah Lebih Murah untuk Mengadun Sendiri atau Menggunakan Perkhidmatan Penghantaran? | 2024-07-17 08:13:22.871270+00:00 ',1,'[{\"added\": {}}]',1,6),(407,'2024-07-23 04:29:18.503583','1','Standard Terms and Conditions',2,'[{\"changed\": {\"fields\": [\"Body\"]}}]',11,3),(408,'2024-07-23 05:12:23.412334','1','Standard Terms and Conditions',2,'[{\"changed\": {\"fields\": [\"Body\"]}}]',11,3),(409,'2024-07-23 08:17:33.730652','30','30 | Campuran Konkrit: Adakah Lebih Murah untuk Mengadun Sendiri atau Menggunakan Perkhidmatan Penghantaran? | 2024-07-17 16:13:22+08:00 ',2,'[{\"changed\": {\"fields\": [\"Body\"]}}]',1,6),(410,'2024-07-24 07:35:24.791358','31','31 | MENUANG KONKRIT DALAM CUACA PANAS | 2024-07-24 07:35:24.493710+00:00 ',1,'[{\"added\": {}}]',1,6),(411,'2024-07-24 09:14:02.325709','11','General Terms and Conditions (Services)',1,'[{\"added\": {}}]',11,3),(412,'2024-07-24 09:15:14.717626','4','Purchasing',1,'[{\"added\": {}}]',10,3),(413,'2024-07-24 09:15:48.681270','3','KCK GROUP',1,'[{\"added\": {}}]',9,3),(414,'2024-07-24 09:16:04.437370','12','GENERAL CONDITIONS FOR THE SUPPLY OF PRODUCTS AND SERVICES',1,'[{\"added\": {}}]',11,3),(415,'2024-07-24 09:18:19.972215','5','Website Legal',1,'[{\"added\": {}}]',10,3),(416,'2024-07-24 09:18:24.607314','13','WEBSITE TERMS OF USE',1,'[{\"added\": {}}]',11,3),(417,'2024-07-30 08:36:36.729632','32','32 | Konkrit Siap Bancuh vs Konkrit Bancuhan Tapak: Mana yang Lebih Baik? | 2024-07-30 08:36:36.418341+00:00 ',1,'[{\"added\": {}}]',1,6),(418,'2024-08-01 01:59:20.700181','6','Sales Terms (Court Trial)',1,'[{\"added\": {}}]',10,3),(419,'2024-08-01 01:59:27.656294','1','Standard Terms and Conditions',2,'[{\"changed\": {\"fields\": [\"Category\", \"Company\"]}}]',11,3),(420,'2024-08-01 02:10:49.348869','17','TERMS AND CONDITIONS OF SALE',1,'[{\"added\": {}}]',11,3),(421,'2024-08-01 02:14:57.154001','6','nadhirah',2,'[{\"changed\": {\"fields\": [\"Active\"]}}]',19,3),(422,'2024-08-01 02:25:45.133669','17','TERMS AND CONDITIONS OF SALE',2,'[{\"changed\": {\"fields\": [\"Body\"]}}]',11,3),(423,'2024-08-01 02:27:51.590287','17','TERMS AND CONDITIONS OF SALE',2,'[{\"changed\": {\"fields\": [\"Body\"]}}]',11,3),(424,'2024-08-01 07:45:12.670005','1','Standard Terms and Conditions',2,'[{\"changed\": {\"fields\": [\"Category\", \"Company\"]}}]',11,3),(425,'2024-08-06 08:15:09.101079','17','TERMS AND CONDITIONS OF SALE',2,'[{\"changed\": {\"fields\": [\"Body\"]}}]',11,3),(426,'2024-08-06 08:15:11.732191','17','TERMS AND CONDITIONS OF SALE',2,'[]',11,3),(427,'2024-08-07 02:18:53.130078','17','TERMS AND CONDITIONS OF SALE',2,'[{\"changed\": {\"fields\": [\"Body\"]}}]',11,3),(428,'2024-09-05 05:53:26.433058','1','Standard Terms and Conditions',2,'[{\"changed\": {\"fields\": [\"Body\"]}}]',11,3),(429,'2024-09-05 05:55:09.430859','17','TERMS AND CONDITIONS OF SALE',2,'[{\"changed\": {\"fields\": [\"Body\"]}}]',11,3),(430,'2024-09-08 06:33:47.665520','18','GENERAL PURCHASE ORDER TERMS AND CONDITIONS',1,'[{\"added\": {}}]',11,3);

--
-- Table structure for table `django_content_type`
--

CREATE TABLE `django_content_type` (
  `id` int NOT NULL AUTO_INCREMENT,
  `app_label` varchar(100) NOT NULL,
  `model` varchar(100) NOT NULL,
  PRIMARY KEY (`id`),
  UNIQUE KEY `django_content_type_app_label_model_76bd3d3b_uniq` (`app_label`,`model`)
) ENGINE=InnoDB AUTO_INCREMENT=29 DEFAULT CHARSET=utf8mb4 COLLATE=utf8mb4_0900_ai_ci;

--
-- Dumping data for table `django_content_type`
--

INSERT INTO `django_content_type` VALUES (16,'admin','logentry'),(18,'auth','group'),(17,'auth','permission'),(19,'auth','user'),(20,'contenttypes','contenttype'),(26,'django_summernote','attachment'),(1,'kck2021','article'),(2,'kck2021','articlecategories'),(24,'kck2021','blog'),(4,'kck2021','career'),(9,'kck2021','company'),(3,'kck2021','department'),(23,'kck2021','email'),(12,'kck2021','identityregister'),(14,'kck2021','identityregisterchangelog'),(13,'kck2021','identitystatus'),(5,'kck2021','job'),(8,'kck2021','jobtype'),(11,'kck2021','legal'),(10,'kck2021','legalcategory'),(25,'kck2021','post'),(6,'kck2021','project'),(27,'kck2021','projectimage'),(7,'kck2021','projectimages'),(15,'kck2021','reuploadtoken'),(28,'kck2021','text'),(21,'sessions','session'),(22,'sites','site');

--
-- Table structure for table `django_migrations`
--

CREATE TABLE `django_migrations` (
  `id` bigint NOT NULL AUTO_INCREMENT,
  `app` varchar(255) NOT NULL,
  `name` varchar(255) NOT NULL,
  `applied` datetime(6) NOT NULL,
  PRIMARY KEY (`id`)
) ENGINE=InnoDB AUTO_INCREMENT=96 DEFAULT CHARSET=utf8mb4 COLLATE=utf8mb4_0900_ai_ci;

--
-- Dumping data for table `django_migrations`
--

INSERT INTO `django_migrations` VALUES (1,'contenttypes','0001_initial','2024-02-18 06:36:52.300264'),(2,'auth','0001_initial','2024-02-18 06:36:53.630028'),(3,'admin','0001_initial','2024-02-18 06:36:54.001607'),(4,'admin','0002_logentry_remove_auto_add','2024-02-18 06:36:54.064750'),(5,'admin','0003_logentry_add_action_flag_choices','2024-02-18 06:36:54.127265'),(6,'contenttypes','0002_remove_content_type_name','2024-02-18 06:36:54.406632'),(7,'auth','0002_alter_permission_name_max_length','2024-02-18 06:36:54.554736'),(8,'auth','0003_alter_user_email_max_length','2024-02-18 06:36:54.663696'),(9,'auth','0004_alter_user_username_opts','2024-02-18 06:36:54.725662'),(10,'auth','0005_alter_user_last_login_null','2024-02-18 06:36:54.881235'),(11,'auth','0006_require_contenttypes_0002','2024-02-18 06:36:54.939172'),(12,'auth','0007_alter_validators_add_error_messages','2024-02-18 06:36:55.003793'),(13,'auth','0008_alter_user_username_max_length','2024-02-18 06:36:55.161838'),(14,'auth','0009_alter_user_last_name_max_length','2024-02-18 06:36:55.317601'),(15,'auth','0010_alter_group_name_max_length','2024-02-18 06:36:55.420447'),(16,'auth','0011_update_proxy_permissions','2024-02-18 06:36:55.561683'),(17,'auth','0012_alter_user_first_name_max_length','2024-02-18 06:36:55.714764'),(18,'kck2021','0001_initial','2024-02-18 06:36:55.828599'),(19,'kck2021','0002_auto_20210808_0918','2024-02-18 06:36:55.975527'),(20,'kck2021','0003_auto_20210808_0924','2024-02-18 06:36:56.199656'),(21,'kck2021','0004_auto_20210808_1405','2024-02-18 06:36:56.421561'),(22,'kck2021','0005_rename_blogging_post','2024-02-18 06:36:56.636830'),(23,'kck2021','0006_auto_20210808_1410','2024-02-18 06:36:57.131789'),(24,'kck2021','0007_alter_blog_author','2024-02-18 06:36:57.193670'),(25,'kck2021','0008_auto_20210808_1441','2024-02-18 06:36:57.421802'),(26,'kck2021','0009_auto_20210809_0659','2024-02-18 06:36:58.050629'),(27,'kck2021','0010_auto_20210812_1554','2024-02-18 06:36:58.401369'),(28,'kck2021','0011_auto_20210812_1602','2024-02-18 06:36:58.574645'),(29,'kck2021','0012_auto_20210812_1606','2024-02-18 06:36:58.636616'),(30,'kck2021','0013_job_project','2024-02-18 06:36:59.031347'),(31,'kck2021','0014_auto_20210815_1714','2024-02-18 06:36:59.764410'),(32,'kck2021','0015_project_introimage','2024-02-18 06:36:59.912769'),(33,'kck2021','0016_rename_intro_project_projectintro','2024-02-18 06:37:00.033293'),(34,'kck2021','0017_remove_project_introimage','2024-02-18 06:37:00.143410'),(35,'kck2021','0018_auto_20210816_2245','2024-02-18 06:37:00.516614'),(36,'kck2021','0019_auto_20210816_2252','2024-02-18 06:37:00.594390'),(37,'kck2021','0020_auto_20210816_2255','2024-02-18 06:37:00.670416'),(38,'kck2021','0021_auto_20210816_2257','2024-02-18 06:37:00.745284'),(39,'kck2021','0022_auto_20210816_2301','2024-02-18 06:37:00.823748'),(40,'kck2021','0023_project_openingimage','2024-02-18 06:37:00.974409'),(41,'kck2021','0024_auto_20210825_0126','2024-02-18 06:37:01.541948'),(42,'kck2021','0025_alter_career_timeadded','2024-02-18 06:37:01.604960'),(43,'kck2021','0026_alter_career_timeadded','2024-02-18 06:37:01.663792'),(44,'kck2021','0027_alter_career_timeadded','2024-02-18 06:37:01.724291'),(45,'kck2021','0028_auto_20210825_1642','2024-02-18 06:37:01.917662'),(46,'kck2021','0029_alter_career_time','2024-02-18 06:37:02.064845'),(47,'kck2021','0030_auto_20210825_1701','2024-02-18 06:37:02.259635'),(48,'kck2021','0031_alter_career_timeadded','2024-02-18 06:37:02.438211'),(49,'kck2021','0032_remove_career_timeadded','2024-02-18 06:37:02.547361'),(50,'kck2021','0033_career_timeadded','2024-02-18 06:37:02.699168'),(51,'kck2021','0034_alter_career_timeadded','2024-02-18 06:37:02.758791'),(52,'kck2021','0035_alter_career_timeadded','2024-02-18 06:37:02.821331'),(53,'kck2021','0036_alter_career_timeadded','2024-02-18 06:37:02.881331'),(54,'kck2021','0037_alter_career_timeadded','2024-02-18 06:37:02.941198'),(55,'kck2021','0038_auto_20210825_2233','2024-02-18 06:37:03.088293'),(56,'kck2021','0039_auto_20210825_2236','2024-02-18 06:37:03.196817'),(57,'kck2021','0040_alter_career_timeadded','2024-02-18 06:37:03.258454'),(58,'kck2021','0041_alter_career_timeadded','2024-02-18 06:37:03.321499'),(59,'kck2021','0042_alter_career_timeadded','2024-02-18 06:37:03.381498'),(60,'kck2021','0043_alter_career_timeadded','2024-02-18 06:37:03.542735'),(61,'kck2021','0044_auto_20221014_1745','2024-02-18 06:37:03.799086'),(62,'kck2021','0045_rename_projectimages_project_photos','2024-02-18 06:37:04.245976'),(63,'kck2021','0046_alter_career_timeadded','2024-02-18 06:37:04.306982'),(64,'kck2021','0047_remove_project_fifthimage_remove_project_firstimage_and_more','2024-02-18 06:37:04.887271'),(65,'kck2021','0048_remove_project_photos_alter_projectimage_images_and_more','2024-02-18 06:37:05.278332'),(66,'kck2021','0049_alter_article_body_alter_project_projectintro','2024-02-18 06:37:05.339745'),(67,'kck2021','0050_alter_project_projectintro','2024-02-18 06:37:05.400450'),(68,'kck2021','0051_text','2024-02-18 06:37:05.511674'),(69,'kck2021','0052_remove_article_day_remove_article_month_and_more','2024-02-18 06:37:06.034494'),(70,'kck2021','0053_rename_projectimage_projectimages_and_more','2024-02-18 06:37:06.305489'),(71,'kck2021','0054_projectimages_created_at_projectimages_description','2024-02-18 06:37:06.545033'),(72,'kck2021','0055_jobtype_delete_text_career_jobtypes','2024-02-18 06:37:07.046172'),(73,'kck2021','0056_remove_career_estimatedsalary_career_link','2024-02-18 06:37:07.251748'),(74,'kck2021','0057_remove_career_imagelogo','2024-02-18 06:37:07.361270'),(75,'kck2021','0058_company_legalcategory_legal','2024-02-18 06:37:07.871909'),(76,'kck2021','0059_alter_legal_company','2024-02-18 06:37:07.932429'),(77,'kck2021','0060_alter_legal_company','2024-02-18 06:37:08.393761'),(78,'kck2021','0061_alter_legal_options','2024-02-18 06:37:08.453805'),(79,'kck2021','0062_alter_legal_category','2024-02-18 06:37:09.157575'),(80,'kck2021','0063_identityregister_alter_article_options_and_more','2024-02-18 06:37:09.295576'),(81,'kck2021','0064_identityregister_name_and_more','2024-02-18 06:37:09.615844'),(82,'kck2021','0065_alter_identityregister_reference_code','2024-02-18 06:37:09.805622'),(83,'kck2021','0066_identityregister_description','2024-02-18 06:37:09.958322'),(84,'kck2021','0067_identitystatus_remove_identityregister_description_and_more','2024-02-18 06:37:10.456450'),(85,'kck2021','0068_alter_identityregister_options_and_more','2024-02-18 06:37:10.519653'),(86,'kck2021','0069_identityregisterchangelog','2024-02-18 06:37:10.877720'),(87,'kck2021','0070_alter_identityregister_back_and_more','2024-02-18 06:37:11.150010'),(88,'sessions','0001_initial','2024-02-18 06:37:11.335243'),(89,'sites','0001_initial','2024-02-18 06:37:11.447428'),(90,'sites','0002_alter_domain_unique','2024-02-18 06:37:11.553546'),(91,'kck2021','0071_alter_identityregister_reference_code','2024-02-18 07:06:18.778058'),(92,'kck2021','0063_auto_20240218_1258','2024-02-18 11:40:42.539968'),(93,'kck2021','0064_auto_20240218_1259','2024-05-05 04:29:40.530415'),(94,'kck2021','0072_merge_20240218_1940','2024-05-05 04:29:57.079310'),(95,'kck2021','0073_auto_20240505_1225','2024-05-05 04:29:57.836478');

--
-- Table structure for table `django_site`
--

CREATE TABLE `django_site` (
  `id` int NOT NULL AUTO_INCREMENT,
  `domain` varchar(100) NOT NULL,
  `name` varchar(50) NOT NULL,
  PRIMARY KEY (`id`),
  UNIQUE KEY `django_site_domain_a2e37b91_uniq` (`domain`)
) ENGINE=InnoDB AUTO_INCREMENT=2 DEFAULT CHARSET=utf8mb4 COLLATE=utf8mb4_0900_ai_ci;

--
-- Dumping data for table `django_site`
--

INSERT INTO `django_site` VALUES (1,'kckok.my','kckok.my');

--
-- Table structure for table `kck2021_article`
--

CREATE TABLE `kck2021_article` (
  `id` bigint NOT NULL AUTO_INCREMENT,
  `title` varchar(255) NOT NULL,
  `slug` varchar(255) NOT NULL,
  `thumbnail` varchar(100) NOT NULL,
  `author` varchar(255) NOT NULL,
  `intro` longtext NOT NULL,
  `body` longtext NOT NULL,
  `date_added` datetime(6) NOT NULL,
  `updated_date` datetime(6) NOT NULL,
  PRIMARY KEY (`id`),
  KEY `kck2021_article_slug_f1fef7b9` (`slug`)
) ENGINE=InnoDB AUTO_INCREMENT=33 DEFAULT CHARSET=utf8mb4 COLLATE=utf8mb4_0900_ai_ci;

--
-- Dumping data for table `kck2021_article`
--

INSERT INTO `kck2021_article` VALUES (7,'Kegunaan Kren Dalam Tapak Pembinaan','kegunaan-kren','static/img/blog/crane.jpeg','Delvin','Kegunaan kren dalam tapak pembinaan','<p><span style=\"font-family:verdana,geneva,sans-serif\">Kren adalah mesin yang digunakan untuk mengangkat dan memindahkan beban berat, mesin, bahan, dan barang untuk pelbagai tujuan. Mereka digunakan di semua sektor industri yang berbeza, dari pembinaan hingga pembuatan hingga pembuatan kapal dan pemuatan bahan. Kren biasa di sepanjang langit kerana diperlukan untuk membina bangunan pencakar langit yang sering kita lihat di bandar-bandar kita sekarang.</span></p>\r\n\r\n<p><span style=\"font-family:verdana,geneva,sans-serif\"><img alt=\"Mobile Cranes:Types of Mobile Cranes | Elebia Blog | Elebia\" src=\"https://elebia.com/wp-content/uploads/2020/07/type-of-mobile-cranes.jpg\" style=\"width:100%\" /></span></p>\r\n\r\n<p><span style=\"font-family:verdana,geneva,sans-serif\">Mesin besar ini digunakan untuk menggerakkan, mengangkat, menurunkan dan menaikkan objek. Kren telah menjadi <u><a href=\"https://www.dosh.gov.my/index.php/ms/construction-safety/lifting-works\" title=\"Kegunaan Kren\">mekanisme</a> </u>terpenting di tapak pembinaan. Kren ini yang biasanya berfungsi dengan kerekan, rantai, wayar dan tali tidak hanya berkesan tetapi menjadikan kerja lebih mudah untuk unjuran kerja. Mengusahakan di tapak pembinaan selalu dianggap berbahaya, tetapi berkat perkembangan teknologi dan inovasi, ia membantu mesin memudahkan kehidupan pekerja.</span></p>\r\n\r\n<pre>\r\n\r\n&nbsp;</pre>\r\n\r\n<p><span style=\"font-family:verdana,geneva,sans-serif\">Kren adalah bahagian besar dalam mengangkat mekanisme dan memainkan peranan penting dalam projek ini secara keseluruhan. Mereka dapat membantu mengangkut bahan ke lokasi dan arah yang berbeza.</span></p>\r\n\r\n<pre>\r\n\r\n&nbsp;</pre>\r\n\r\n<p><span style=\"font-family:verdana,geneva,sans-serif\">Hari ini, <a href=\"http://my.bridgecranemanufacturer.com/info/what-is-the-crane-23760657.html\" title=\"Mengetahui ilmu kren dengan mendalam\">kren <u>teknologi</u></a> canggih menggunakan sistem hidraulik, enjin pembakaran dalaman dan motor elektrik dengan keupayaan yang ditingkatkan untuk pengendali. Setiap kren mempunyai ciri dan kegunaan khusus, tetapi berguna dalam proses pembinaan. Sama ada membina jambatan, jalan atau struktur lain, selalu ada kren khusus yang dapat menyelesaikan pekerjaan tertentu itu. Jenis kren yang berbeza dapat disewa mengikut keperluan. Dari kren JIB kecil untuk bekerja di dalam kilang hingga kren menara untuk membina bangunan tinggi.&nbsp;</span></p>\r\n\r\n<p><span style=\"font-family:verdana,geneva,sans-serif\">Kren tidak hanya penting untuk industri pembinaan; menggerakkan bahan berat, memuat dan memunggah tetapi juga peralatan penting yang digunakan dalam pelbagai sektor seperti perlombongan, laut, penerbangan awam dan banyak lagi!</span></p>\r\n\r\n<p>&nbsp;</p>\r\n\r\n<p><span style=\"font-family:verdana,geneva,sans-serif\"><img alt=\"Free download MOBILE CRANE construction truck semi tractor ariel cranes  boom [2041x1361] for your Desktop, Mobile &amp;amp; Tablet | Explore 33+ Crane  Background | Crane Background,\" src=\"https://img.wallpapersafari.com/desktop/1680/1050/70/10/VpLmGn.jpg\" style=\"width:100%\" /></span></p>\r\n\r\n<hr />\r\n<p><span style=\"font-family:verdana,geneva,sans-serif; font-size:14pt\">Di <a href=\"kckok.my\">KCK</a>, kami menpunyai produk KCK Kren dengan menawarkan pelbagai jenis penyelesaian angkat yang sesuai untuk projek anda. Dari penyewaan kren bergerak, projek mengangkat berat hingga penambangan. Lawati laman web kami untuk maklumat lebih lanjut dan tanyakan secara dalam talian untuk sebut harga!Hubungi kami untuk mengatur penghantaran anda pada hari yang sama atau berikutnya - kami dengan senang hati memberikan nasihat yang mesra.</span></p>','2021-08-19 09:28:15.000000','2024-05-28 06:55:22.103132'),(8,'Mengapakah anda harus memilih simen konkrit?','faedah-simen-konkrit','static/img/blog/concrete.jpeg','Delvin','Konkrit, atau sering dipanggil sebagai simen adalah bahan yang popular untuk banyak aplikasi pembinaan, dan ia digunakan secara meluas kerana kekuatan, ketahanan dan keserbagunaannya. Properti ini menjadikannya pilihan yang kukuh dan tahan lama untuk banyak tetapan domestik dan komersial.\r\n\r\nJadi, apakah faedah utama konkrit/simen?','<p style=\"line-height: 1.4;\"><span style=\"font-size: 14pt;\">Konkrit, atau sering dipanggil sebagai simen adalah bahan yang popular untuk banyak aplikasi pembinaan, dan ia digunakan secara meluas kerana kekuatan, ketahanan dan keserbagunaannya. Properti ini menjadikannya pilihan yang kukuh dan tahan lama untuk banyak tetapan domestik dan komersial.</span></p>\r\n<p style=\"line-height: 1.4;\"><span style=\"font-size: 14pt;\">Jadi, apakah faedah utama konkrit/simen?</span></p>\r\n<p style=\"line-height: 1.4;\"><img src=\"https://images.unsplash.com/photo-1577304506785-3b16dda12973?ixid=MnwxMjA3fDB8MHxzZWFyY2h8Mzd8fGNlbWVudHxlbnwwfHwwfHw%3D&amp;ixlib=rb-1.2.1&amp;w=1000&amp;q=80\" alt=\"gray bricks wall\" width=\"100%\" height=\"100%\" /></p>\r\n<p style=\"line-height: 1.4;\"><span style=\"background-color: #fbeeb8; font-size: 14pt;\"><strong>Kekuatan</strong></span></p>\r\n<p style=\"line-height: 1.4;\"><span style=\"font-weight: 400; font-size: 14pt;\">Konkrit terkenal dengan kekuatan tinggi. Tahap kekuatan dapat disesuaikan untuk memenuhi keperluan projek tertentu dengan mengubah nisbah air, simen dan agregat. Hebatnya, konkrit menguat dari tahun ke tahun - ini disebabkan kemampuan komponen simen untuk membentuk ikatan dengan zarah kelembapan di sekitarnya.</span></p>\r\n<p style=\"line-height: 1.4;\"><span style=\"background-color: #fbeeb8; font-size: 14pt;\"><strong>Ketahanan</strong></span></p>\r\n<p style=\"line-height: 1.4;\"><span style=\"font-weight: 400; font-size: 14pt;\">Sifat konkrit yang tidak tahan lasak menjadikannya pilihan bahan tahan lama. Ia menahan hakisan, kebakaran, busuk dan juga karat. memerlukan penyelenggaraan dan pembaikan minimum. Sesungguhnya, konkrit mempunyai jangka hayat yang melebihi banyak jenis bahan binaan lain.</span></p>\r\n<p style=\"line-height: 1.4;\"><span style=\"background-color: #fbeeb8; font-size: 14pt;\"><strong>Refleksi Haba</strong></span></p>\r\n<p style=\"line-height: 1.4;\"><span style=\"font-weight: 400; font-size: 14pt;\">Konkrit memantulkan haba berbanding menyerapnya. Keupayaan memantulkan haba yang bermanfaat ini membantu menyejukkan bangunan, mengurangkan penggunaan sistem penyaman udara, dan dengan itu menjimatkan tenaga. Memperluas ini, konkrit juga berguna untuk mengurangkan kesan pulau panas bandar - ini ditakrifkan sebagai kawasan bandar yang lebih panas daripada kawasan luar bandar kerana manusia mengubah permukaan tanah semula jadi.&nbsp;</span></p>\r\n<p style=\"line-height: 1.4;\"><span style=\"background-color: #fbeeb8; font-size: 14pt;\"><strong>Keserbagunaan</strong></span></p>\r\n<p style=\"line-height: 1.4;\"><span style=\"font-weight: 400; font-size: 14pt;\">Apa pun aplikasinya, konkrit telah membuktikan nilai dan kelenturannya dari semasa ke semasa. Fleksibiliti yang luar biasa menjadikannya berguna untuk pelbagai kegunaan, termasuk: jalan raya, bangunan, jalan masuk, lebuh raya, laluan, garaj, beranda dan banyak lagi. Bukan hanya itu, ia juga boleh dicampurkan untuk menghasilkan kekuatan yang berbeza-beza, menjadikannya berguna untuk lebuh raya terbesar ke jalan kebun terkecil. Selain itu, konkrit juga boleh dipotong menjadi pelbagai bentuk dan ukuran untuk memungkinkan kemungkinan reka bentuk yang tidak terhad.</span></p>\r\n<p style=\"line-height: 1.4;\"><span style=\"background-color: #fbeeb8; font-size: 14pt;\"><strong>Faedah Alam Sekitar</strong></span></p>\r\n<p style=\"line-height: 1.4;\"><span style=\"font-weight: 400; font-size: 14pt;\">Tahukah anda bahawa konkrit mempunyai sejumlah faedah alam sekitar? Kuat dan kukuh, konkrit dapat menahan bencana alam, mengelakkan keperluan menggunakan bahan tambahan untuk pembaikan. Konkrit sering dicampurkan dari bahan sumber tempatan, dan oleh itu memerlukan pengangkutan dan sumber daya yang minimum untuk mendapatkannya dari A ke B. Dan pada akhir hayatnya, konkrit dapat dikitar semula dan digunakan semula, seterusnya memperluas jangka hayat semula jadi.</span></p>\r\n<hr />\r\n<p style=\"line-height: 1.4;\"><span style=\"font-weight: 400; font-size: 14pt;\"><img src=\"https://www.google.com/maps/uv?pb=!1s0x31b6f2be4a054291%3A0xa78c11ece24fe812!3m1!7e115!4shttps%3A%2F%2Flh5.googleusercontent.com%2Fp%2FAF1QipMyouVdEcX1houenRF_NwIbiYTwgnGlsNO-Ax0H%3Dw426-h320-k-no!5skck%20kok%20engineering%20-%20Google%20Search!15sCgIgAQ&amp;imagekey=!1e10!2sAF1QipMyouVdEcX1houenRF_NwIbiYTwgnGlsNO-Ax0H&amp;hl=en&amp;sa=X&amp;ved=2ahUKEwjwpfv7rr3yAhW1wTgGHXkuCTwQoiowFXoECFsQAw&amp;cshid=1629385771144361\" alt=\"\" width=\"NaN\" height=\"NaN\" /><img src=\"https://www.kckok.my/images/service1.jpg\" alt=\"KCK Kok Engineering\" width=\"762\" height=\"572\" /><img src=\"https://images.app.goo.gl/RBRDH8uDidHQBFjH9\" alt=\"\" /></span></p>\r\n<p style=\"line-height: 1.4;\"><span style=\"font-weight: 400; font-size: 14pt;\"><span style=\"font-weight: 400;\"><a style=\"text-decoration: underline;\" title=\"Website KCK\" href=\"kckok.my\">KCK KOK ENGINEERING </a>menawarkan product KCK ReadyMix dengan perkhidmatannya pantas dan fleksibel untuk menjadikan projek anda tidak dapat dilaksanakan. Apa sahaja campuran konkrit yang anda perlukan, kami dapat membuat dan menyampaikan produk akhir yang memenuhi kehendak projek anda. Dengan menggunakan sistem pencampuran di lokasi kami, kami menjamin hanya memberikan jumlah tepat yang anda perlukan - tidak lebih dan tidak kurang. Hubungi kami untuk mengatur penghantaran anda pada hari yang sama atau berikutnya - kami dengan senang hati memberikan nasihat yang mesra.</span></span></p>','2021-08-19 14:35:20.000000','2023-07-02 08:58:58.071000'),(9,'Kepentingan Struktur Dalam Pembangunan','kepentingan-bentuk-struktur-dalam-pembangunan','static/img/blog/structure.png','Delvin','Pada masa ini, kepentingan penyusunan struktur dan reka bentuk struktur meningkat dalam industri pembinaan. Tetapi apakan kepentingannya?','<p style=\"line-height: 1.4;\"><span style=\"font-weight: 400; font-size: 14pt;\"><img src=\"https://images.unsplash.com/photo-1530863506128-dc9eb5c3e0fc?ixid=MnwxMjA3fDB8MHxwaG90by1wYWdlfHx8fGVufDB8fHx8&amp;ixlib=rb-1.2.1&amp;auto=format&amp;fit=crop&amp;w=1000&amp;q=80\" alt=\"worm\'s-eye view photography of rebar\" width=\"100%\" /></span></p>\r\n<p style=\"line-height: 1.4;\"><span style=\"font-size: 14pt;\"><span style=\"font-weight: 400;\">P</span><span style=\"font-weight: 400;\">ada masa ini, kepentingan penyusunan struktur dan reka bentuk struktur meningkat dalam industri pembinaan. Pada masa lalu, tidak ada kaedah yang tersedia yang menjamin hasil yang tepat, tetapi keperluannya adalah ibu ciptaan, Oleh itu jurutera struktur telah memperkenalkan reka bentuk struktur dan reka bentuk struktur. Kedua-duanya telah memperoleh reputasi yang unik kerana kedua-dua teknik ini mempunyai tujuan yang berbeza. Beritahu kami secara ringkas kedua-dua teknologi.</span></span></p>\r\n<p style=\"line-height: 1.4;\"><span style=\"font-weight: 400; font-size: 14pt;\">Dalam kaedah ini, draf lelaki menilai lakaran dan gambar yang dibuat dengan tangan dalam format yang tepat yang memberikan idea yang lebih baik mengenai bangunan masa depan mereka. Ia dapat didefinisikan sebagai realisasi rancangan persembahan untuk gambar yang disediakan. Ini adalah perkhidmatan kejuruteraan struktur sebenar yang banyak digunakan untuk pembinaan. Untuk lukisan struktur, teknik 2D juga banyak digunakan. AutoCAD adalah perisian terpenting yang digunakan untuk reka bentuk struktur 2D.</span></p>\r\n<p style=\"line-height: 1.4;\"><span style=\"font-weight: 400; font-size: 14pt;\">Semasa menggunakannya, draf lelaki juga mengira dimensi beberapa komponen dan mesti dilakukan dengan ketepatan maksimum. Hanya perisian komputer yang menjamin ketepatan maksimum. Kedua-dua teknik ini digunakan untuk beberapa jenis pengembangan struktur yang dijelaskan di bawah:</span></p>\r\n<ul>\r\n<li><span style=\"font-weight: 400; font-size: 14pt; background-color: #fbeeb8;\">1) Bangunan bertingkat tinggi</span></li>\r\n<li><span style=\"font-weight: 400; font-size: 14pt; background-color: #fbeeb8;\">2) Konfigurasi industri</span></li>\r\n<li><span style=\"font-weight: 400; font-size: 14pt; background-color: #fbeeb8;\">3) Bangunan komersial</span></li>\r\n<li><span style=\"font-weight: 400; font-size: 14pt; background-color: #fbeeb8;\">4) Bangunan kediaman</span></li>\r\n<li><span style=\"font-size: 14pt; background-color: #fbeeb8;\"><span style=\"font-weight: 400;\">5) </span>Bangunan yang dibaik pulih</span></li>\r\n<li><span style=\"font-weight: 400; font-size: 14pt; background-color: #fbeeb8;\">6) Pencakar langit, terowong, jambatan, dan lain-lain</span></li>\r\n</ul>\r\n<p>&nbsp;</p>\r\n<p style=\"line-height: 1.4;\"><span style=\"font-weight: 400; font-size: 14pt;\">Pangkalan infrastruktur yang sangat baik dapat menimbulkan kesan unik bagi mana-mana negara, jadi semua negara mencari bangunan yang tepat. Reka bentuk struktur juga merupakan aspek penting untuk pembinaan yang tepat. Reka bentuk struktur memberikan maklumat yang paling berharga mengenai pembinaan. Untuk pelbagai tujuan, ia digunakan seperti yang dijelaskan di bawah:</span></p>\r\n<ul>\r\n<li><span style=\"font-weight: 400; font-size: 14pt; background-color: #fbeeb8;\">1) Struktur konkrit bertetulang</span></li>\r\n<li><span style=\"font-weight: 400; font-size: 14pt; background-color: #fbeeb8;\">2) Struktur prategang dan pasca tegangan</span></li>\r\n<li><span style=\"font-size: 14pt; background-color: #fbeeb8;\">3) Rasuk plat keluli struktur, gelang kisi, gantri</span></li>\r\n<li><span style=\"font-weight: 400; font-size: 14pt; background-color: #fbeeb8;\">4) Struktur kayu</span></li>\r\n<li><span style=\"font-weight: 400; font-size: 14pt; background-color: #fbeeb8;\">5) Struktur komposit</span></li>\r\n<li><span style=\"font-weight: 400; font-size: 14pt; background-color: #fbeeb8;\">6) Reka bentuk struktur penggantian</span></li>\r\n</ul>\r\n<p style=\"line-height: 1.4;\">&nbsp;</p>\r\n<p style=\"line-height: 1.4;\"><span style=\"font-size: 14pt;\"><span style=\"font-weight: 400;\">Pendek kata, perancangan struktur yang optimum memberi:</span></span></p>\r\n<ul>\r\n<li><span style=\"font-weight: 400; font-size: 14pt; background-color: #fbeeb8;\">1) Fleksibiliti kepada arkitek untuk perincian kecil</span></li>\r\n<li><span style=\"font-weight: 400; font-size: 14pt; background-color: #fbeeb8;\">2) Menyokong ketidaktentuan struktur untuk menyediakan banyak jalan untuk perkongsian beban dan masa untuk melarikan diri sekiranya berlaku gempa.</span></li>\r\n<li><span style=\"font-weight: 400; font-size: 14pt; background-color: #fbeeb8;\">3) Memberi kemudahan dan kesenangan yang sewajarnya kepada penghuninya.</span></li>\r\n</ul>\r\n<hr />\r\n<p style=\"line-height: 1.4;\"><span style=\"font-size: 14pt;\"><img src=\"https://images.unsplash.com/photo-1516174881421-64f2583616a6?ixlib=rb-1.2.1&amp;ixid=MnwxMjA3fDB8MHxwaG90by1wYWdlfHx8fGVufDB8fHx8&amp;auto=format&amp;fit=crop&amp;w=1000&amp;q=80\" alt=\"aerial view photography of building\" width=\"100%\" /></span></p>\r\n<p style=\"line-height: 1.4;\">&nbsp;</p>\r\n<p style=\"line-height: 1.4;\"><span style=\"font-weight: 400; font-size: 14pt;\">Anda boleh menghubungi syarikat <a href=\"kckok.my\">KCK</a> profesional dengan mudah yang menawarkan reka bentuk struktur ataupun bahan bahan seperti konkrit yang dapat mengukuhkan bentuk bangunan. Dengan berbuat demikian, anda dapat menjimatkan masa dan kos berharga anda dan dapat menggunakannya dalam perkara lain. </span></p>','2021-08-20 08:46:53.000000','2023-07-02 08:58:58.071000'),(10,'Apakah fabrikasi logam?','definisi-fabrikasi-logam','static/img/blog/fab.jpeg','Delvin','Pembuatan logam adalah proses membina mesin dan struktur dari bahan logam mentah. Prosesnya merangkumi pemotongan, pembakaran, pengelasan, pemesinan, pembentukan, dan pemasangan untuk membuat produk akhir.','<p><span style=\"font-family:verdana,geneva,sans-serif\">Pembuatan logam adalah proses membina mesin dan struktur dari bahan logam mentah. Prosesnya merangkumi pemotongan, pembakaran, pengelasan, pemesinan, pembentukan, dan pemasangan untuk membuat produk akhir.</span></p>\r\n\r\n<p><img alt=\"man wearing yellow hard hat holding angle grinder\" src=\"https://images.unsplash.com/photo-1529479627062-5f1f0b88912a?ixid=MnwxMjA3fDB8MHxwaG90by1wYWdlfHx8fGVufDB8fHx8&amp;ixlib=rb-1.2.1&amp;auto=format&amp;fit=crop&amp;w=1000&amp;q=80\" style=\"width:100%\" /></p>\r\n\r\n<p><span style=\"font-family:verdana,geneva,sans-serif\">Projek fabrikasi logam merangkumi segalanya dari pagar tangan hingga peralatan dan mesin berat. Subsektor tertentu merangkumi alat makan dan alat tangan; logam seni bina dan struktur; pembuatan perkakasan; pembuatan spring dan wayar; pembuatan skru, mur, dan bolt; dan penempaan dan penandaan.</span></p>\r\n\r\n<p><span style=\"font-family:verdana,geneva,sans-serif\"><img alt=\"silver and black power tool\" src=\"https://images.unsplash.com/photo-1599728613885-bc908f9d6d04?ixlib=rb-1.2.1&amp;ixid=MnwxMjA3fDB8MHxwaG90by1wYWdlfHx8fGVufDB8fHx8&amp;auto=format&amp;fit=crop&amp;w=1000&amp;q=80\" style=\"width:100%\" /><img src=\"https://images.unsplash.com/photo-1609348632802-b952f368fc3a?ixid=MnwxMjA3fDB8MHxwaG90by1wYWdlfHx8fGVufDB8fHx8&amp;ixlib=rb-1.2.1&amp;auto=format&amp;fit=crop&amp;w=1000&amp;q=80\" style=\"width:50%\" /><img alt=\"man welding a black metal\" src=\"https://images.unsplash.com/photo-1531053326607-9d349096d887?ixlib=rb-1.2.1&amp;ixid=MnwxMjA3fDB8MHxwaG90by1wYWdlfHx8fGVufDB8fHx8&amp;auto=format&amp;fit=crop&amp;w=1000&amp;q=80\" style=\"width:50%\" /><img alt=\"man using cut off saw\" src=\"https://images.unsplash.com/photo-1521248455645-c8f3958ff769?ixid=MnwxMjA3fDB8MHxwaG90by1wYWdlfHx8fGVufDB8fHx8&amp;ixlib=rb-1.2.1&amp;auto=format&amp;fit=crop&amp;w=1000&amp;q=80\" style=\"height:0px; width:50%\" /></span></p>\r\n\r\n<p><span style=\"font-family:verdana,geneva,sans-serif\">Perkara pertama ketika kita memikirkan produk logam di sekitar kita adalah kenderaan yang kita sayangi dan bahagiannya. Tidak ada keraguan bahawa fabrikasi logam memainkan peranan penting dalam industri automobil, tetapi itu bukan satu-satunya. Ia sangat penting untuk tujuan kediaman juga; fikirkan pintu rumah, balkoni, pagar, panggangan, tangga, pagar, semuanya diperbuat daripada logam. Umur panjang mereka bergantung pada kualiti fabrikasi logam mereka. Oleh itu, semua industri sedemikian yang berurusan dengan fabrikasi logam berjuang untuk mengekalkan standard kualiti tertinggi dalam hal pembuatan fabrikasi logam. Dalam senario di mana terdapat sebilangan besar pengeluar logam, menjadi sangat sukar bagi seseorang untuk memilih penyedia fabrikasi logam terbaik di antara semua.</span></p>\r\n\r\n<p>&nbsp;</p>\r\n\r\n<p><img alt=\"\" src=\"https://drive.google.com/file/d/1UsnpVyaYqF19WMko9IwFg2CAr38rbVfB/view?usp=sharing\" style=\"height:NaN; width:NaN\" /><img alt=\"\" src=\"/media/uploads/2023/12/18/kck-headline.png\" style=\"width:100%\" /><img alt=\"\" src=\"https://photos.google.com/search/_tra_/photo/AF1QipOhNP2HQeT87O91BszLZg_PPAy7B6wmiQ9i98CH\" /><img alt=\"\" src=\"https://ibb.co/MB8pdL8\" /><img alt=\"\" src=\"https://www.canva.com/design/DAEn1dwPxlY/1mYXBYphDtgAmzuR5JsnyA/view?utm_content=DAEn1dwPxlY&amp;utm_campaign=designshare&amp;utm_medium=link&amp;utm_source=publishsharelink\" /></p>\r\n\r\n<p><span style=\"font-family:verdana,geneva,sans-serif\">KCK KOK ENGINEERING SDN BHD yang terletak di Jerteh, Terengganu adalah pengeluar besi terkemuka di bandar. Terkenal dengan ulasan pelanggan yang paling positif, perkhidmatan KCK dicari dan syarikat kerja logam Jerteh terbaik. Berlesen dan diinsuranskan dengan betul untuk semua perkhidmatan mereka, anda pasti mendapat produk dan perkhidmatan terbaik di sini. Mereka terkenal membuat produk mereka di kedai besi canggih kecil mereka sendiri, tanpa meninggalkan ruang untuk melakukan subkontrak untuk fabrikasi. Hubungi mereka untuk mendapatkan perkhidmatan Fabrikasi KCK terbaik di Jerteh. Anda juga boleh mendapatkan sebut harga untuk perkhidmatan yang ingin anda dapatkan sebelumnya.</span></p>','2021-08-22 13:41:11.000000','2023-12-18 00:25:07.910000'),(11,'5 APLIKASI ATAU PENGGUNAAN KONKRIT SIAP CAMPUR','5-aplikasi-atau-penggunaan-konkrit-siap-campur','static/img/blog/concrete_clEvxGv.jpeg','KCK','5 Aplikasi atau Penggunaan Konkrit Siap Campur\r\n\r\nFasiliti industri, Bangunan komersial, Pembangunan jalan, Tapak asas struktur, Jambatan, tembok, terowong, dan lorong pejalan kaki.','<p style=\"text-align:justify\"><span style=\"font-size:20px\"><strong>5 APLIKASI ATAU PENGGUNAAN KONKRIT SIAP CAMPUR </strong></span></p>\r\n\r\n<p style=\"text-align:justify\">1. Fasiliti industri</p>\r\n\r\n<p style=\"text-align:justify\">2. Bangunan komersial</p>\r\n\r\n<p style=\"text-align:justify\">3. Pembangunan jalan</p>\r\n\r\n<p style=\"text-align:justify\">4. Tapak asas struktur</p>\r\n\r\n<p style=\"text-align:justify\">5. Jambatan, tembok, terowong, dan lorong pejalan kaki</p>\r\n\r\n<p style=\"text-align:justify\">&nbsp;</p>\r\n\r\n<p style=\"text-align:justify\"><strong><span style=\"font-size:20px\">GAMBARAN</span></strong></p>\r\n\r\n<p style=\"text-align:justify\">Konkrit siap campur digunakan dalam pelbagai projek pembinaan termasuk fasiliti industri, bangunan komersial, pembangunan jalan, tapak asas, jambatan, tembok, terowong, dan lorong pejalan kaki. Ia menawarkan kekuatan, ketahanan, dan kebolehpercayaan yang luar biasa bagi memastikan kualiti keseluruhan dan jangka hayat struktur. Ia juga membolehkan proses pembinaan lebih cepat, penambahbaikan dalam dalam garis masa projek, dan mengurangkan keperluan penyelenggaraan. Ia menjadikan konkrit siap campur ini sebagai pilihan utama dalam industri pembinaan.</p>\r\n\r\n<p style=\"text-align:justify\">&nbsp;</p>\r\n\r\n<p style=\"text-align:justify\"><span style=\"font-size:20px\"><strong>FASILITI INDUSTRI </strong></span></p>\r\n\r\n<p style=\"text-align:justify\">Konkrit siap campur dalam fasiliti industri memastikan bahawa struktur yang dibina untuk menanggung beban operasi industri yang berat, menyediakan bahan pembinaan yang kos efektif, boleh dipercayai, dan tahan lama. Dalam situasi seperti ini, ia digunakan untuk pelbagai aplikasi seperti:</p>\r\n\r\n<p style=\"text-align:justify\">Lantai: Lantai industri perlu menanggung beban berat dan kehausan yang berterusan. Konkrit siap campur memastikan permukaan yang tahan lama dan tahan lelasan (proses membentuk atau meratakan permukaan apabila amaun bahan yang disingkirkan sangat nipis).</p>\r\n\r\n<p style=\"text-align:justify\">Jalan raya: Jenis konkrit ini menawarkan penyelesaian yang boleh dipercayai dan tahan lama kepada projek seperti pembinaan jalan masuk, kawasan letak kereta, atau laluan dalam kompleks industri.</p>\r\n\r\n<p style=\"text-align:justify\">Elemen Struktur: Ia digunakan dalam pembinaan elemen struktur seperti tiang, rasuk, dan tembok penahan bagi memastikan kestabilan dan integriti fasiliti.</p>\r\n\r\n<p style=\"text-align:justify\">Spesifikasi Tepat: Jenis konkrit ini juga boleh dirumus khas untuk memenuhi keperluan kekuatan, ketahanan, dan tahan kimia yang khusus untuk menjadikannya sesuai dalam pelbagai proses industri.</p>\r\n\r\n<p style=\"text-align:justify\">&nbsp;</p>\r\n\r\n<p style=\"text-align:justify\"><span style=\"font-size:20px\"><strong>BANGUNAN KOMERSIAL</strong></span></p>\r\n\r\n<p style=\"text-align:justify\">Konkrit siap campur digunakan secara meluas dalam pembinaan bangunan tinggi. Bangunan-bangunan ini memerlukan struktur konkrit yang kuat dan tahan lama yang mampu menahan tekanan vertikal dan lateral yang besar. Untungnya, konkrit yang telah dicampur sebelumnya menawarkan kekuatan dan kekonsistenan yang diperlukan untuk menyokong struktur-struktur ini dengan cekap.</p>\r\n\r\n<p style=\"text-align:justify\">Dengan penggunaan campuran yang betul dan pemeriksaan yang kualiti, jenis konkrit ini dapat memastikan kekuatan yang konsisten dan boleh dipercayai sepanjang projek pembinaan, Ia sangat penting untuk menjaga keselamatan dan kestabilan bangunan tersebut.</p>\r\n\r\n<p style=\"text-align:justify\">Selain itu, penggunaan konkrit ini membolehkan pembinaan menjadi lebih cepat dan garis masa projek menjadi lebih baik. Ia akan menghapuskan keperluan untuk pencampuran di tapak dan akan mengurangkan keperluan buruh dan masa pembinaan.</p>\r\n\r\n<p style=\"text-align:justify\">&nbsp;</p>\r\n\r\n<p style=\"text-align:justify\"><span style=\"font-size:20px\"><strong>PEMBANGUNAN JALAN </strong></span></p>\r\n\r\n<p style=\"text-align:justify\">Jenis konkrit ini penting dalam pembinaan laluan jalan bagi memastikan ia menepati keperluan trafik yang ketat, kepelbagaian suhu, dan tekanan alam sekitar. Dengan mengawal campuran dengan teliti dan menggunakan komponen berkualiti tinggi, jenis konkrit ini membentuk asas yang kukuh supaya tahan retak, tidak berlekuk, dan rosak.</p>\r\n\r\n<p style=\"text-align:justify\">Ia juga memanjangkan jangka hayat dan meningkatkan prestasi laluan jalan dengan menunjukkan ketahanan yang luar biasa terhadap trafik berat, pendedahan kepada bahan kimia, penyerapan kelembapan, dan kitaran pembekuan-cair. Penggunaan konkrit siap campur dapat menjamin pengurangan kitaran penyelenggaraan dan memberikan penjimatan kos jangka panjang kepada pembangun jalan.</p>\r\n\r\n<p style=\"text-align:justify\">&nbsp;</p>\r\n\r\n<p style=\"text-align:justify\"><span style=\"font-size:20px\"><strong>ASAS STRUKTUR </strong></span></p>\r\n\r\n<p style=\"text-align:justify\">Konkrit siap campur digunakan secara meluas dalam pembinaan tapak asas pelbagai struktur, termasuk bangunan kediaman, komersial, dan industri. Sifat serbaguna konkrit ini membolehkan ia sesuai dengan pelbagai jenis tapak asas, dan manfaatnya termasuklah:</p>\r\n\r\n<p style=\"text-align:justify\">1. Kekuatan dan Ketahanan: Konkrit siap campur direka untuk kekuatan dan ketahanan yang luar biasa bagi memastikan tapak asas dapat menampung berat keseluruhan struktur selama hayatnya.</p>\r\n\r\n<p style=\"text-align:justify\">2. Ketepatan: Proses pencampuran dan formulasi yang tepat akan menghasilkan kualiti konkrit yang konsisten dan boleh dipercayai. Ia sangat penting untuk kestabilan tapak asas.</p>\r\n\r\n<p style=\"text-align:justify\">3. Penempatan yang Cekap: Menggunakan campuran ini lebih memudahkan dan mempercepatkan proses pembinaan. Ia dicurahkan terus ke dalam bentuk tapak asas. Proses ini akan mengurangkan penggunaan buruh dan masa di tapak pembinaan.</p>\r\n\r\n<p style=\"text-align:justify\">4. Penyesuaian: Jenis konkrit ini boleh diubahsuai mengikut keperluan tapak asas tertentu dengan mengambil kira beberapa faktor seperti keupayaan menampung beban, keadaan tanah, dan pertimbangan alam sekitar.</p>\r\n\r\n<p style=\"text-align:justify\">5. Penyelenggaraan yang Berkurang: Kekuatannya mengurangkan keperluan penyelenggaraan tapak asas yang kerap dan memastikan tapak asas yang tahan lama dan stabil.</p>\r\n\r\n<p style=\"text-align:justify\">&nbsp;</p>\r\n\r\n<p style=\"text-align:justify\"><span style=\"font-size:20px\"><strong>JAMBATAN, TEMBOK, TEROWONG, DAN LORONG PEJALAN KAKI </strong></span></p>\r\n\r\n<p style=\"text-align:justify\">Konkrit siap campur memainkan pelbagai peranan dalam pembinaan. Ia menjadi tulang belakang jambatan, membentuk landasan yang kuat, tiang penahan, dan permukaan jalan. Dalam pembinaan tembok, ia digunakan untuk tembok penahan, halangan bunyi, dan struktur yang menampung beban. Dalam pembinaan terowong, konkrit siap campur digunakan untuk lapisan yang tahan lama yang menanggung tekanan di bawah tanah. Untuk lorong pejalan kaki pula, konkrit ini menawarkan permukaan yang licin dan kuat.</p>\r\n\r\n<p style=\"text-align:justify\">Dengan kebolehannya menyesuaikan diri dan formulasi khusus, konkrit siap campur ini sesuai dengan pelbagai keperluan struktur bagi memastikan kekuatan, ketahanan, dan konsistensi di pelbagai aplikasi yang berbeza. Konkrit siap campur adalah unsur asas dalam pembinaan moden seperti menyokong beban berat di jambatan atau menyediakan permukaan jalan yang lancar di lorong pejalan kaki.</p>\r\n\r\n<p style=\"text-align:justify\">&nbsp;</p>\r\n\r\n<p style=\"text-align:justify\"><span style=\"font-size:20px\"><strong>KUNCI UTAMA </strong></span></p>\r\n\r\n<p>Konkrit siap campur adalah bahan penting dalam pelbagai projek pembinaan, menyediakan kekuatan dan ketahanan yang diperlukan untuk tapak asas, dinding, terowong, dan sokongan jambatan. Ia juga memudahkan pemasangan lorong pejalan kaki, menyumbang kepada proses pembinaan yang lancar dan struktur yang tahan lama, serta mengurangkan keperluan penyelenggaraan. Dengan formulasi yang tepat dan kemudahannya dalam penggunaan, konkrit siap campur menjadi pilihan utama dalam industri pembinaan. SEMIX SDN BHD menawarkan konkrit siap campur unggul, direka khas untuk meningkatkan projek pembinaan di Malaysia. Hubungi kami hari ini untuk maklumat lanjut atau penilaian percuma. Dari plat mudah hingga laluan masuk kereta, kami menyediakan campuran konkrit berkualiti tinggi untuk rumah dan perniagaan di seluruh Jerteh dan sekitarnya. Hubungi kami untuk sebut harga atau nasihat mesra untuk projek anda yang akan datang.</p>\r\n\r\n<p>SEMIX SDN BHD berpusat di Jerteh, tetapi menawarkan perkhidmatan kontraktor konkrit kepada pelanggan di sekitar kawasan seperti berikut :-</p>\r\n\r\n<ul>\r\n	<li>Kampung Amir Kampung Raja Besut&nbsp;</li>\r\n	<li>Sungai Tong Setiu</li>\r\n	<li>Pok Kancil Permaisuri Setiu</li>\r\n	<li>Kampung Fikri Permaisuri Setiu&nbsp;</li>\r\n	<li>Gong Kepas Kampung Raja Besut&nbsp;</li>\r\n</ul>\r\n\r\n<p>Jika anda mencari syarikat yang pakar untuk membekalkan konkrit anda, SEMIX SDN BHD adalah pilihan yang sempurna. Kami adalah pembekal konkrit utama di kawasan ini dan boleh menuangkan untuk apa-apa projek yang anda perlukan, sama ada asas, laluan kereta atau laman. Untuk maklumat lanjut, hubungi kami hari ini&nbsp;0128326682 / <a href=\"https://wa.me/0128326682\">https://wa.me/0128326682</a></p>\r\n\r\n<p>&nbsp;</p>','2024-04-23 08:43:31.000000','2024-04-29 03:40:11.967628'),(12,'PANDUAN PEMULA UNTUK KONKRIT SIAP CAMPUR','panduan-pemula-untuk-konkrit-siap-campur','static/img/blog/concrete_18zIs1y.jpeg','KCK','Konkrit campuran sedia ialah bahan binaan serba boleh yang digunakan untuk terowong, asas, jambatan, jalan bertingkat, dan tembok penahan. Ia menawarkan kelebihan berbanding simen kering, termasuk penyesuaian, kecekapan volum, penjimatan masa dan kualiti yang konsisten.','<p style=\"text-align:justify\"><strong><span style=\"font-size:20px\">GAMBARAN</span></strong><br />\r\nKonkrit siap campur adalah bahan pembinaan serbaguna yang digunakan untuk pelbagai&nbsp;tujuan seperti terowong, tapak asas, jambatan, jalan tinggi, dan tembok penahan. Ia&nbsp;menawarkan banyak kelebihan berbanding simen kering, termasuk penyesuaian, kecekapan&nbsp;isipadu, penjimatan masa, dan kualiti yang konsisten.</p>\r\n\r\n<p style=\"text-align:justify\">Langkah penting sebelum penghantaran konkrit termasuk membuat asas yang kukuh,&nbsp;memasang bentuk, dan menguatkuasakan dengan bar.</p>\r\n\r\n<p style=\"text-align:justify\">Konkrit siap campur adalah bahan pembinaan yang khusus yang diperbuat di kilang atau&nbsp;tapak pengadunan. Ia dihantar ke tapak pembinaan dalam bentuk yang siap untuk digunakan.&nbsp;Ia adalah campuran simen, agregat (seperti pasir, kerikil, atau batu yang ditumbuk), air, dan&nbsp;bahan tambahan. Ia diproses dan dicampur mengikut spesifikasi yang telah ditetapkan.&nbsp;</p>\r\n\r\n<p style=\"text-align:justify\">Panduan mengenai konkrit siap campur ini akan membekalkan anda dengan pengetahuan&nbsp;penting untuk membuat keputusan yang berinformasi sama ada anda seorang profesional&nbsp;pembinaan atau seorang pemula.</p>\r\n\r\n<p style=\"text-align:justify\">&nbsp;</p>\r\n\r\n<p style=\"text-align:justify\"><span style=\"font-size:20px\"><strong>DI MANAKAH KONKRIT SIAP CAMPUR DIGUNAKAN? </strong></span></p>\r\n\r\n<p style=\"text-align:justify\">Konkrit siap campur digunakan dalam pelbagai projek pembinaan, dari tapak asas bangunan kediaman hingga infrastruktur jambatan dan terowong.</p>\r\n\r\n<p style=\"text-align:justify\"><span style=\"font-size:18px\"><strong>TEROWONG</strong></span></p>\r\n\r\n<p style=\"text-align:justify\">Formula yang tepat dan kekuatan mampat yang tinggi menjadikan konkrit siap campur sebagai pilihan ideal untuk lapisan terowong, memastikan ketahanan dan integriti struktur. Aliran kendalian konkrit siap campur sendiri yang mudah membolehkan pengisian bentuk kerja di ruang sempit, mengurangkan keperluan buruh dan meningkatkan kecekapan pembinaan.</p>\r\n\r\n<p style=\"text-align:justify\"><span style=\"font-size:18px\"><strong>TAPAK ASAS </strong></span></p>\r\n\r\n<p style=\"text-align:justify\">Konkrit siap campur adalah pilihan utama untuk membina tapak asas, sama ada untuk rumah kediaman atau bangunan komersial kecil. Berkat kekuatan dan konsistensinya yang luar biasa, ia adalah bahan yang ideal untuk membentuk dinding tapak yang kukuh dan padu untuk memastikan kestabilan struktur.</p>\r\n\r\n<p style=\"text-align:justify\"><span style=\"font-size:18px\"><strong>SOKONGAN JAMBATAN </strong></span></p>\r\n\r\n<p style=\"text-align:justify\">Kualiti yang konsisten dan sifat-sifat kekuatan yang tinggi memastikan kestabilan dan keupayaan menampung beban yang diperlukan untuk komponen-komponen jambatan. Ia digunakan untuk membina tapak asas, tiang sokongan, pilon, dan tembok penahan, di mana ketahanan adalah penting. Formula yang tepat dapat mencegah masalah struktur dan memastikan sokongan jambatan yang tahan lama dan boleh dipercayai.</p>\r\n\r\n<p style=\"text-align:justify\"><span style=\"font-size:18px\"><strong>JALAN TINGGI </strong></span></p>\r\n\r\n<p style=\"text-align:justify\">Jenis konkrit ini sangat sesuai untuk pembinaan jalan tinggi kerana campuran yang tepat dan kekuatan yang tinggi. Ia digunakan untuk membentuk tiang, rasuk, dan dek yang kukuh. Ia menjamin integriti struktur jalan tinggi. Kualiti konkrit siap campur yang teguh menyokong keselamatan dan kebolehan jalan tinggi untuk kekal tahan lama.</p>\r\n\r\n<p style=\"text-align:justify\"><span style=\"font-size:18px\"><strong>TEMBOK PENAHAN </strong></span></p>\r\n\r\n<p style=\"text-align:justify\">Konkrit ini penting dalam pembinaan tembok penahan yang tahan lama. Ketahanannya dan kemudahannya dalam penempatan menjadikan konkrit siap campur sebagai pilihan yang ideal untuk membina tembok yang menahan tanah atau mencegah hakisan. Pencampuran yang terkawal dapat memastikan konkrit boleh menahan tekanan lateral yang dikenakan oleh bahan yang ditahan, menjamin kestabilan tembok sepanjang masa.</p>\r\n\r\n<p style=\"text-align:justify\">&nbsp;</p>\r\n\r\n<p style=\"text-align:justify\"><strong><span style=\"font-size:20px\">KELEBIHAN KONKRIT SIAP CAMPUR BERBANDING SIMEN KERING </span></strong></p>\r\n\r\n<p style=\"text-align:justify\">Berbanding pencampuran simen kering secara tradisional, konkrit siap campur menawarkan beberapa kelebihan. Ia menjadikannya pilihan yang efisien dan boleh dipercayai untuk pembinaan.</p>\r\n\r\n<p style=\"text-align:justify\"><span style=\"font-size:18px\"><strong>ISIPADU </strong></span></p>\r\n\r\n<p style=\"text-align:justify\">Konkrit siap campur mengurangkan proses mendapatkan isipadu yang diperlukan untuk sesuatu projek pembinaan. Konkrit tersebut disediakan lebih awal di tapak pengadunan dan memastikan bahawa isipadu yang diperlukan sedia ada apabila diperlukan. Ia bukan hanya menjimatkan masa tetapi juga mengurangkan risiko di kekurangan atau lebihan anggaran isipadu konkrit yang diperlukan. Hal ini kerana ia boleh menjadi satu cabaran yang lazim dengan simen kering.</p>\r\n\r\n<p style=\"text-align:justify\"><span style=\"font-size:18px\"><strong>KECEKAPAN MASA </strong></span></p>\r\n\r\n<p style=\"text-align:justify\">Kecekapan masa adalah satu kelebihan penting jika menggunakan konkrit siap campur. Dengan simen kering, proses pencampuran dilakukan di tapak pembinaan di mana ia melibatkan penggunaan masa dan tenaga buruh. Sebaliknya, konkrit siap campur tiba di tapak pembinaan dalam keadaan siap untuk digunakan dengan serta-merta. Ia tidak lagi memerlukan kerja pencampuran di tapak dan sekali gus ia membenarkan projek pembinaan berjalan dengan lebih cepat.</p>\r\n\r\n<p style=\"text-align:justify\"><strong><span style=\"font-size:18px\">KONSISTENSI</span></strong></p>\r\n\r\n<p style=\"text-align:justify\">Konsistensi konkrit adalah penting untuk integriti struktur bangunan dan infrastruktur. Konkrit siap campur menawarkan kelebihan kerana ia disediakan dengan pengukuran yang tepat dan di bawah keadaan yang terkawal. Ia akan dihasilkan dengan kualiti yang seragam dan konsisten sepanjang konkrit, memastikan setiap bahagian projek pembinaan adalah pada piawaian yang sama tinggi.</p>\r\n\r\n<p style=\"text-align:justify\">&nbsp;</p>\r\n\r\n<p style=\"text-align:justify\"><strong><span style=\"font-size:20px\">LANGKAH SEBELUM KONKRIT SAMPAI DI TAPAK ANDA </span></strong></p>\r\n\r\n<p style=\"text-align:justify\">Untuk persediaan kedatangan konkrit siap campur, langkah-langkah berikut adalah penting untuk memastikan kejayaan projek konkrit, kelestarian, dan integriti struktur.</p>\r\n\r\n<p style=\"text-align:justify\"><span style=\"font-size:18px\"><strong>CIPTA ASAS YANG KUKUH </strong></span></p>\r\n\r\n<p style=\"text-align:justify\">Kualiti dan ketahanan projek konkrit anda bergantung kepada kekuatan dan integriti asas ini. Dikompak dan rata dengan betul, asas ini menyediakan permukaan yang stabil untuk konkrit dicurahkan. Ia memastikan taburan beban yang sekata dan mencegah penyelesaian atau retakan.</p>\r\n\r\n<p style=\"text-align:justify\"><span style=\"font-size:18px\"><strong>AMAN KAN BENTUK ANDA</strong></span></p>\r\n\r\n<p style=\"text-align:justify\">Sebelum konkrit tiba, adalah penting untuk menguatkan bentuk yang akan mengandungi dan membentuk konkrit. Bentuk-bentuk ini berfungsi sebagai acuan, menentukan dimensi dan kontur projek anda untuk mencapai bentuk dan hasil yang diinginkan.</p>\r\n\r\n<p style=\"text-align:justify\"><span style=\"font-size:18px\"><strong>MEMPERKUAT DENGAN BAR</strong></span></p>\r\n\r\n<p style=\"text-align:justify\">Bar-besi pengukuhan juga dikenali sebagai rebar, iaitu sebahagian penting dalam banyak projek konkrit. Mereka memberikan kekuatan regangan kepada konkrit yang dapat menahan beban struktur dan mencegah retakan. Sebelum konkrit dicurahkan, rebar mesti diletakkan secara strategik dalam bentuk-bentuk untuk membentuk rangka yang kuat dan kukuh.</p>\r\n\r\n<p style=\"text-align:justify\">&nbsp;</p>\r\n\r\n<p style=\"text-align:justify\"><span style=\"font-size:20px\"><strong>KUNCI UTAMA </strong></span></p>\r\n\r\n<p>Konkrit siap campur adalah bahan penting dalam pelbagai projek pembinaan, menyediakan kekuatan dan ketahanan yang diperlukan untuk tapak asas, dinding, terowong, dan sokongan jambatan. Ia juga memudahkan pemasangan lorong pejalan kaki, menyumbang kepada proses pembinaan yang lancar dan struktur yang tahan lama, serta mengurangkan keperluan penyelenggaraan. Dengan formulasi yang tepat dan kemudahannya dalam penggunaan, konkrit siap campur menjadi pilihan utama dalam industri pembinaan. SEMIX SDN BHD menawarkan konkrit siap campur unggul, direka khas untuk meningkatkan projek pembinaan di Malaysia. Hubungi kami hari ini untuk maklumat lanjut atau penilaian percuma. Dari plat mudah hingga laluan masuk kereta, kami menyediakan campuran konkrit berkualiti tinggi untuk rumah dan perniagaan di seluruh Jerteh dan sekitarnya. Hubungi kami untuk sebut harga atau nasihat mesra untuk projek anda yang akan datang.</p>\r\n\r\n<p>SEMIX SDN BHD berpusat di Jerteh, tetapi menawarkan perkhidmatan kontraktor konkrit kepada pelanggan di sekitar kawasan seperti berikut :-</p>\r\n\r\n<ul>\r\n	<li>Apal Jerteh&nbsp;</li>\r\n	<li>Renek Jerteh&nbsp;</li>\r\n	<li>Gong Nangka Jerteh&nbsp;</li>\r\n	<li>Tok Dor Jerteh</li>\r\n	<li>Bintang Alor Serdang Setiu&nbsp;</li>\r\n</ul>\r\n\r\n<p>Jika anda mencari syarikat yang pakar untuk membekalkan konkrit anda, SEMIX SDN BHD adalah pilihan yang sempurna. Kami adalah pembekal konkrit utama di kawasan ini dan boleh menuangkan untuk apa-apa projek yang anda perlukan, sama ada asas, laluan kereta atau laman. Untuk maklumat lanjut, hubungi kami hari ini&nbsp;0128326682 / <a href=\"https://wa.me/0128326682\">https://wa.me/0128326682</a></p>\r\n\r\n<p>&nbsp;</p>','2024-04-24 06:42:13.000000','2024-04-29 03:36:47.067713'),(13,'5 MANFAAT KONKRIT SIAP CAMPUR','5-manfaat-konkrit-siap-campur','static/img/blog/concrete_bLWtNVY.jpeg','KCK','Apa Manfaat Konkrit Siap Campur?\r\n\r\nManfaatnya ialah mengurangkan masa pembinaan, menawarkan produk tanpa pembaziran, memerlukan penyelenggaraan yang kurang, menjamin konsistensi dan kualiti, boleh digunakan dalam pelbagai projek.','<p style=\"text-align:justify\"><span style=\"font-size:20px\"><strong>APA MANFAAT KONKRIT SIAP CAMPUR? </strong></span></p>\r\n\r\n<p style=\"text-align:justify\">1. Mengurangkan Masa Pembinaan</p>\r\n\r\n<p style=\"text-align:justify\">2. Menawarkan Produk Tanpa Pembaziran</p>\r\n\r\n<p style=\"text-align:justify\">3. Memerlukan Penyelenggaraan yang Kurang</p>\r\n\r\n<p style=\"text-align:justify\">4. Menjamin Konsistensi dan Kualiti</p>\r\n\r\n<p style=\"text-align:justify\">5. Boleh Digunakan dalam Pelbagai Projek</p>\r\n\r\n<p style=\"text-align:justify\">&nbsp;</p>\r\n\r\n<p style=\"text-align:justify\"><strong><span style=\"font-size:20px\">GAMBARAN </span></strong></p>\r\n\r\n<p style=\"text-align:justify\">&bull; Konkrit siap campur mengurangkan masa pembinaan dengan menghapuskan pencampuran di tapak. Ia menjurus kepada operasi yang lancar dan penyelesaian projek yang lebih cepat.</p>\r\n\r\n<p style=\"text-align:justify\">&bull; Ia menawarkan kelebihan tanpa pembaziran kerana setiap bancuhan diformulasi dengan tepat mengikut keperluan tertentu. Oleh itu, ia dapat mengurangkan bahan berlebihan dan mengecilkan jejak alam sekitar.</p>\r\n\r\n<p style=\"text-align:justify\">&bull; Konkrit siap campur juga memerlukan penyelenggaraan yang lebih rendah disebabkan oleh kekuatan dan ketahanan yang tersendiri yang menghasilkan penjimatan kos dan bangunan yang kukuh secara struktur.</p>\r\n\r\n<p style=\"text-align:justify\">Konkrit siap campur merupakan komponen penting dalam pembinaan moden, adalah campuran yang diformulasikan dengan tepat yang dihasilkan di kilang pengadunan khusus. Campuran ini biasanya mengandungi simen, air, dan agregat, seperti pasir, kerikil, atau batu yang ditumbuk.</p>\r\n\r\n<p style=\"text-align:justify\">Ia penting dalam pembinaan kerana kualitinya yang konsisten, kecekapan masa, dan kemudahan penggunaannya. Ia disediakan dalam keadaan yang terkawal dengan memastikan keseragaman dan kekuatan, serta mengurangkan kesilapan di tapak. Dalam artikel ini, kita meneroka dengan lebih terperinci untuk memahami pelbagai manfaat konkrit siap campur. Ini membantu kita memahami mengapa bahan ini penting untuk banyak projek di seluruh negara.</p>\r\n\r\n<p style=\"text-align:justify\">&nbsp;</p>\r\n\r\n<p style=\"text-align:justify\"><strong><span style=\"font-size:20px\">MENGURANGKAN MASA PEMBINAAN </span></strong></p>\r\n\r\n<p style=\"text-align:justify\">Konkrit siap campur bukan sahaja memberikan kemudahan tetapi juga kelebihan yang kompetitif dalam menjimatkan masa dan tenaga buruh dalam projek pembinaan dari segala saiz. Ia disediakan dengan teliti melalui proses khusus yang menjadikannya boleh digunakan dengan serta-merta di tapak. Ini menghapuskan keperluan untuk pencampuran konkrit di tapak yang merupakan satu tugas tradisionalnya yang memakan masa dan memerlukan banyak tenaga buruh.</p>\r\n\r\n<p style=\"text-align:justify\">Ketepatan dalam pengukuran dan formulasi memastikan perancangan dan pelaksanaan projek yang lebih cekap yang menjurus kepada operasi yang lebih lancar dan penyelesaian projek yang lebih cepat dengan ketara. Ini membawa kepada pembinaan yang lebih lancar dengan mengurangkan pekerja yang diperlukan untuk persiapan konkrit. Penggunaan sumber tenaga buruh yang cekap menjadi faktor penting dalam memenuhi tarikh akhir projek.</p>\r\n\r\n<p style=\"text-align:justify\">&nbsp;</p>\r\n\r\n<p style=\"text-align:justify\"><strong><span style=\"font-size:20px\">MENAWARKAN PRODUK TANPA PEMBAZIRAN </span></strong></p>\r\n\r\n<p style=\"text-align:justify\">Berbeza dengan pencampuran di tapak, di mana kesilapan pengiraan sering mengakibatkan konkrit yang lebihan dan terbuang sia-sia. Konkrit siap campur dihasilkan berdasarkan keperluan anda yang spesifik. Ini bermakna setiap bancuhan dikacau dengan sempurna tanpa meninggalkan ruang untuk bahan yang berlebihan. Pendekatan ini bukan hanya menjimatkan kos tetapi juga mengurangkan jejak alam sekitar projek pembinaan anda.</p>\r\n\r\n<p style=\"text-align:justify\">Proses pengadunan yang cekap memastikan anda mendapatkan isipadu dan spesifikasi yang tepat yang anda perlukan, tanpa sebarang bahan lebihan. Ia bukan hanya menjadikan projek anda lebih mampan tetapi juga meninggalkan tapak pembinaan anda bersih dan teratur.</p>\r\n\r\n<p style=\"text-align:justify\">&nbsp;</p>\r\n\r\n<p style=\"text-align:justify\"><strong><span style=\"font-size:20px\">MEMERLUKAN PENYELENGGARAAN YANG KURANG </span></strong></p>\r\n\r\n<p style=\"text-align:justify\">Konkrit siap campur merupakan pilihan yang menjimatkan kerana ia membantu projek dalam mengurangkan secara signifikan perbelanjaan penyelenggaraan mereka. Proses penyediaan yang terkawal melibatkan pengukuran yang tepat dapat mengurangkan risiko kecacatan struktur.</p>\r\n\r\n<p style=\"text-align:justify\">Ia juga diformulasikan untuk kegigihan yang ditingkatkan dan tahan lasak terhadap kehausan. Ini menghasilkan struktur yang memerlukan penyelenggaraan dan pembaikan yang kurang kerap bagi memastikan keutuhan yang tahan lama dan kurang penyelenggaraan.</p>\r\n\r\n<p style=\"text-align:justify\">&nbsp;</p>\r\n\r\n<p style=\"text-align:justify\"><strong><span style=\"font-size:20px\">JAMINAN KEPERLUAN KONSISTENSI DAN KUALITI </span></strong></p>\r\n\r\n<p style=\"text-align:justify\">Jenis konkrit ini menjamin konsistensi dan kualiti melalui proses pengeluaran yang terkawal dengan teliti. Ia bermula di kilang pengadunan khusus, di mana bahan mentah seperti simen, agregat, air, dan bahan tambahan diukur dan dicampur dengan tepat untuk memenuhi spesifikasi yang telah ditetapkan sebelumnya.</p>\r\n\r\n<p style=\"text-align:justify\">Persekitaran yang terkawal dapat mengurangkan potensi kesilapan manusia dan variasi dalam menghasilkan campuran yang konsisten. Langkah-langkah kawalan kualiti diperkenalkan pada setiap peringkat, dari pemilihan bahan hingga pengadunan dan pengangkutan. Juruteknik menguji sampel untuk mengesahkan kekuatan, konsistensi, dan pematuhan terhadap piawaian industri.</p>\r\n\r\n<p style=\"text-align:justify\">Campuran tersebut kemudian diangkut dalam pengadun transit yang direka khas untuk mengelakkan perasingan atau penyelesaian semasa penghantaran. Setibanya di tapak pembinaan, konkrit siap campur sedia siap untuk digunakan. Ia mengurangkan risiko perbezaan dalam pencampuran di tapak.</p>\r\n\r\n<p style=\"text-align:justify\">Tahap ketepatan ini menjamin bahawa setiap bancuhan konkrit memenuhi kekuatan dan ketahanan yang diperlukan kerana menawarkan bahan yang boleh dipercayai dan seragam untuk projek pembinaan.</p>\r\n\r\n<p style=\"text-align:justify\">&nbsp;</p>\r\n\r\n<p style=\"text-align:justify\"><strong><span style=\"font-size:20px\">BOLEH DIGUNAKAN DALAM PELBAGAI PROJEK </span></strong></p>\r\n\r\n<p style=\"text-align:justify\">Konkrit siap campur merupakan penyelesaian serbaguna yang boleh disesuaikan dengan pelbagai projek pembinaan. Formulasi yang direka khas untuk memenuhi keperluan projek yang tepat dengan menjadikannya aset yang berharga dengan aplikasi yang pelbagai. Konkrit ini cemerlang dalam memberikan hasil berkualiti tinggi di seluruh spektrum pembinaan sama ada tugasnya adalah untuk mencipta asas yang kukuh, membina laluan yang tahan lama, atau membuat elemen senibina yang rumit.</p>\r\n\r\n<p style=\"text-align:justify\">Dari pembangunan perumahan hingga infrastruktur industri yang besar, campuran terancang ini dari simen, agregat, dan air adalah pilihan utama untuk mencapai hasil yang unggul.</p>\r\n\r\n<p style=\"text-align:justify\">Sebagai nama yang dipercayai di Malaysia, SEMIX SDN BHD memastikan ketersediaan konkrit siap campur di Jerteh dan bandar-bandar berdekatan di mana semuanya direka khusus untuk memenuhi keperluan projek anda. Komitmen ini menyumbang kepada keseluruhan kejayaan dan kecekapan usaha pembinaan anda.</p>\r\n\r\n<p style=\"text-align:justify\">&nbsp;</p>\r\n\r\n<p style=\"text-align:justify\"><strong><span style=\"font-size:20px\">KUNCI UTAMA </span></strong></p>\r\n\r\n<p>Konkrit siap campur adalah bahan penting dalam pelbagai projek pembinaan, menyediakan kekuatan dan ketahanan yang diperlukan untuk tapak asas, dinding, terowong, dan sokongan jambatan. Ia juga memudahkan pemasangan lorong pejalan kaki, menyumbang kepada proses pembinaan yang lancar dan struktur yang tahan lama, serta mengurangkan keperluan penyelenggaraan. Dengan formulasi yang tepat dan kemudahannya dalam penggunaan, konkrit siap campur menjadi pilihan utama dalam industri pembinaan. SEMIX SDN BHD menawarkan konkrit siap campur unggul, direka khas untuk meningkatkan projek pembinaan di Malaysia. Hubungi kami hari ini untuk maklumat lanjut atau penilaian percuma. Dari plat mudah hingga laluan masuk kereta, kami menyediakan campuran konkrit berkualiti tinggi untuk rumah dan perniagaan di seluruh Jerteh dan sekitarnya. Hubungi kami untuk sebut harga atau nasihat mesra untuk projek anda yang akan datang.</p>\r\n\r\n<p>SEMIX SDN BHD berpusat di Jerteh, tetapi menawarkan perkhidmatan kontraktor konkrit kepada pelanggan di sekitar kawasan seperti berikut :-</p>\r\n\r\n<ul>\r\n	<li>Selising Kelantan&nbsp;</li>\r\n	<li>Beoh Gunung Bachok</li>\r\n	<li>Telong Bachok Kelantan&nbsp;</li>\r\n	<li>Laklok Jerteh Terengganu</li>\r\n	<li>Bukit Yong Kelantan&nbsp;</li>\r\n</ul>\r\n\r\n<p>Jika anda mencari syarikat yang pakar untuk membekalkan konkrit anda, SEMIX SDN BHD adalah pilihan yang sempurna. Kami adalah pembekal konkrit utama di kawasan ini dan boleh menuangkan untuk apa-apa projek yang anda perlukan, sama ada asas, laluan kereta atau laman. Untuk maklumat lanjut, hubungi kami hari ini&nbsp;0128326682 / <a href=\"https://wa.me/0128326682\">https://wa.me/0128326682</a></p>\r\n\r\n<p>&nbsp;</p>','2024-04-24 07:15:05.000000','2024-04-29 03:34:24.348142'),(14,'APAKAH KONKRIT SIAP CAMPUR? FAQ LENGKAP','apakah-konkrit-siap-campur-faq-lengkap','static/img/blog/concrete_1D4gukw.jpeg','KCK','Adakah anda mempertimbangkan konkrit siap campur untuk projek pembinaan anda seterusnya? Anda berada di tempat yang betul. Sebagai pembekal bahan binaan dengan pengalaman lebih daripada 10 tahun, kami memahami bahawa anda mahu membuat keputusan yang tepat apabila memilih produk. Dalam artikel ini, kami akan meneroka apa itu konkrit siap campur, apa yang boleh digunakan, dan banyak lagi.','<p style=\"text-align:justify\"><strong><span style=\"font-size:20px\">Apakah Konkrit Siap Campur? FAQ Lengkap</span></strong></p>\r\n\r\n<p style=\"text-align:justify\">Adakah anda mempertimbangkan konkrit siap campur untuk projek pembinaan anda seterusnya? Anda berada di tempat yang betul. Sebagai pembekal bahan binaan dengan pengalaman lebih daripada 10 tahun, kami memahami bahawa anda mahu membuat keputusan yang tepat apabila memilih produk. Dalam artikel ini, kami akan meneroka apa itu konkrit siap campur, apa yang boleh digunakan, dan banyak lagi.</p>\r\n\r\n<p style=\"text-align:justify\">&nbsp;</p>\r\n\r\n<p style=\"text-align:justify\"><span style=\"font-size:20px\"><strong>Apakah Konkrit Siap Campur? </strong></span></p>\r\n\r\n<p style=\"text-align:justify\">Konkrit siap campur adalah jenis konkrit yang dikeluarkan di kilang atau tapak pengadunan mengikut resipi yang telah ditetapkan dan kemudian dihantar ke tapak kerja dengan pengadun transit yang dipasang di trak. Ia menghasilkan campuran yang tepat yang membolehkan campuran konkrit khas dibangunkan dan dilaksanakan di tapak pembinaan.</p>\r\n\r\n<p style=\"text-align:justify\">Walaupun pembekal konkrit siap campur mengendalikan proses pengadunan dan penghantaran, adalah penting bagi anda untuk memahami berapa banyak konkrit siap campur yang anda perlukan untuk projek anda sebelum membuat pesanan. Yang terakhir yang anda mahu adalah kehabisan konkrit di pertengahan pembinaan!</p>\r\n\r\n<p style=\"text-align:justify\">&nbsp;</p>\r\n\r\n<p style=\"text-align:justify\"><span style=\"font-size:20px\"><strong>Apakah perbezaan antara konkrit siap campur dan konkrit? </strong></span></p>\r\n\r\n<p style=\"text-align:justify\">Konkrit adalah campuran air, simen, pasir, dan kerikil. Perbezaan utama antara konkrit siap campur dan konkrit adalah konkrit siap campur telah pun dicampur dan sedia untuk digunakan, manakala konkrit masih dalam proses pengadunan.</p>\r\n\r\n<p style=\"text-align:justify\">Konkrit siap campur menghapuskan keperluan untuk proses pengadunan di tapak kerja yang boleh menjimatkan masa dan wang.</p>\r\n\r\n<p style=\"text-align:justify\">Satu lagi kelebihan konkrit siap campur adalah ia boleh diadaptasi mengikut keperluan anda yang khusus. Sebagai contoh, jika anda memerlukan konkrit yang lebih kuat untuk projek anda, pembekal boleh menambah lebih banyak simen ke dalam campuran.</p>\r\n\r\n<p style=\"text-align:justify\">&nbsp;</p>\r\n\r\n<p style=\"text-align:justify\"><span style=\"font-size:20px\"><strong>Apakah kelemahan konkrit siap campur? </strong></span></p>\r\n\r\n<p style=\"text-align:justify\">Di pihak lain, salah satu kelemahan konkrit siap campur adalah ia boleh menjadi lebih mahal daripada konkrit tradisional kerana kemudahan tambahan dan penyesuaian.</p>\r\n\r\n<p style=\"text-align:justify\">Selain itu, konkrit siap campur mempunyai jangka hayat yang lebih pendek berbanding konkrit tradisional. Oleh itu, penting untuk memastikan anda menggunakannya dalam tempoh masa yang ditetapkan oleh pembekal.</p>\r\n\r\n<p style=\"text-align:justify\">Jika anda sedang mempertimbangkan untuk menggunakan konkrit siap campur untuk projek pembinaan anda seterusnya. Pastikan untuk mempertimbangkan pro dan kontra sebelum membuat keputusan. Konkrit siap campur boleh menjadi penyelesaian yang hebat untuk banyak projek, tetapi ia tidak sesuai untuk setiap situasi. Hubungi kami hari ini jika anda memerlukan pembekal konkrit siap campur atau mempunyai sebarang pertanyaan.</p>\r\n\r\n<p style=\"text-align:justify\">&nbsp;</p>\r\n\r\n<p style=\"text-align:justify\"><strong><span style=\"font-size:20px\">Apakah kegunaan konkrit siap campur? </span></strong></p>\r\n\r\n<p style=\"text-align:justify\">Konkrit siap campur paling kerap digunakan dalam projek pembinaan di mana masa adalah penting. Pemprosesan yang lebih cepat konkrit siap campur dapat menjadi kelebihan besar dalam projek berskala besar di mana setiap hari penting. Satu kegunaan yang biasa untuk konkrit siap campur adalah apabila konkrit tradisional tidak mencukupi. Sebagai contoh, jika anda memerlukan konkrit yang lebih kuat untuk projek anda, pembekal boleh menambah lebih banyak simen ke dalam campuran.</p>\r\n\r\n<p style=\"text-align:justify\">&nbsp;</p>\r\n\r\n<p style=\"text-align:justify\"><span style=\"font-size:20px\"><strong>Konkrit siap campur terbuat daripada apa? </strong></span></p>\r\n\r\n<p style=\"text-align:justify\">Konkrit siap campur terbuat daripada simen, air, pasir, dan kerikil. Perbandingan yang tepat antara bahan-bahan ini akan berbeza bergantung kepada campuran tertentu yang dibuat. Simen bertindak sebagai perekat yang menyatukan semua bahan, manakala air membantu menghidratkan simen dan menjadikannya lebih mudah dibentuk. Pasir dan kerikil bertindak sebagai bahan pengisi dan membantu memberikan kekuatan dan struktur kepada konkrit.</p>\r\n\r\n<p style=\"text-align:justify\">&nbsp;</p>\r\n\r\n<p style=\"text-align:justify\"><span style=\"font-size:20px\"><strong>Bagaimana cara mengira konkrit siap campur? </strong></span></p>\r\n\r\n<p style=\"text-align:justify\">Mengira jumlah konkrit siap campur yang anda perlukan untuk projek anda adalah mudah jika anda tahu formula yang betul. Cukup darabkan panjang, lebar, dan tinggi cetakan dalam kaki dengan berat yang sesuai per kaki padu yang tersenarai dalam carta kami di bawah. Ini akan memberikan jumlah berat konkrit yang anda perlukan untuk projek anda.</p>\r\n\r\n<p style=\"text-align:justify\">&nbsp;</p>\r\n\r\n<p style=\"text-align:justify\"><span style=\"font-size:20px\"><strong>Carta Berat Konkrit </strong></span></p>\r\n\r\n<p style=\"text-align:justify\">Panjang (kaki) x Lebar (kaki) x Tinggi (kaki) = Kaki Padu</p>\r\n\r\n<p style=\"text-align:justify\">Kaki Padu &divide; 27 = Berat Per Kaki Padu</p>\r\n\r\n<p style=\"text-align:justify\">Berat Per Kaki Padu x ketebalan yang dikehendaki (dalam inci) = Berat total yang diperlukan (lbs.)</p>\r\n\r\n<p style=\"text-align:justify\">Sebagai contoh, jika anda menuang plat yang panjangnya 20 kaki, lebarnya 15 kaki, dan tebalnya empat inci, anda akan memerlukan 20 x 15 x 0.33 = 100 kaki padu konkrit.</p>\r\n\r\n<p style=\"text-align:justify\">Untuk mengira berat, anda akan bahagi 100 dengan 27 untuk mendapatkan berat per kaki padu konkrit sedikit lebih dari tiga setengah paun. Akhirnya, anda akan darabkan nombor itu dengan empat (ketebalan dalam inci) untuk mendapatkan berat total sedikit lebih dari 14 paun.</p>\r\n\r\n<p style=\"text-align:justify\">Perlu diingat bahawa ini hanya satu anggaran. Jumlah sebenar konkrit yang anda perlukan mungkin berbeza bergantung pada projek anda yang spesifik. Adalah lebih baik untuk membuat pesanan sedikit lebih banyak untuk keselamatan!</p>\r\n\r\n<p style=\"text-align:justify\">&nbsp;</p>\r\n\r\n<p style=\"text-align:justify\"><span style=\"font-size:20px\"><strong>Berapa kos konkrit siap campur? </strong></span></p>\r\n\r\n<p style=\"text-align:justify\">Kos konkrit siap campur akan berbeza bergantung pada lokasi anda dan pembekal yang anda gunakan. Walau bagaimanapun, jangkakan untuk membayar di kitaran RM200 hingga RM300 untuk setiap meter. Konkrit siap campur lebih mahal daripada konkrit tradisional, tetapi ia berbaloi dengan keselesaan dan penyesuaian tambahan untuk beberapa projek.</p>\r\n\r\n<p style=\"text-align:justify\">&nbsp;</p>\r\n\r\n<p style=\"text-align:justify\"><span style=\"font-size:20px\"><strong>Bagaimana cara mencampur konkrit siap campur? </strong></span></p>\r\n\r\n<p style=\"text-align:justify\">Konkrit siap campur dihantar ke tapak kerja anda oleh trak. Trak itu mempunyai corong yang membolehkan konkrit dituang melaluinya.</p>\r\n\r\n<p style=\"text-align:justify\">Pemandu biasanya akan menuangkan konkrit ke dalam bentuk yang telah disediakan untuk projek anda.</p>\r\n\r\n<p style=\"text-align:justify\">Setelah konkrit diletakkan, anda perlu menggunakan serkup atau alat lain untuk melicinkannya dan memastikan ia rata.</p>\r\n\r\n<p style=\"text-align:justify\">Selepas konkrit mencapai masa untuk mengeras, anda boleh menanggalkan bentuk dan menikmati plat baru anda!</p>\r\n\r\n<p style=\"text-align:justify\">&nbsp;</p>\r\n\r\n<p style=\"text-align:justify\"><span style=\"font-size:20px\"><strong>Kesimpulan</strong></span></p>\r\n\r\n<p style=\"text-align:justify\">Konkrit siap campur adalah pilihan yang bagus untuk banyak projek pembinaan. Ia mudah digunakan, dan ia boleh disesuaikan untuk memenuhi keperluan khusus anda. Walau bagaimanapun, ia lebih mahal daripada konkrit tradisional. Jadi, pastikan anda mempertimbangkan kebaikan dan keburukan sebelum membuat keputusan. Hubungi kami hari ini jika anda memerlukan pembekal konkrit siap campur atau mempunyai soalan.</p>\r\n\r\n<p><span style=\"font-size:24px\"><strong>KUNCI UTAMA </strong></span></p>\r\n\r\n<p>Konkrit siap campur adalah bahan penting dalam pelbagai projek pembinaan, menyediakan kekuatan dan ketahanan yang diperlukan untuk tapak asas, dinding, terowong, dan sokongan jambatan. Ia juga memudahkan pemasangan lorong pejalan kaki, menyumbang kepada proses pembinaan yang lancar dan struktur yang tahan lama, serta mengurangkan keperluan penyelenggaraan. Dengan formulasi yang tepat dan kemudahannya dalam penggunaan, konkrit siap campur menjadi pilihan utama dalam industri pembinaan. SEMIX SDN BHD menawarkan konkrit siap campur unggul, direka khas untuk meningkatkan projek pembinaan di Malaysia. Hubungi kami hari ini untuk maklumat lanjut atau penilaian percuma. Dari plat mudah hingga laluan masuk kereta, kami menyediakan campuran konkrit berkualiti tinggi untuk rumah dan perniagaan di seluruh Jerteh dan sekitarnya. Hubungi kami untuk sebut harga atau nasihat mesra untuk projek anda yang akan datang.</p>\r\n\r\n<p>SEMIX SDN BHD berpusat di Jerteh, tetapi menawarkan perkhidmatan kontraktor konkrit kepada pelanggan di sekitar kawasan seperti berikut :-</p>\r\n\r\n<ul>\r\n	<li>Sungai Petai Pasir Putih</li>\r\n	<li>Wakaf Bunut Melor Kelantan&nbsp;</li>\r\n	<li>Gong Serapat Pasir Putih</li>\r\n	<li>Gong Datuk Kelantan&nbsp;</li>\r\n	<li>Bukit Abal Pasir Putih&nbsp;</li>\r\n</ul>\r\n\r\n<p>Jika anda mencari syarikat yang pakar untuk membekalkan konkrit anda, SEMIX SDN BHD adalah pilihan yang sempurna. Kami adalah pembekal konkrit utama di kawasan ini dan boleh menuangkan untuk apa-apa projek yang anda perlukan, sama ada asas, laluan kereta atau laman. Untuk maklumat lanjut, hubungi kami hari ini&nbsp;0128326682 / <a href=\"https://wa.me/0128326682\">https://wa.me/0128326682</a></p>\r\n\r\n<p>&nbsp;</p>','2024-04-24 07:38:57.000000','2024-04-29 03:32:26.966108'),(15,'BAGAIMANA UNTUK MEMBELI KONKRIT SIAP CAMPUR?','bagaimana-untuk-membeli-konkrit-siap-campur','static/img/blog/concrete_oIGNkAQ.jpeg','KCK','Konkrit Siap Campur adalah penyelesaian yang mudah untuk kontraktor yang mengendalikan projek berskala besar dan pekerjaan tersuai. Tetapi, untuk mencapai hasil terbaik, memesan konkrit siap campur melibatkan banyak pemikiran dan pertimbangan. Ikuti tip-tip dalam artikel ini untuk memastikan konkrit anda adalah jumlah yang betul, konsistensi, dan isipadu yang tepat yang anda perlukan untuk projek anda.','<p style=\"text-align:justify\"><span style=\"font-size:20px\"><strong>Bagaimana untuk Membeli Konkrit Siap Campur? </strong></span></p>\r\n\r\n<p style=\"text-align:justify\">Konkrit siap campur adalah penyelesaian yang mudah untuk kontraktor yang mengendalikan projek berskala besar dan pekerjaan tersuai. Tetapi, untuk mencapai hasil terbaik, memesan konkrit siap campur melibatkan banyak pemikiran dan pertimbangan. Ikuti tip-tip dalam artikel ini untuk memastikan konkrit anda adalah jumlah yang betul, konsistensi, dan isipadu yang tepat yang anda perlukan untuk projek anda.</p>\r\n\r\n<p style=\"text-align:justify\">&nbsp;</p>\r\n\r\n<p style=\"text-align:justify\"><span style=\"font-size:20px\"><strong>Perkara-perkara yang perlu dipertimbangkan semasa membeli Konkrit Siap Campur </strong></span></p>\r\n\r\n<p style=\"text-align:justify\"><span style=\"font-size:18px\"><strong>Penyesuaian</strong> </span></p>\r\n\r\n<p style=\"text-align:justify\">Oleh kerana pembekal membuat konkrit siap campur di kilang pengadunan, mereka boleh menyesuaikan campuran simen kepada bahan-bahan lain mengikut keperluan dan spesifikasi anda. Sebagai contoh, anda boleh memberitahu pembekal berapa banyak konkrit yang anda perlukan, sama ada anda ingin menyertakan bahan tambahan dan untuk kerja jenis apa anda perlukan konkrit tersebut.</p>\r\n\r\n<p style=\"text-align:justify\">Konkrit kering juga menawarkan beberapa pilihan penyesuaian. Walau bagaimanapun, anda masih tidak akan menemui tahap penyesuaian yang diberikan oleh pembekal konkrit siap campur tempatan.</p>\r\n\r\n<p style=\"text-align:justify\"><span style=\"font-size:18px\"><strong>Isipadu</strong></span></p>\r\n\r\n<p style=\"text-align:justify\">Jika anda memerlukan satu yard atau lebih konkrit, maka konkrit siap campur mungkin merupakan penyelesaian terbaik. Konkrit kering bagus untuk projek kecil, tetapi untuk projek yang lebih besar atau disesuaikan, Konkrit Siap Campur adalah pilihan yang tepat. Apabila memilih isipadu konkrit yang betul, fikirkan tentang jenis kerja yang perlu diselesaikan.</p>\r\n\r\n<p style=\"text-align:justify\">Maklumat yang lebih anda ketahui tentang projek anda adalah lebih baik supaya pembekal anda dapat memberikan kuantiti yang betul kepada anda. Jika anda tidak dapat membuat keputusan tentang jumlah yang tepat, pertimbangkan untuk melebihi jumlah yang sebenarnya anda perlukan. Lebih baik mempunyai terlalu banyak konkrit daripada kehabisan ketiba proses menuang.</p>\r\n\r\n<p style=\"text-align:justify\"><span style=\"font-size:18px\"><strong>Konsistensi</strong></span></p>\r\n\r\n<p style=\"text-align:justify\">Pelbagai projek memerlukan tekstur konkrit yang khusus. Inilah sebabnya mengapa Konkrit Siap Campur begitu bermanfaat. Jika anda memerlukan beberapa bancuhan yang perlu sama, Konkrit Siap Campur boleh dibuat dalam bancuhan besar yang akan mempunyai konsistensi hampir sama untuk projek anda. Untuk memastikan keputusan terbaik, pastikan anda menentukan kekuatan pemampatan yang diperlukan, agregat kasar maksimum, dan aliran konkrit.</p>\r\n\r\n<p style=\"text-align:justify\"><span style=\"font-size:18px\"><strong>Masa</strong></span></p>\r\n\r\n<p style=\"text-align:justify\">Masa juga merupakan faktor penting dalam penghantaran Konkrit Siap Campur. Institut Konkrit Amerika Syarikat mencadangkan untuk menuang konkrit dari trak dalam masa 1.5 jam selepas dibancuh, atau 300 putaran trak (mana-mana yang terlebih dahulu).</p>\r\n\r\n<p style=\"text-align:justify\">&nbsp;</p>\r\n\r\n<p style=\"text-align:justify\"><strong><span style=\"font-size:20px\">Bagaimana untuk membeli konkrit siap campur dalam 4 langkah</span> </strong></p>\r\n\r\n<p style=\"text-align:justify\"><span style=\"font-size:18px\"><strong>Langkah 1: Pilih Pembekal Konkrit Siap Campur</strong> </span></p>\r\n\r\n<p style=\"text-align:justify\">Salah satu langkah yang paling penting - jika bukan langkah yang paling penting - dalam membeli Konkrit Siap Campur adalah memilih pembekal yang betul. Adalah baik untuk memilih syarikat yang reputasi baik, yang telah beroperasi untuk masa yang lama dan telah memberi servis kepada banyak kontraktor dalam pelbagai jenis projek.</p>\r\n\r\n<p style=\"text-align:justify\">Lokasi juga penting, jadi pastikan anda membuat pesanan dari pembekal yang terdekat. Memilih pembekal tempatan tidak hanya membantu anda menjimatkan kos pengangkutan, tetapi juga memastikan konkrit anda dihantar tepat pada masanya untuk mengekalkan kualiti dan kelenturan kerjanya.</p>\r\n\r\n<p style=\"text-align:justify\"><span style=\"font-size:18px\"><strong>Langkah 2: Tentukan apa yang anda perlukan daripada campuran itu </strong></span></p>\r\n\r\n<p style=\"text-align:justify\">Bergantung kepada jenis projek yang anda lakukan, anda mungkin memerlukan campuran yang disesuaikan untuk mencapai hasil yang diinginkan. Contohnya, jika anda melakukan projek konkrit bercop skala besar, anda kemungkinan perlu memperlambat masa pengerasan untuk memastikan cukup masa untuk menanda.</p>\r\n\r\n<p style=\"text-align:justify\">Anda juga perlu memberitahu pembekal anda tentang jangkaan pendedahan dan keadaan perkhidmatan konkrit selepas diletakkan. Dengan cara ini, mereka dapat menyertakan bahan tambahan atau bahan lain untuk meningkatkan prestasi konkrit berdasarkan apa yang anda perlukan daripadanya.</p>\r\n\r\n<p style=\"text-align:justify\"><span style=\"font-size:18px\"><strong>Langkah 3: Kira isipadu yang betul </strong></span></p>\r\n\r\n<p style=\"text-align:justify\">Memesan jumlah konkrit yang tepat adalah penting. Sama ada anda membeli terlalu banyak atau terlalu sedikit, kesan boleh menjadi mahal. Jadi, walaupun biasanya lebih baik untuk memesan lebih dari yang diperlukan, adalah lebih baik jika mendapat jumlah setepat yang mungkin. Jika anda tidak tahu berapa banyak konkrit yang perlu dibeli, gunakan kalkulator konkrit, atau minta pembekal konkrit siap campur anda membantu anda dengan pengiraan.</p>\r\n\r\n<p style=\"text-align:justify\"><span style=\"font-size:18px\"><strong>Langkah 4: Rancang dengan awal untuk penghantaran yang tepat pada masanya </strong></span></p>\r\n\r\n<p style=\"text-align:justify\">Berikan pemberitahuan yang mencukupi kepada pembekal anda untuk memastikan penghantaran tepat pada masanya. Selain itu, pastikan untuk menyediakan tapak sehari sebelum penghantaran. Bersihkan pintu masuk tapak anda dan sediakan ruang, persiapkan tapak di mana konkrit akan dicurahkan, dan pastikan anda mempunyai peralatan yang sesuai.</p>\r\n\r\n<p style=\"text-align:justify\">Selain itu, periksa bentuk atau rangka kerja anda sebelum konkrit tiba. Pastikan ia kukuh dan cukup kuat untuk menyokong jumlah konkrit yang anda pesan. Untuk memastikan proses berjalan lancara, anda perlulah mengikuti langkah-langkah ini.</p>\r\n\r\n<p style=\"text-align:justify\">&nbsp;</p>\r\n\r\n<p style=\"text-align:justify\"><strong><span style=\"font-size:20px\">Pensyaratan akhir untuk membeli konkrit siap campur </span></strong></p>\r\n\r\n<p style=\"text-align:justify\">Membeli konkrit siap campur adalah tentang mengetahui butiran projek anda supaya pembekal anda menyediakan campuran yang paling optimum. Kunci utama ialah berkomunikasi dengan pembekal dengan lebih spesifik. Jika anda memerlukan pembekal konkrit siap campur untuk projek seterusnya, ketahui lebih lanjut tentang produk dan perkhidmatan kami.</p>\r\n\r\n<p><span style=\"font-size:24px\"><strong>KUNCI UTAMA </strong></span></p>\r\n\r\n<p>Konkrit siap campur adalah bahan penting dalam pelbagai projek pembinaan, menyediakan kekuatan dan ketahanan yang diperlukan untuk tapak asas, dinding, terowong, dan sokongan jambatan. Ia juga memudahkan pemasangan lorong pejalan kaki, menyumbang kepada proses pembinaan yang lancar dan struktur yang tahan lama, serta mengurangkan keperluan penyelenggaraan. Dengan formulasi yang tepat dan kemudahannya dalam penggunaan, konkrit siap campur menjadi pilihan utama dalam industri pembinaan. SEMIX SDN BHD menawarkan konkrit siap campur unggul, direka khas untuk meningkatkan projek pembinaan di Malaysia. Hubungi kami hari ini untuk maklumat lanjut atau penilaian percuma. Dari plat mudah hingga laluan masuk kereta, kami menyediakan campuran konkrit berkualiti tinggi untuk rumah dan perniagaan di seluruh Jerteh dan sekitarnya. Hubungi kami untuk sebut harga atau nasihat mesra untuk projek anda yang akan datang.</p>\r\n\r\n<p>SEMIX SDN BHD berpusat di Jerteh, tetapi menawarkan perkhidmatan kontraktor konkrit kepada pelanggan di sekitar kawasan seperti berikut :-</p>\r\n\r\n<ul>\r\n	<li>Semerak Pasir Putih Kelantan&nbsp;</li>\r\n	<li>Bandar Pasir Putih</li>\r\n	<li>Kampung Telong Bachok Kelantan&nbsp;</li>\r\n	<li>Balai Bachok&nbsp;</li>\r\n	<li>Gunung Bachok&nbsp;&nbsp;</li>\r\n</ul>\r\n\r\n<p>Jika anda mencari syarikat yang pakar untuk membekalkan konkrit anda, SEMIX SDN BHD adalah pilihan yang sempurna. Kami adalah pembekal konkrit utama di kawasan ini dan boleh menuangkan untuk apa-apa projek yang anda perlukan, sama ada asas, laluan kereta atau laman. Untuk maklumat lanjut, hubungi kami hari ini&nbsp;0128326682 / <a href=\"https://wa.me/0128326682\">https://wa.me/0128326682</a></p>\r\n\r\n<p>&nbsp;</p>','2024-04-24 08:06:03.000000','2024-04-29 03:29:57.161768'),(16,'11 BAHAN BINAAN TAHAN AIR UNTUK PROJEK PEMBINAAN','11-bahan-binaan-tahan-air-untuk-projek-pembinaan','static/img/blog/concrete_ifDKe91.jpeg','KCK','Apabila melibatkan sesetengah projek pembinaan, bahan tahan air adalah suatu keharusan. Jika anda merancang untuk membina sebuah struktur yang akan terdedah kepada air, maka anda perlu memastikan bahawa anda menggunakan bahan yang tahan kepada keadaan cuaca.','<p style=\"text-align:justify\"><span style=\"font-size:20px\"><strong>11 Bahan Binaan Tahan Air untuk Projek Pembinaan </strong></span></p>\r\n\r\n<p style=\"text-align:justify\">Apabila melibatkan sesetengah projek pembinaan, bahan tahan air adalah suatu keharusan. Jika anda merancang untuk membina sebuah struktur yang akan terdedah kepada air, maka anda perlu memastikan bahawa anda menggunakan bahan yang tahan kepada keadaan cuaca. Dalam catatan blog ini, kita akan membincangkan 11 bahan binaan tahan air yang berbeza yang boleh digunakan untuk projek pembinaan. Kita akan menjelaskan bagaimana setiap bahan adalah tahan air dan bagaimana ia boleh digunakan dalam projek anda. Mari kita mulakan!</p>\r\n\r\n<p style=\"text-align:justify\">&nbsp;</p>\r\n\r\n<p style=\"text-align:justify\"><span style=\"font-size:20px\"><strong>Apakah bahan binaan yang tahan air? </strong></span></p>\r\n\r\n<p style=\"text-align:justify\">Terdapat pelbagai jenis bahan binaan yang boleh digunakan untuk projek pembinaan. Walau bagaimanapun, tidak semua bahan ini tahan air. Untuk membina sebuah struktur yang tahan kepada kerosakan air, anda perlu menggunakan bahan yang direka khas untuk tujuan ini. Berikut adalah 11 bahan binaan tahan air yang perlu anda pertimbangkan.</p>\r\n\r\n<p style=\"text-align:justify\"><span style=\"font-size:18px\"><strong>Konkrit</strong></span></p>\r\n\r\n<p style=\"text-align:justify\">Konkrit adalah salah satu bahan binaan yang paling biasa digunakan di dunia. Sebenarnya, lebih daripada 70% penduduk dunia tinggal di dalam sebuah struktur yang mengandungi konkrit. Ia digunakan sebagai asas untuk segala-galanya dari jalan raya hingga bangunan dan juga kaki lima. Konkrit dihasilkan dengan menggabungkan air, pasir, kerikil, simen (bahan berbentuk serbuk), dan pelbagai bahan tambahan yang memberikan sifat-sifat yang berbeza. Ini termasuk kekuatan (seberapa kuatnya ia di bawah tekanan), kebolehdapatpenetratan (seberapa banyak kelembapan yang boleh melalui liangnya) atau ketahanan air.</p>\r\n\r\n<p style=\"text-align:justify\"><span style=\"font-size:18px\"><strong>Bata</strong></span></p>\r\n\r\n<p style=\"text-align:justify\">Bata adalah bahan binaan yang biasa digunakan dalam projek pembinaan. Ia diperbuat daripada tanah liat dan bahan semula jadi lain. Kemudian ia dipanaskan pada suhu tinggi untuk memberikan kekuatan dan ketahanan. Biasanya, bata kurang mahal berbanding blok konkrit kerana ia memerlukan sumber yang lebih sedikit untuk menghasilkannya (contohnya, tidak memerlukan air). Ia juga lebih sesuai untuk tempat-tempat di mana ruang terhad kerana bata mengambil ruang yang lebih sedikit apabila disusun bertingkat berbanding dengan blok konkrit atau batu bata.</p>\r\n\r\n<p style=\"text-align:justify\">Kekurangan utama dengan bata adalah beratnya dan fakta bahawa ia mengambil masa yang lama sebelum anda boleh membina sesuatu daripadanya (anda perlu menunggu sehingga semua bata anda telah dibakar). Oleh kerana itu, kebanyakan orang menggunakan bata hanya sebagai hiasan dekoratif dalam projek mereka daripada sebagai bahan binaan sebenar.</p>\r\n\r\n<p style=\"text-align:justify\">Walaupun terdapat beberapa jenis bata yang tahan air, kebanyakan tidak kerana mereka diperbuat daripada tanah liat yang tidak begitu kuat atau tahan lama dengan sendirinya (ia perlu dipanaskan sebelum ia dapat menahan air). Ini bermakna jika anda mahu sesuatu yang lebih boleh dipercayai untuk projek anda, maka konkrit mungkin lebih sesuai daripada bata. Bacalah artikel kami tentang Konkrit Siap Campur vs Konkrit Dicampur di tapak semasa anda sedang berada di sini.</p>\r\n\r\n<p style=\"text-align:justify\">&nbsp;</p>\r\n\r\n<p style=\"text-align:justify\">Beberapa jenis bata termasuk:</p>\r\n\r\n<p style=\"text-align:justify\"><strong>Blok Konkrit</strong>: Jenis bata yang diperbuat dengan simen dan kerikil. Ia biasanya merupakan pilihan termurah apabila dibandingkan dengan tiga jenis utama. Bagaimanapun, ia juga lebih berat daripada kedua-dua bata tanah liat dan blok batu, jadi perlu diambil kira!</p>\r\n\r\n<p style=\"text-align:justify\"><strong>Bata Tanah Liat</strong>: Bata-bata ini dicipta dengan mencampurkan tanah dengan bahan lain dan kemudian membentuknya menjadi bata. Mereka adalah jenis bata yang paling biasa dan datang dalam pelbagai warna. Bagaimanapun, mereka juga yang paling berat jadi mungkin tidak sesuai untuk sesetengah projek pembinaan.</p>\r\n\r\n<p style=\"text-align:justify\"><strong>Blok Batu</strong>: Jenis bata yang diperbuat daripada batu-batu semula jadi yang terdapat di dekat tapak pembinaan. Ini biasanya merupakan pilihan yang paling mahal tetapi ia juga sangat kuat dan tahan lama jadi ia boleh digunakan sebagai ganti kepada blok konkrit dalam sesetengah kes.</p>\r\n\r\n<p style=\"text-align:justify\">Bahan tambahan penahan air juga boleh dicampurkan ke dalam mortar untuk membantu menjadikannya lebih tahan kepada kerosakan air. Apabila menggunakan bata dalam projek anda, pastikan anda menggunakan mortar penahan air yang baik untuk menutup sebarang keretakan atau ruang di antara bata-bata itu sendiri.</p>\r\n\r\n<p style=\"text-align:justify\"><span style=\"font-size:18px\"><strong>Kaca</strong></span></p>\r\n\r\n<p style=\"text-align:justify\">Kaca boleh digunakan sebagai hiasan dekoratif atau komponen struktur dalam projek pembinaan. Anda boleh menjadikannya sebagai tingkap, pintu, dan juga skylight dengan mudah! Kaca sangat kuat dan tahan lama tetapi juga mempunyai beberapa kelemahan seperti sangat reflektif (yang mungkin tidak selalu berfungsi dengan baik apabila anda cuba untuk memanaskan rumah anda).</p>\r\n\r\n<p style=\"text-align:justify\">Kelemahan utama kaca adalah harganya mahal. Jadi jika anda mahu sesuatu yang lebih berpatutan, maka konkrit mungkin lebih sesuai daripada bata. Walau bagaimanapun, masih ada cara untuk mengatasi perkara ini, sebagai contoh, dengan menggunakan bahan kitar semula dari bangunan atau gudang lama di mana harga biasanya akan turun secara ketara lebih rendah daripada yang baru - terutamanya sejak hari ini kebanyakan orang cenderung ke arah pilihan mesra alam!</p>\r\n\r\n<p style=\"text-align:justify\">Satu jenis kaca yang sangat sesuai untuk projek pembinaan adalah kaca tahan. Ia dibuat dengan memanaskan dan kemudian mendinginkan kaca dengan cepat yang menjadikannya jauh lebih kuat daripada kaca biasa. Kaca tahan boleh digunakan dalam tingkap, pintu, dan skylight tanpa sebarang masalah dan ia juga tahan dari risiko untuk pecah (yang boleh menjadi satu kelebihan besar jika anda mempunyai kanak-kanak atau haiwan peliharaan yang berlari-lari di sekitar).</p>\r\n\r\n<p style=\"text-align:justify\">Apabila menggunakan kaca dalam projek anda, pastikan anda menggunakan mortar kalis air yang baik untuk menutup sebarang retak atau ruang di antara batu bata itu sendiri.</p>\r\n\r\n<p style=\"text-align:justify\"><span style=\"font-size:18px\"><strong>Keluli</strong></span></p>\r\n\r\n<p style=\"text-align:justify\">Besi dan keluli membentuk kira-kira 95% daripada semua logam yang dihasilkan setiap tahun di seluruh dunia. Keluli adalah logam yang sangat kuat dan tahan lama yang boleh digunakan dalam projek pembinaan. Ia sering digunakan untuk bingkai, bumbung, dan komponen struktur lain kerana ia tidak mengalami korosi atau karat seperti beberapa logam lain. Kekurangan utama keluli adalah dari segi beratnya. Ia lebih berat daripada aluminium atau kuprum jadi ingatlah tentang itu jika anda mempertimbangkan untuk menggunakannya dalam projek anda.</p>\r\n\r\n<p style=\"text-align:justify\">Jenis keluli yang terutamanya baik untuk projek pembinaan adalah keluli galvanis. Keluli galvanis disalut dengan zink yang membantu mencegah hakisan dan karat daripada terbentuk pada logam. Ini menjadikannya sesuai untuk digunakan dalam aplikasi luar di mana ia akan terdedah kepada elemen seperti hujan, salji, dan matahari.</p>\r\n\r\n<p style=\"text-align:justify\"><span style=\"font-size:18px\"><strong>Siding Vinyl</strong></span></p>\r\n\r\n<p style=\"text-align:justify\">Siding vinyl adalah sejenis plastik yang digunakan untuk melindungi luar bangunan. Ia sangat berpatutan kerana ia datang dalam pelbagai warna dan gaya, dan juga tahan pudar dan retak. Kekurangan utama siding vinyl adalah ia tidak boleh dicat. Jadi jika anda ingin sesuatu dengan warna yang berbeza maka anda tidak beruntung.</p>\r\n\r\n<p style=\"text-align:justify\">Walau bagaimanapun, masih ada jalan keluar untuk perkara ini sebagai contoh, dengan menggunakan bahan terpakai dari bangunan lama atau gudang di mana harga biasanya akan turun secara ketara lebih rendah daripada kos bahan baru - terutamanya kerana pada hari ini kebanyakan orang cenderung kepada pilihan mesra alam!</p>\r\n\r\n<p style=\"text-align:justify\"><span style=\"font-size:18px\"><strong>Siding Aluminium</strong></span></p>\r\n\r\n<p style=\"text-align:justify\">Siding aluminium telah digunakan bukan sahaja untuk melindungi rumah tetapi juga untuk meningkatkan penampilannya sejak tahun 1930-an. Aluminium pada satu masa dilihat sebagai alternatif yang tahan lama dan kos berkesan kepada siding kayu konvensional pada tahun-tahun awal. Pada masa ini, siding vinyl merupakan pilihan yang paling popular, tetapi siding aluminium terus menjadi cara yang berkesan untuk melindungi hartanah anda daripada unsur-unsur alam semula jadi.</p>\r\n\r\n<p style=\"text-align:justify\">Malangnya, siding aluminium boleh menjadi lekuk dan calar dengan mudah. Walau bagaimanapun, perkara ini boleh diselesaikan dengan menggunakan cat atau pelekat yang berkualiti baik yang akan membantu melindungi logam daripada karat dan terhakis.</p>\r\n\r\n<p style=\"text-align:justify\"><span style=\"font-size:18px\"><strong>Membran Bitumen</strong></span></p>\r\n\r\n<p style=\"text-align:justify\">Sebuah membran bitumen adalah bahan kalis air yang diperbuat daripada asfalt. Ia sering digunakan dalam aplikasi bumbung dan berkelip kerana ia fleksibel, tahan lama, dan tahan cuaca. Perlu diingatkan bahawa membran bitumen boleh menjadi sukar untuk digunakan. Ia juga tidak sehebat bahan lain dalam senarai ini dari segi ketahanan terhadap api.</p>\r\n\r\n<p style=\"text-align:justify\"><span style=\"font-size:18px\"><strong>Termoplastik</strong></span></p>\r\n\r\n<p style=\"text-align:justify\">Sebuah membran termoplastik adalah bahan kalis air yang diperbuat daripada polivinil klorida (PVC) atau getah etilena-propilena (EPR). Ia sering digunakan dalam bangunan komersial kerana ia ringan dan sangat tahan lama.</p>\r\n\r\n<p style=\"text-align:justify\">Termoplastik adalah sangat mahal berbanding dengan pilihan lain yang ada di pasaran hari ini. Walau bagaimanapun, masih ada cara untuk mengatasinya sebagai contoh, dengan menggunakan bahan terkutip dari bangunan lama atau gudang di mana harga biasanya akan turun jauh lebih rendah daripada apa yang kosnya akan dijual - terutamanya kerana pada masa kini kebanyakan orang cenderung kepada pilihan mesra alam!</p>\r\n\r\n<p style=\"text-align:justify\">Membran termoplastik boleh digunakan dalam kedua-dua bumbung rata dan cerun curam. Membran ini biasanya diperbuat daripada satu lapisan tunggal PVC atau EPR, yang menjadikannya sesuai untuk bumbung yang memerlukan penyelenggaraan minimum dan boleh menahan keadaan cuaca yang ekstrem tanpa retak atau terbelah semasa musim sejuk (yang penting kerana bendungan ais adalah salah satu punca utama kegagalan bumbung).</p>\r\n\r\n<p style=\"text-align:justify\">Mereka juga sangat tahan terhadap kerosakan haba dan kimia jadi mereka adalah pilihan yang sempurna jika anda tinggal di kawasan di mana terdapat banyak sinaran matahari sepanjang hari setiap tahun - hanya pastikan untuk tidak lupa tentang mengguna krim matahari apabila perlu kerana membran ini masih tidak sepenuhnya tahan UV seperti beberapa bahan lain dalam senarai ini!</p>\r\n\r\n<p style=\"text-align:justify\">Sistem Bumbung Membran Termoplastik: Sistem membran termoplastik biasanya terdiri daripada hanya dua lapisan. Walaubagaimanapun, mereka boleh dipasang dengan lapisan ketiga atas permintaan. Bahagian atas membran diperbuat daripada fabrik penguat poliester yang membantu menguatkan dan memperkuatkan ia daripada tusukan serta memberikan perlindungan daripada sinar UV sambil masih membenarkan transmisi wap air melalui liangnya ke dalam rumah anda.</p>\r\n\r\n<p style=\"text-align:justify\">Bahagian bawah terdiri terutamanya daripada bahan PVC atau EPR yang memberikan daya tahan sepanjang cuaca disebabkan oleh keupayaannya bukan sahaja untuk menahan suhu tinggi (sehingga 350 darjah Fahrenheit) tetapi juga suhu rendah (-58 darjah Fahrenheit). Membran ini biasanya tersedia dalam gulungan antara 50 - 100 kaki panjang dengan lebar 18 inci. Walaubagaimanapun, ia boleh datang dalam keadaan yang sudah dipotong jika dinyatakan semasa pesanan dibuat.</p>\r\n\r\n<p style=\"text-align:justify\">Inilah senarai bahan binaan termoplastik untuk mengetahui lebih lanjut.</p>\r\n\r\n<p style=\"text-align:justify\"><span style=\"font-size:18px\"><strong>Asfalt Bergetah</strong></span></p>\r\n\r\n<p style=\"text-align:justify\">Asfalt bergetah bukanlah penemuan baru, tetapi ia baru-baru ini muncul semula di Amerika Syarikat. Ia diperbuat daripada tayar kereta kitar semula. Untuk menambah baik pengendalian dan kualiti kebolehkerjaan campuran, bahan lain sering ditambah kepada getah serbuk. Akibatnya, ia merupakan bahan binaan kalis air yang hebat yang perlu dipertimbangkan oleh setiap kontraktor dan pemaju.</p>\r\n\r\n<p style=\"text-align:justify\">Asfalt bergetah juga menggunakan sekitar 220 juta paun getah setiap tahun, iaitu kira-kira 12 juta tayar (angka ini dijangka meningkat). Getah dalam asfalt semakin popular di kalangan negeri-negeri, dengan beberapa negeri ini mengembangkan teknik dan proses mereka sendiri baru-baru ini. Selepas semua penyiasatan dan bertahun-tahun mengubah suai prosedur, kelebihannya menjadi semakin ketara.</p>\r\n\r\n<p style=\"text-align:justify\"><strong><span style=\"font-size:18px\">Salutan Bersimen</span></strong></p>\r\n\r\n<p style=\"text-align:justify\">Salutan bersimen adalah bahan kalis air yang diperbuat daripada simen dan agregat. Salutan bersimen digunakan untuk melindungi substrat konkrit daripada penembusan air dan kakisan. Mereka juga boleh digunakan sebagai kot kemasan pada permukaan konkrit.</p>\r\n\r\n<p style=\"text-align:justify\"><span style=\"font-size:18px\"><strong>Poliuretana</strong></span></p>\r\n\r\n<p style=\"text-align:justify\">Poliuretana adalah plastik kalis air yang diperbuat daripada resin poliester dan uretana. Ia boleh digunakan untuk menutup retakan atau rekahan pada dinding atau lantai, serta mencipta lapisan tahan air.</p>\r\n\r\n<p style=\"text-align:justify\">Poliuretana berasaskan air dan berasaskan minyak serupa dari segi penampilan, walaupun yang pertama mempunyai bau yang lebih kuat dan tidak kering secepat itu. Ia datang dalam pelbagai kemasan, termasuk yang berkilau, dan ia mengambil tekstur yang berbeza bergantung kepada aplikasi.</p>\r\n\r\n<p style=\"text-align:justify\">Poliuretana berasaskan air popular kerana ia mempunyai bau yang rendah dan ketoksikan yang rendah. Ia tidak meninggalkan warna atau corak seperti versi berasaskan minyak, dan ia mengering dengan lebih cepat. Poliuretana berasaskan air, seperti selak, tidak tahan lasak dalam haba ekstrim atau bahan kimia. Ia sesuai untuk rak buku, meja, meja sampingan, dan lain-lain.</p>\r\n\r\n<p style=\"text-align:justify\">&nbsp;</p>\r\n\r\n<p style=\"text-align:justify\"><strong><span style=\"font-size:20px\">Pemikiran akhir mengenai bahan binaan kalis air</span></strong></p>\r\n\r\n<p style=\"text-align:justify\">Di atas adalah beberapa contoh daripada pelbagai jenis bahan binaan kalis air yang terdapat hari ini. Dengan memahami kelebihan dan kekurangan setiap pilihan. Anda boleh membuat keputusan yang berinformasi mengenai bahan yang paling sesuai untuk projek pembinaan anda, sama ada ia untuk kediaman atau komersial. Layari kedai bahan binaan kami untuk mencari produk yang tepat.</p>\r\n\r\n<p><span style=\"font-size:24px\"><strong>KUNCI UTAMA </strong></span></p>\r\n\r\n<p>Konkrit siap campur adalah bahan penting dalam pelbagai projek pembinaan, menyediakan kekuatan dan ketahanan yang diperlukan untuk tapak asas, dinding, terowong, dan sokongan jambatan. Ia juga memudahkan pemasangan lorong pejalan kaki, menyumbang kepada proses pembinaan yang lancar dan struktur yang tahan lama, serta mengurangkan keperluan penyelenggaraan. Dengan formulasi yang tepat dan kemudahannya dalam penggunaan, konkrit siap campur menjadi pilihan utama dalam industri pembinaan. SEMIX SDN BHD menawarkan konkrit siap campur unggul, direka khas untuk meningkatkan projek pembinaan di Malaysia. Hubungi kami hari ini untuk maklumat lanjut atau penilaian percuma. Dari plat mudah hingga laluan masuk kereta, kami menyediakan campuran konkrit berkualiti tinggi untuk rumah dan perniagaan di seluruh Jerteh dan sekitarnya. Hubungi kami untuk sebut harga atau nasihat mesra untuk projek anda yang akan datang.</p>\r\n\r\n<p>SEMIX SDN BHD berpusat di Jerteh, tetapi menawarkan perkhidmatan kontraktor konkrit kepada pelanggan di sekitar kawasan seperti berikut :-</p>\r\n\r\n<ul>\r\n	<li>Tok Bali Bachok Kelantan</li>\r\n	<li>Alor Jejawi Besut Terengganu&nbsp;</li>\r\n	<li>Gertak Seratus Besut Terengganu</li>\r\n	<li>Cherang Ruku Kelantan&nbsp;</li>\r\n	<li>Beris Chalok Cherang Ruku Kelantan&nbsp;</li>\r\n</ul>\r\n\r\n<p>Jika anda mencari syarikat yang pakar untuk membekalkan konkrit anda, SEMIX SDN BHD adalah pilihan yang sempurna. Kami adalah pembekal konkrit utama di kawasan ini dan boleh menuangkan untuk apa-apa projek yang anda perlukan, sama ada asas, laluan kereta atau laman. Untuk maklumat lanjut, hubungi kami hari ini&nbsp;0128326682 / <a href=\"https://wa.me/0128326682\">https://wa.me/0128326682</a></p>\r\n\r\n<p>&nbsp;</p>','2024-04-24 08:40:07.000000','2024-04-29 03:27:32.183963'),(17,'APAKAH KONKRIT SEDIA CAMPURAN DAN MENGAPA ANDA MEMERLUKANNYA?','apakah-konkrit-sedia-campuran-dan-mengapa-anda-mem','static/img/blog/concrete_EabXXvc.jpeg','KCK','Jika anda sedang merancang untuk mengubahsuai rumah anda, soalan tentang apakah konkrit siap campur mungkin akan timbul. Idea di sebalik bentuk konkrit ini kelihatan bertentangan - mengapa seseorang akan membeli beg campuran pratuang simen dan pasir sedangkan mereka boleh membuat bancuhan sendiri?','<p style=\"text-align:justify\"><span style=\"font-size:20px\"><strong>Apakah Konkrit Sedia Campuran dan Mengapa Anda Memerlukannya? </strong></span></p>\r\n\r\n<p style=\"text-align:justify\">Jika anda sedang merancang untuk mengubahsuai rumah anda, soalan tentang apakah konkrit siap campur mungkin akan timbul. Idea di sebalik bentuk konkrit ini kelihatan bertentangan - mengapa seseorang akan membeli beg campuran pratuang simen dan pasir sedangkan mereka boleh membuat bancuhan sendiri?</p>\r\n\r\n<p style=\"text-align:justify\">Konkrit siap campur dikustomkan, jadi ia boleh dicampur dan diletakkan mengikut kesesuaian pelbagai kegunaan projek. Ini memastikan campuran terbaik digunakan untuk keperluan projek tertentu, dan kualiti yang konsisten menyediakan produk yang kuat dan tahan lama. Campuran pra-campuran dari agregat kasar dan halus - biasanya dalam nisbah 1:2 - dengan simen berbentuk serbuk kering. Apabila pengguna menuangkan kandungan beg ke dalam air, ia larut bersama untuk membentuk konkrit.</p>\r\n\r\n<p style=\"text-align:justify\">Kaedah ini mengurangkan beberapa kesulitan yang terlibat dalam mencampur bancuhan konkrit sendiri secara manual. Tanpa bahan tambahan ini, adalah sangat sukar untuk mencampurkan komponen bersama tanpa ada sela terperangkap di mana air tidak dapat dicapai. Ini akan menghasilkan konkrit yang lebih lemah.</p>\r\n\r\n<p style=\"text-align:justify\">Ia juga kurang memerlukan tenaga buruh kerana konkrit kemudiannya boleh dipam atau dituang ke tempat untuk pemasangan yang cepat dan mudah yang memerlukan usaha manusia yang minima. Konkrit siap campur tersedia dalam kuantiti pukal, yang membolehkan anda memesan jumlah yang betul untuk projek anda.</p>\r\n\r\n<p style=\"text-align:justify\">Konkrit siap campur sangat mudah untuk jumlah yang lebih besar yang diperlukan, terutamanya apabila anda mengambil kira hakikat bahawa ia boleh dihantar ke lokasi anda.</p>\r\n\r\n<p style=\"text-align:justify\">Konkrit adalah elemen asas dalam projek pembinaan dan mempunyai banyak tujuan, dari asas sebuah rumah hingga hiasan yang cantik atau bahkan panel pra-corak yang digunakan untuk dinding atau tiang. Memandangkan ia mempunyai banyak aplikasi dan digunakan dalam kuantiti yang begitu besar, ia boleh menjadi agak mahal mengingatkan kerja yang dilakukan untuk menghasilkannya. Untuk menjimatkan wang anda dan memberi anda lebih banyak masa untuk memberi tumpuan kepada elemen-elemen lain dalam projek anda, konkrit siap campur tersedia dari pelbagai syarikat yang pakar dalam jenis bahan ini.</p>\r\n\r\n<p style=\"text-align:justify\"><span style=\"font-size:24px\"><strong>KUNCI UTAMA </strong></span></p>\r\n\r\n<p style=\"text-align:justify\">Konkrit siap campur adalah bahan penting dalam pelbagai projek pembinaan, menyediakan kekuatan dan ketahanan yang diperlukan untuk tapak asas, dinding, terowong, dan sokongan jambatan. Ia juga memudahkan pemasangan lorong pejalan kaki, menyumbang kepada proses pembinaan yang lancar dan struktur yang tahan lama, serta mengurangkan keperluan penyelenggaraan. Dengan formulasi yang tepat dan kemudahannya dalam penggunaan, konkrit siap campur menjadi pilihan utama dalam industri pembinaan. SEMIX SDN BHD menawarkan konkrit siap campur unggul, direka khas untuk meningkatkan projek pembinaan di Malaysia. Hubungi kami hari ini untuk maklumat lanjut atau penilaian percuma. Dari plat mudah hingga laluan masuk kereta, kami menyediakan campuran konkrit berkualiti tinggi untuk rumah dan perniagaan di seluruh Jerteh dan sekitarnya. Hubungi kami untuk sebut harga atau nasihat mesra untuk projek anda yang akan datang.</p>\r\n\r\n<p style=\"text-align:justify\">SEMIX SDN BHD berpusat di Jerteh, tetapi menawarkan perkhidmatan kontraktor konkrit kepada pelanggan di sekitar kawasan seperti berikut :-</p>\r\n\r\n<ul>\r\n	<li style=\"text-align: justify;\">Tembila&nbsp;Kampung Raja Besut</li>\r\n	<li style=\"text-align: justify;\">Benting Lintang Jerteh</li>\r\n	<li style=\"text-align: justify;\">Gong Nangka Jerteh&nbsp;</li>\r\n	<li style=\"text-align: justify;\">Bukit Tanah&nbsp;Pasir Putih</li>\r\n	<li style=\"text-align: justify;\">Tok Saboh&nbsp;Besut</li>\r\n</ul>\r\n\r\n<p style=\"text-align:justify\">Jika anda mencari syarikat yang pakar untuk membekalkan konkrit anda, SEMIX SDN BHD adalah pilihan yang sempurna. Kami adalah pembekal konkrit utama di kawasan ini dan boleh menuangkan untuk apa-apa projek yang anda perlukan, sama ada asas, laluan kereta atau laman. Untuk maklumat lanjut, hubungi kami hari ini&nbsp;0128326682 / <a href=\"https://wa.me/0128326682\">https://wa.me/0128326682</a></p>\r\n\r\n<p>&nbsp;</p>','2024-04-25 01:30:04.000000','2024-04-29 03:25:16.995637'),(18,'BOLEHKAH ANDA MENUANG KONKRIT KETIKA HUJAN?','bolehkah-anda-menuang-konkrit-ketika-hujan','static/img/blog/concrete_VCiZBYJ.jpeg','KCK','Hujan bukanlah sesuatu yang asing di Malaysia.\r\nTetapi jika anda merancang untuk menuangkan konkrit, anda mungkin tertanya-tanya sama ada hujan akan menghentikan projek anda.','<p style=\"text-align:justify\"><strong><span style=\"font-size:20px\">BOLEHKAH ANDA MENUANG KONKRIT KETIKA HUJAN? </span></strong></p>\r\n\r\n<p style=\"text-align:justify\">Hujan bukanlah sesuatu yang asing di Malaysia.</p>\r\n\r\n<p style=\"text-align:justify\">Tetapi jika anda merancang untuk menuangkan konkrit, anda mungkin tertanya-tanya sama ada hujan akan menghentikan projek anda.</p>\r\n\r\n<p style=\"text-align:justify\">Dalam artikel ini, kami akan membincangkan bagaimana hujan mempengaruhi konkrit bersama dengan cara terbaik untuk melindungi kerja tuangan konkrit anda semasa hujan.</p>\r\n\r\n<p style=\"text-align:justify\">&nbsp;</p>\r\n\r\n<p style=\"text-align:justify\"><span style=\"font-size:20px\"><strong>BOLEHKAH KONKRIT TERKENA HUJAN? </strong></span></p>\r\n\r\n<p style=\"text-align:justify\">Anda sepatutnya mengelakkan hujan daripada bercampur dengan konkrit jika boleh.</p>\r\n\r\n<p style=\"text-align:justify\">Campuran konkrit adalah keseimbangan yang halus antara air, simen, dan agregat. Nisbah dirancang untuk memberi konkrit kekuatan terbaik dan ciri-ciri untuk aplikasinya yang khusus.</p>\r\n\r\n<p style=\"text-align:justify\">Air hujan boleh merubah nisbah ini dan memberi kesan negatif terhadap konsistensinya, sifat-sifatnya, dan kekuatan akhirnya. Ini boleh melemahkan konkrit dan merosakkan permukaannya.</p>\r\n\r\n<p style=\"text-align:justify\">Pada dasarnya, ini bermakna anda harus mengelakkan daripada menuangkan konkrit dalam hujan. Walau bagaimanapun, ini tidak selalu mungkin. Dalam kes-kes ini, langkah-langkah perlindungan perlu diambil.</p>\r\n\r\n<p style=\"text-align:justify\">&nbsp;</p>\r\n\r\n<p style=\"text-align:justify\"><span style=\"font-size:20px\"><strong>BOLEHKAH ANDA MENUANG KONKRIT KETIKA HUJAN? </strong></span></p>\r\n\r\n<p style=\"text-align:justify\">Elakkan menuangkan konkrit apabila hujan dijangka turun pada hari tersebut, dan jadualkan semula jika boleh. Walau bagaimanapun, kadang-kadang untuk memastikan projek berjalan lancar, konkrit perlu dituang pada hari-hari di mana ada risiko hujan.</p>\r\n\r\n<p style=\"text-align:justify\">Jika hujan dijangka, lindungi tanah dengan meletakkan sehelai plastik atau kain terpal di atas tapak tuangan untuk menjaga permukaan seberapa kering mungkin sebelum proses tuangan bermula. Untuk proses tuangan itu sendiri, pilih masa di siang hari di mana hujan paling tidak mungkin berlaku mengikut ramalan cuaca.</p>\r\n\r\n<p style=\"text-align:justify\">Jika hujan bermula semasa proses tuangan, pastikan anda telah menyediakan tempat perlindungan sementara menggunakan tiang kayu dan plastik yang boleh menyediakan liputan kepada kawasan yang besar.</p>\r\n\r\n<p style=\"text-align:justify\">&nbsp;</p>\r\n\r\n<p style=\"text-align:justify\"><span style=\"font-size:20px\"><strong>BOLEHKAH MENUANG KONKRIT DI ATAS TANAH YANG TANAH BASAH? </strong></span></p>\r\n\r\n<p style=\"text-align:justify\">Konkrit tidak sepatutnya dituang di atas tanah yang basah atau tanah yang mempunyai rongga yang penuh dengan air. Anda juga tidak sepatutnya cuba untuk mencampurkan air hujan yang terkumpul ke dalam campuran konkrit.</p>\r\n\r\n<p style=\"text-align:justify\">Jika tanah basah, anda perlu mengalihkan mana-mana air yang berlebihan ke tepi terlebih dahulu, kerana mencampurkan terlalu banyak air hujan ke dalam konkrit boleh mencemarinya dan mengganggu nisbah campuran yang anda cuba capai.</p>\r\n\r\n<p style=\"text-align:justify\">&nbsp;</p>\r\n\r\n<p style=\"text-align:justify\"><span style=\"font-size:20px\"><strong>BAGAIMANA CARA UNTUK MENGENALPASTI JIKA KONKRIT TELAH ROSAK AKIBAT HUJAN? </strong></span></p>\r\n\r\n<p style=\"text-align:justify\">Jika konkrit anda telah rosak akibat hujan, mungkin terdapat beberapa petunjuk visual, seperti permukaan yang tidak rata atau berbonggol. Pengelupasan, keretakan atau permukaan berhabuk juga merupakan tanda-tanda lain yang menunjukkan bahawa hujan mungkin telah memberi kesan kepada konkrit. Anda juga boleh menggunakan skru pemandu untuk melakukan ujian calar di permukaan untuk melihat sama ada hujan telah melembutkan konkrit.</p>\r\n\r\n<p style=\"text-align:justify\">Jika anda melihat sebarang perkara yang mencurigakan, berundinglah dengan kontraktor atau pembekal konkrit anda untuk membincangkan pembaikan atau langkah seterusnya.</p>\r\n\r\n<p style=\"text-align:justify\">&nbsp;</p>\r\n\r\n<p style=\"text-align:justify\"><span style=\"font-size:20px\"><strong>BAGAIMANA CARA UNTUK MELINDUNGI KONKRIT YANG BARU DITUANG? </strong></span></p>\r\n\r\n<p style=\"text-align:justify\">Konkrit anda telah dituang. Sekarang anda mungkin tertanya-tanya, patutkah saya menutup konkrit dari hujan? Konkrit yang baru dituang sebaiknya dilindungi dari ancaman hujan selama kira-kira 4 - 8 jam selepas dituang, dengan penutup dan sistem saliran yang baik.</p>\r\n\r\n<p style=\"text-align:justify\">Selepas sekitar 8 jam, konkrit selamat untuk dibuka dan menyelesaikan proses pengerasannya selama kira-kira 28 hari. Campuran yang berbeza mungkin datang dengan cadangan yang berbeza untuk masa pengeringan dan pengerasan, jadi dapatkan nasihat dari seorang profesional konkrit.</p>\r\n\r\n<p style=\"text-align:justify\">Mencari konkrit yang berpatutan di SIMEX SDN BHD? Dengan polisi hanya bayar untuk apa yang anda gunakan, syarikat kami menyediakan campuran konkrit yang direka khas untuk semua jenis projek untuk memastikan semuanya tepat pada masanya dan dalam bajet. Untuk mengetahui bagaimana kami boleh membantu, hubungi SEMIX SDN BHD hari ini.</p>\r\n\r\n<p><span style=\"font-size:24px\"><strong>KUNCI UTAMA </strong></span></p>\r\n\r\n<p>Konkrit siap campur adalah bahan penting dalam pelbagai projek pembinaan, menyediakan kekuatan dan ketahanan yang diperlukan untuk tapak asas, dinding, terowong, dan sokongan jambatan. Ia juga memudahkan pemasangan lorong pejalan kaki, menyumbang kepada proses pembinaan yang lancar dan struktur yang tahan lama, serta mengurangkan keperluan penyelenggaraan. Dengan formulasi yang tepat dan kemudahannya dalam penggunaan, konkrit siap campur menjadi pilihan utama dalam industri pembinaan. SEMIX SDN BHD menawarkan konkrit siap campur unggul, direka khas untuk meningkatkan projek pembinaan di Malaysia. Hubungi kami hari ini untuk maklumat lanjut atau penilaian percuma. Dari plat mudah hingga laluan masuk kereta, kami menyediakan campuran konkrit berkualiti tinggi untuk rumah dan perniagaan di seluruh Jerteh dan sekitarnya. Hubungi kami untuk sebut harga atau nasihat mesra untuk projek anda yang akan datang.</p>\r\n\r\n<p>SEMIX SDN BHD berpusat di Jerteh, tetapi menawarkan perkhidmatan kontraktor konkrit kepada pelanggan di sekitar kawasan seperti berikut :-</p>\r\n\r\n<ul>\r\n	<li>Alor Lintang Kampung Raja Besut</li>\r\n	<li>Kampung Raja</li>\r\n	<li>Pengkalan Nyireh&nbsp;Kampung Raja Besut&nbsp;</li>\r\n	<li>Bukit Keluang&nbsp;Kampung Raja Besut</li>\r\n	<li>Gong Medang&nbsp;Kampung Raja Besut</li>\r\n</ul>\r\n\r\n<p>Jika anda mencari syarikat yang pakar untuk membekalkan konkrit anda, SEMIX SDN BHD adalah pilihan yang sempurna. Kami adalah pembekal konkrit utama di kawasan ini dan boleh menuangkan untuk apa-apa projek yang anda perlukan, sama ada asas, laluan kereta atau laman. Untuk maklumat lanjut, hubungi kami hari ini&nbsp;0128326682 / <a href=\"https://wa.me/0128326682\">https://wa.me/0128326682</a></p>\r\n\r\n<p>&nbsp;</p>','2024-04-25 02:16:05.000000','2024-04-29 03:22:16.743269'),(19,'BAGAIMANA MEMILIH SYARIKAT KONKRIT YANG BETUL?','bagaimana-memilih-syarikat-konkrit-yang-betul','static/img/blog/concrete_6jStaM8.jpeg','KCK','Sama ada anda sedang membina laluan raya baru atau mengubahsuai rumah anda, anda akan memerlukan pembekal konkrit yang boleh dipercayai yang boleh mencipta campuran yang sempurna untuk projek tersebut tepat pada masanya dan mengikut bajet. Dengan banyak syarikat untuk dipilih, ia boleh menjadi sukar untuk memilih yang sesuai dengan keperluan anda.','<p style=\"text-align:justify\"><span style=\"font-size:20px\"><strong>BAGAIMANA MEMILIH SYARIKAT KONKRIT YANG BETUL? </strong></span></p>\r\n\r\n<p style=\"text-align:justify\">Sama ada anda sedang membina laluan raya baru atau mengubahsuai rumah anda, anda akan memerlukan pembekal konkrit yang boleh dipercayai yang boleh mencipta campuran yang sempurna untuk projek tersebut tepat pada masanya dan mengikut bajet. Dengan banyak syarikat untuk dipilih, ia boleh menjadi sukar untuk memilih yang sesuai dengan keperluan anda.</p>\r\n\r\n<p style=\"text-align:justify\">Jadi, apakah ciri-ciri yang perlu anda perhatikan dalam pembekal konkrit yang sempurna?</p>\r\n\r\n<p style=\"text-align:justify\">&nbsp;</p>\r\n\r\n<p style=\"text-align:justify\"><span style=\"font-size:20px\"><strong>MEMILIH SYARIKAT KONKRIT YANG BETUL </strong></span></p>\r\n\r\n<p style=\"text-align:justify\"><span style=\"font-size:20px\"><strong>BOLEHKAH MEREKA MENYEDIAKAN KONKRIT MENGIKUT SPESIFIKASI ANDA DENGAN TEPAT? </strong></span></p>\r\n\r\n<p style=\"text-align:justify\">Projek yang berbeza memerlukan jenis atau kekuatan konkrit yang berbeza. Seorang pembekal yang mempunyai pengetahuan industri yang terperinci seharusnya dapat menghasilkan konkrit mengikut spesifikasi yang tepat dan memberikan sedikit nasihat sepanjang jalan untuk memastikan campuran yang dihasilkan sesuai untuk projek anda. Di SEMIX SDN BHD, kami mencampurkan konkrit untuk memenuhi keperluan tepat pelanggan kami dan memastikan setiap turutan disesuaikan dengan anda sama ada anda memerlukan konkrit untuk projek pembinaan besar atau hanya beberapa skrin lantai mudah untuk DIY di rumah.</p>\r\n\r\n<p style=\"text-align:justify\">&nbsp;</p>\r\n\r\n<p style=\"text-align:justify\"><strong><span style=\"font-size:20px\">BOLEHKAH MEREKA MENGAKSES KAWASAN YANG SUKAR DIJANGKAU?</span></strong></p>\r\n\r\n<p style=\"text-align:justify\">Kadang-kadang agak sukar untuk mendapatkan konkrit ke tempat yang diperlukan. Pastikan anda mencari syarikat yang boleh menyewakan peralatan khas untuk mengakses kawasan yang sukar dijangkau tersebut di mana ia membolehkan campuran disalurkan ke bahagian-bahagian tapak anda yang paling sukar dijangkau. Kami boleh menyewakan pam lengan (boom pumps), yang menggunakan lengan hidraulik untuk menghantar konkrit ke tempat-tempat tinggi, termasuk di atas rumah dan struktur lain. Kami juga menyediakan pam jalur tanah (ground line pumps) untuk berjalan sepanjang lantai untuk mengangkut konkrit mengelilingi halangan, seperti pokok atau bangunan, dan ke tempat yang diperlukan.</p>\r\n\r\n<p style=\"text-align:justify\">&nbsp;</p>\r\n\r\n<p style=\"text-align:justify\"><strong><span style=\"font-size:20px\">BOLEHKAH MEREKA MENANGANI PROJEK DENGAN SEBARANG SAIZ? </span></strong></p>\r\n\r\n<p style=\"text-align:justify\">Perkhidmatan yang fleksibel yang boleh memenuhi keperluan projek yang terbesar atau terkecil akan memberikan anda pengetahuan yang selamat bahawa syarikat tersebut adalah boleh memenuhi keperluan anda, dan boleh digunakan berulang kali di masa hadapan walaupun jika projek berikutnya anda mempunyai keperluan yang berbeza sepenuhnya. Di SEMIX SDN BHD, kami menyediakan gred konkrit domestik dan komersial dalam kuantiti apa pun. Justeru, pangkalan pelanggan kami adalah luas dan berbeza, membolehkan kami melayani hampir sesiapa yang memerlukan kami.</p>\r\n\r\n<p style=\"text-align:justify\">&nbsp;</p>\r\n\r\n<p style=\"text-align:justify\"><span style=\"font-size:20px\"><strong>ADAKAH ANDA HANYA AKAN MENYEMAK BAYARAN UNTUK APA YANG ANDA GUNAKAN? </strong></span></p>\r\n\r\n<p style=\"text-align:justify\">Walaupun cuba yang terbaik untuk menganggarkan berapa banyak konkrit yang diperlukan untuk projek anda, pengiraan anda mungkin masih sedikit keliru. Untuk mengelakkan membayar konkrit berlebihan yang tidak diperlukan, pastikan anda menggunakan syarikat konkrit yang hanya akan mengenakan bayaran untuk jumlah konkrit yang sebenarnya anda gunakan. Dengan cara ini, anda boleh membuat apa-apa projek menjimatkan kos dan memberi diri anda sedikit kelonggaran untuk menilai terlalu tinggi. Pasukan kami mengamalkan dasar &#39;hanya bayar untuk apa yang anda gunakan&#39; untuk membantu pelanggan kami menjaga bajet mereka.</p>\r\n\r\n<p style=\"text-align:justify\">&nbsp;</p>\r\n\r\n<p style=\"text-align:justify\"><span style=\"font-size:20px\"><strong>ADAKAH MEREKA MESRA DAN MEMBANTU? </strong></span></p>\r\n\r\n<p style=\"text-align:justify\">Menelefon penyedia konkrit yang berpotensi dengan cepat mungkin menjadi cara terbaik untuk melihat sama ada mereka sesuai untuk anda. Anda seharusnya dapat mengenali sikap mereka dengan cepat, dan jika mereka dapat menjawab soalan dengan sikap yang membantu dan mesra, maka anda sudah berjaya. Mereka sepatutnya dapat membantu anda untuk menentukan jumlah konkrit yang anda perlukan, bersama dengan campuran yang sesuai untuk aplikasi yang diinginkan.</p>\r\n\r\n<p style=\"text-align:justify\"><span style=\"font-size:24px\"><strong>KUNCI UTAMA </strong></span></p>\r\n\r\n<p style=\"text-align:justify\">Konkrit siap campur adalah bahan penting dalam pelbagai projek pembinaan, menyediakan kekuatan dan ketahanan yang diperlukan untuk tapak asas, dinding, terowong, dan sokongan jambatan. Ia juga memudahkan pemasangan lorong pejalan kaki, menyumbang kepada proses pembinaan yang lancar dan struktur yang tahan lama, serta mengurangkan keperluan penyelenggaraan. Dengan formulasi yang tepat dan kemudahannya dalam penggunaan, konkrit siap campur menjadi pilihan utama dalam industri pembinaan. SEMIX SDN BHD menawarkan konkrit siap campur unggul, direka khas untuk meningkatkan projek pembinaan di Malaysia. Hubungi kami hari ini untuk maklumat lanjut atau penilaian percuma. Dari plat mudah hingga laluan masuk kereta, kami menyediakan campuran konkrit berkualiti tinggi untuk rumah dan perniagaan di seluruh Jerteh dan sekitarnya. Hubungi kami untuk sebut harga atau nasihat mesra untuk projek anda yang akan datang.</p>\r\n\r\n<p style=\"text-align:justify\">SEMIX SDN BHD berpusat di Jerteh, tetapi menawarkan perkhidmatan kontraktor konkrit kepada pelanggan di sekitar kawasan seperti berikut :-</p>\r\n\r\n<ul>\r\n	<li style=\"text-align: justify;\">Renek Jerteh</li>\r\n	<li style=\"text-align: justify;\">Jabi Jerteh</li>\r\n	<li style=\"text-align: justify;\">Apal Jerteh</li>\r\n	<li style=\"text-align: justify;\">Padang Luas Jerteh&nbsp;</li>\r\n	<li style=\"text-align: justify;\">Gong Badang Jerteh</li>\r\n</ul>\r\n\r\n<p style=\"text-align:justify\">Jika anda mencari syarikat yang pakar untuk membekalkan konkrit anda, SEMIX SDN BHD adalah pilihan yang sempurna. Kami adalah pembekal konkrit utama di kawasan ini dan boleh menuangkan untuk apa-apa projek yang anda perlukan, sama ada asas, laluan kereta atau laman. Untuk maklumat lanjut, hubungi kami hari ini&nbsp;0128326682 / <a href=\"https://wa.me/0128326682\">https://wa.me/0128326682</a></p>\r\n\r\n<p>&nbsp;</p>','2024-04-25 02:50:35.000000','2024-04-29 03:19:03.284683'),(20,'JENIS KONKRIT MANA YANG SESUAI UNTUK PROJEK SAYA?','jenis-konkrit-mana-yang-sesuai-untuk-projek-saya','static/img/blog/concrete_CEuZAGZ.jpeg','KCK','Merancang sebuah projek pembinaan boleh menjadi usaha yang mencabar, dengan butiran besar dan kecil perlu dikira dengan teliti agar projek berjalan lancar.','<p style=\"text-align:justify\"><span style=\"font-size:20px\"><strong>JENIS KONKRIT MANA YANG SESUAI UNTUK PROJEK SAYA? </strong></span></p>\r\n\r\n<p style=\"text-align:justify\">Merancang sebuah projek pembinaan boleh menjadi usaha yang mencabar, dengan butiran besar dan kecil perlu dikira dengan teliti agar projek berjalan lancar.</p>\r\n\r\n<p style=\"text-align:justify\">Apabila melibatkan konkrit, adalah penting bagi kita untuk mengetahui jenis konkrit yang sesuai untuk tugas yang dihadapi - pilihan yang salah boleh menjadi sangat tidak senang pada yang terbaik, dan sepenuhnya menggagalkan projek pada yang terburuk. Dalam artikel ini, Konkrit Siap Campur akan membantu anda memutuskan jenis konkrit yang sesuai untuk projek pembinaan anda.</p>\r\n\r\n<p style=\"text-align:justify\">Jika anda memerlukan konkrit untuk projek anda, hubungi pasukan kami di 0127066629.</p>\r\n\r\n<p style=\"text-align:justify\">&nbsp;</p>\r\n\r\n<p style=\"text-align:justify\"><span style=\"font-size:20px\"><strong>KENAPA SAYA PERLU KONKRIT? </strong></span></p>\r\n\r\n<p style=\"text-align:justify\"><span style=\"font-size:18px\"><strong>PENGERAKAN BAWAH LANTAI</strong> </span></p>\r\n\r\n<p style=\"text-align:justify\">Konkrit diperlukan apabila memasang pemanasan bawah lantai kerana ia membantu menyebarkan haba di atas permukaan. Tanpa konkrit &ndash; senarai yang panjang lebar, dalam hal ini - haba akan berpusat pada titik tertentu, yang menafikan manfaat utama pemanasan bawah lantai.</p>\r\n\r\n<p style=\"text-align:justify\"><span style=\"font-size:18px\"><strong>SENARAI YANG PANJANG LANTAI </strong></span></p>\r\n\r\n<p style=\"text-align:justify\">Sapuan lantai bertindak sebagai lapisan dasar untuk penyiapan lantai akhir seperti pengecatan atau laminate. Ia juga digunakan sebagai penyiapan itu sendiri dalam persekitaran industri atau untuk ruang yang mahu estetik tiruan industri.</p>\r\n\r\n<p style=\"text-align:justify\"><strong><span style=\"font-size:18px\">ASAS BAWAH TANAH </span></strong></p>\r\n\r\n<p style=\"text-align:justify\">Asas konkrit adalah penting dalam mengukuhkan struktur, dan adalah penting untuk menggunakan konkrit berkualiti tinggi untuk projek sebesar ini.</p>\r\n\r\n<p style=\"text-align:justify\"><strong><span style=\"font-size:18px\">RUMAH KONKRIT </span></strong></p>\r\n\r\n<p style=\"text-align:justify\">Disebabkan oleh kecekapan tenaga dan sifat tahan api mereka, rumah konkrit semakin popular. Rumah konkrit dibina dengan campuran yang direka khas.</p>\r\n\r\n<p style=\"text-align:justify\"><span style=\"font-size:18px\"><strong>ASAS GUDANG </strong></span></p>\r\n\r\n<p style=\"text-align:justify\">Penting untuk kestabilan sebuah gudang serta untuk menghalang kelembapan dan reput mempengaruhi gudang itu sendiri.</p>\r\n\r\n<p style=\"text-align:justify\"><span style=\"font-size:18px\"><strong>LORONG KERETA </strong></span></p>\r\n\r\n<p style=\"text-align:justify\">Konkrit berfungsi sebagai lapisan dasar untuk permukaan laluan lorong yang dekoratif atau sebagai permukaan itu sendiri, serta menyediakan asas kukuh untuk menyokong berat kenderaan.</p>\r\n\r\n<p style=\"text-align:justify\"><strong><span style=\"font-size:18px\">TAMAN </span></strong></p>\r\n\r\n<p style=\"text-align:justify\">Digunakan untuk kerja landskap serta kekuatan asas, konkrit taman tersedia dalam pelbagai campuran.</p>\r\n\r\n<p style=\"text-align:justify\"><strong><span style=\"font-size:18px\">ASAS BANGUNAN </span></strong></p>\r\n\r\n<p style=\"text-align:justify\">Tersedia dalam sebarang kuantiti dan gred, konkrit untuk asas bangunan adalah penting untuk kestabilan jangka panjang dan keselamatan bangunan.</p>\r\n\r\n<p style=\"text-align:justify\">&nbsp;</p>\r\n\r\n<p style=\"text-align:justify\"><span style=\"font-size:20px\"><strong>BERAPA KONKRIT YANG SAYA PERLUKAN UNTUK PROJEK SAYA? </strong></span></p>\r\n\r\n<p style=\"text-align:justify\">Bilangan konkrit yang anda perlukan untuk projek anda bergantung kepada jenis projek yang anda jalankan dan jenis konkrit yang anda rancang untuk menggunakannya. Jika anda memerlukan konkrit untuk projek anda, hubungi pasukan kami di 0127066629.</p>\r\n\r\n<p style=\"text-align:justify\"><span style=\"font-size:18px\"><strong>KONKRIT CAMPUR DI TAPAK </strong></span></p>\r\n\r\n<p style=\"text-align:justify\">Konkrit campur di tapak adalah pilihan yang sempurna untuk projek di mana anda tahu anda memerlukan banyak konkrit, tetapi anda tidak pasti betul-betul berapa banyak yang anda perlukan. Memandangkan konkrit dikacau di tapak, bancuhan boleh diubah semasa proses, jadi jika anda mendapati anda telah salah menilai atau terlebih menganggarkan, jumlahnya boleh ditingkatkan atau dikurangkan mengikut keperluan.</p>\r\n\r\n<p style=\"text-align:justify\"><strong><span style=\"font-size:18px\">KONKRIT VOLUMETRIK </span></strong></p>\r\n\r\n<p style=\"text-align:justify\">Menggunakan konkrit volumetrik adalah pilihan yang disyorkan jika anda tahu berapa banyak konkrit yang diperlukan untuk projek anda. Apabila anda telah mengira jumlah yang tepat yang diperlukan, anda boleh memberitahu pembekal konkrit dan mereka akan dapat membuat kuantiti yang tepat sebelum menghantarnya ke tapak anda.</p>\r\n\r\n<p style=\"text-align:justify\"><span style=\"font-size:18px\"><strong>PAM KONKRIT </strong></span></p>\r\n\r\n<p style=\"text-align:justify\">Pengepaman konkrit sangat disyorkan untuk projek-projek di mana kuantiti konkrit yang besar digunakan. Pam-pam ini boleh mengangkut jumlah besar konkrit dengan cepat, bersih, dan selamat. Ia dapat mengurangkan tenaga buruh dan kos yang berkaitan dengannya, serta meningkatkan kecekapan projek. Pam juga boleh mencapai kawasan yang sukar; pam lengan, sebagai contoh, boleh mencapai tingkat atas blok-blok apartmen, dan pam tanah boleh meliuk melalui lorong-lorong sempit yang sukar dilalui dengan kereta sorong.</p>\r\n\r\n<p style=\"text-align:justify\"><span style=\"font-size:24px\"><strong>KUNCI UTAMA </strong></span></p>\r\n\r\n<p style=\"text-align:justify\">Konkrit siap campur adalah bahan penting dalam pelbagai projek pembinaan, menyediakan kekuatan dan ketahanan yang diperlukan untuk tapak asas, dinding, terowong, dan sokongan jambatan. Ia juga memudahkan pemasangan lorong pejalan kaki, menyumbang kepada proses pembinaan yang lancar dan struktur yang tahan lama, serta mengurangkan keperluan penyelenggaraan. Dengan formulasi yang tepat dan kemudahannya dalam penggunaan, konkrit siap campur menjadi pilihan utama dalam industri pembinaan. SEMIX SDN BHD menawarkan konkrit siap campur unggul, direka khas untuk meningkatkan projek pembinaan di Malaysia. Hubungi kami hari ini untuk maklumat lanjut atau penilaian percuma. Dari plat mudah hingga laluan masuk kereta, kami menyediakan campuran konkrit berkualiti tinggi untuk rumah dan perniagaan di seluruh Jerteh dan sekitarnya. Hubungi kami untuk sebut harga atau nasihat mesra untuk projek anda yang akan datang.</p>\r\n\r\n<p style=\"text-align:justify\">SEMIX SDN BHD berpusat di Jerteh, tetapi menawarkan perkhidmatan kontraktor konkrit kepada pelanggan di sekitar kawasan seperti berikut :-</p>\r\n\r\n<ul>\r\n	<li style=\"text-align: justify;\">Penarik Permaisuri Setiu</li>\r\n	<li style=\"text-align: justify;\">Permaisuri&nbsp;</li>\r\n	<li style=\"text-align: justify;\">Kampung Bintang Setiu</li>\r\n	<li style=\"text-align: justify;\">Anak Ikan Jerteh&nbsp;</li>\r\n	<li style=\"text-align: justify;\">Tok Dor Jerteh&nbsp;</li>\r\n</ul>\r\n\r\n<p style=\"text-align:justify\">Jika anda mencari syarikat yang pakar untuk membekalkan konkrit anda, SEMIX SDN BHD adalah pilihan yang sempurna. Kami adalah pembekal konkrit utama di kawasan ini dan boleh menuangkan untuk apa-apa projek yang anda perlukan, sama ada asas, laluan kereta atau laman. Untuk maklumat lanjut, hubungi kami hari ini&nbsp;0128326682 / <a href=\"https://wa.me/0128326682\">https://wa.me/0128326682</a></p>\r\n\r\n<p>&nbsp;</p>','2024-04-25 07:25:12.000000','2024-04-29 03:17:38.514514'),(21,'BAGAIMANA UNTUK MENUANG SLAB KONKRIT YANG SEMPURNA?','bagaimana-untuk-menuang-slab-konkrit-yang-sempurna','static/img/blog/concrete_9fOltph.jpeg','KCK','Berikan diri anda hasil terbaik apabila menuangkan papak konkrit dengan panduan berguna ini. \r\nSama ada anda memulakan projek DIY atau kerja pembinaan yang lebih gigih, inilah cara untuk \r\nmenuangkan papak konkrit untuk hasil yang sempurna.','<p style=\"text-align:justify\"><strong><span style=\"font-size:20px\">BAGAIMANA UNTUK MENUANG SLAB KONKRIT YANG SEMPURNA? </span></strong></p>\r\n\r\n<p style=\"text-align:justify\">Berikan diri anda hasil terbaik apabila menuangkan papak konkrit dengan panduan berguna ini. Sama ada anda memulakan projek DIY atau kerja pembinaan yang lebih gigih, inilah cara untuk menuangkan papak konkrit untuk hasil yang sempurna.</p>\r\n\r\n<p style=\"text-align:justify\">&nbsp;</p>\r\n\r\n<p style=\"text-align:justify\"><span style=\"font-size:20px\"><strong>BAGAIMANA UNTUK MENUANG SLAB KONKRIT YANG SEMPURNA? </strong></span></p>\r\n\r\n<p style=\"text-align:justify\">Berikan diri anda hasil terbaik apabila menuangkan papak konkrit dengan panduan berguna ini. Sama ada anda memulakan projek DIY atau kerja pembinaan yang lebih gigih, inilah cara untuk menuangkan papak konkrit untuk hasil yang sempurna.8</p>\r\n\r\n<p style=\"text-align:justify\">&nbsp;</p>\r\n\r\n<p style=\"text-align:justify\"><span style=\"font-size:20px\"><strong>LANGKAH UNTUK MENUANG SLAB KONKRIT </strong></span></p>\r\n\r\n<p style=\"text-align:justify\"><span style=\"font-size:16px\"><strong>&bull; Utamakan keselamatan </strong></span></p>\r\n\r\n<p style=\"text-align:justify\">Apabila berurusan dengan campuran konkrit, anda perlu memastikan anda kekal selamat. Pastikan anda memakai pakaian perlindungan yang betul seperti sarung tangan, cermin mata(goggle), but kasut, PPE, dan alat yang sesuai. Pastikan anda mempunyai cara yang selamat dan bertanggungjawab untuk mengendalikan sebarang sisa yang dihasilkan. Jika anda mengatur pembekal konkrit atau kontraktor untuk membantu projek, mereka harus menyediakan PPE mereka sendiri dan menguruskan langkah-langkah keselamatan mereka sendiri.</p>\r\n\r\n<p style=\"text-align:justify\"><span style=\"font-size:16px\"><strong>&bull; Cari pembekal yang dipercayai</strong></span></p>\r\n\r\n<p style=\"text-align:justify\">Papak konkrit yang sempurna memerlukan bahan berkualiti tinggi dari pembekal yang boleh dipercayai, yang akan menggunakan pengetahuannya untuk mencipta campuran yang sesuai dengan aplikasi anda, sebelum menghantarnya mengikut jadual. Ini memberikan anda jaminan, kualiti dan juga jangka waktu untuk membuat persiapan dan pembersihan anda pada waktu yang sesuai tanpa ditangguhkan. Syarikat seperti SEMIX SDN BHD akan mencampur konkrit di tapak, serta memberi nasihat tentang campuran mana yang sesuai dengan keperluan anda.</p>\r\n\r\n<p style=\"text-align:justify\"><strong><span style=\"font-size:16px\">&bull; Persediaan adalah kunci </span></strong></p>\r\n\r\n<p style=\"text-align:justify\">Kunci kepada tuangan yang berjaya adalah dalam penyediaan. Bersihkan tapak menuang untuk memastikan bahawa tanaman atau barang lain tidak mengganggu operasi. Pastikan juga laluan jalan yang jelas untuk trak pencampur konkrit tiba. Hanya hubungi pembekal pilihan anda untuk mendapatkan butiran tentang dimensi trak dan jenis akses yang diperlukan. Selain itu, bijak untuk menyemak ramalan cuaca untuk memilih waktu optimum untuk menuangkan atau membuat persiapan lanjut mengikut cuaca tertentu, contohnya mempunyai plastik penutup sedia untuk diletakkan di atas konkrit yang baru dituang.</p>\r\n\r\n<p style=\"text-align:justify\"><span style=\"font-size:16px\"><strong>&bull; Bina asas </strong></span></p>\r\n\r\n<p style=\"text-align:justify\">Bergantung kepada aplikasi tertentu, asas selalunya penting dalam menuang konkrit. Pertama, tandakan kawasan tersebut menggunakan tiang dan tali, atau kaedah lain yang anda pilih, sambil juga menggali pada kedalaman yang sesuai dengan keperluan projek anda. Kebanyakan asas perlu kukuh dengan saliran yang baik. Kadang-kadang tanah semulajadi akan mudah dipadatkan untuk memberikan sifat-sifat ini, manakala projek lain akan memerlukan asas yang dibina di atas dan dipadatkan. Ia akan bergantung sepenuhnya kepada keadaan anda yang khusus. Jadi berundinglah dengan pakar jika anda tidak pasti.</p>\r\n\r\n<p style=\"text-align:justify\"><span style=\"font-size:16px\"><strong>&bull; Pengukuhan dan meratakan </strong></span></p>\r\n\r\n<p style=\"text-align:justify\">Persediaan terakhir sebelum konkrit dituangkan adalah meratakan tapak. Jika projek anda memerlukan kekuatan tambahan, anda juga perlu memasang bar penguat, juga dikenali sebagai bar rebars. Ini akan mencegah konkrit daripada retak atau pecah dan memberikan kekuatan tambahan.</p>\r\n\r\n<p style=\"text-align:justify\"><strong><span style=\"font-size:16px\">&bull; Tuangkan dan ratakan</span></strong></p>\r\n\r\n<p style=\"text-align:justify\">Kini anda bersedia untuk menuangkan. Pembekal konkrit anda akan tiba dengan mudah di tapak untuk mencampurkan konkrit anda. Mereka akan memberi nasihat tentang campuran, yang kemudian anda boleh tuangkan dengan segera, meratakan dan mengadun semasa anda pergi. Ingat bahawa pembekal konkrit atau kontraktor pembinaan anda boleh memberi nasihat semasa proses ini.</p>\r\n\r\n<p style=\"text-align:justify\"><span style=\"font-size:16px\"><strong>&bull; Pengerikan, pengapit dan penyodok </strong></span></p>\r\n\r\n<p style=\"text-align:justify\">Selepas konkrit dihamparkan, gunakan papan pengerik untuk menyingkirkan sebarang konkrit yang berlebihan dan meluruskannya. Seterusnya, untuk meratakan konkrit kepada kemasan yang lebih profesional, pengapungan perlu dilakukan untuk melicinkan permukaan dan menghilangkan kecacatan. Sebatang pengapit boleh menjadi sekeping kayu rata atau sekeping logam dengan pemegang sepanjang panjang - pengapit lembu adalah lebih besar dan biasanya digunakan dalam projek berskala besar. Pilih alatan yang paling sesuai untuk saiz dan skala kerja. Akhir sekali, gunakan penyodok untuk memberikan satu sentuhan akhir untuk mencapai kemasan yang sempurna.</p>\r\n\r\n<p style=\"text-align:justify\"><span style=\"font-size:16px\"><strong>&bull; Lindungi pengecoran </strong></span></p>\r\n\r\n<p style=\"text-align:justify\">Semasa konkrit sedang mengeras, pastikan ia dilindungi dari elemen atau input lain sama ada menggunakan selimut kering atau sehelai plastik. Mintalah nasihat individu daripada pembekal konkrit yang dipercayai anda mengenai cara melindungi pengecoran anda.</p>\r\n\r\n<p style=\"text-align:justify\"><span style=\"font-size:24px\"><strong>KUNCI UTAMA </strong></span></p>\r\n\r\n<p style=\"text-align:justify\">Konkrit siap campur adalah bahan penting dalam pelbagai projek pembinaan, menyediakan kekuatan dan ketahanan yang diperlukan untuk tapak asas, dinding, terowong, dan sokongan jambatan. Ia juga memudahkan pemasangan lorong pejalan kaki, menyumbang kepada proses pembinaan yang lancar dan struktur yang tahan lama, serta mengurangkan keperluan penyelenggaraan. Dengan formulasi yang tepat dan kemudahannya dalam penggunaan, konkrit siap campur menjadi pilihan utama dalam industri pembinaan. SEMIX SDN BHD menawarkan konkrit siap campur unggul, direka khas untuk meningkatkan projek pembinaan di Malaysia. Hubungi kami hari ini untuk maklumat lanjut atau penilaian percuma. Dari plat mudah hingga laluan masuk kereta, kami menyediakan campuran konkrit berkualiti tinggi untuk rumah dan perniagaan di seluruh Jerteh dan sekitarnya. Hubungi kami untuk sebut harga atau nasihat mesra untuk projek anda yang akan datang.</p>\r\n\r\n<p style=\"text-align:justify\">SEMIX SDN BHD berpusat di Jerteh, tetapi menawarkan perkhidmatan kontraktor konkrit kepada pelanggan di sekitar kawasan seperti berikut :-</p>\r\n\r\n<ul>\r\n	<li style=\"text-align: justify;\">Limbongan&nbsp;</li>\r\n	<li style=\"text-align: justify;\">Permaisuri&nbsp;</li>\r\n	<li style=\"text-align: justify;\">Perupok</li>\r\n	<li style=\"text-align: justify;\">Semerak &nbsp;</li>\r\n	<li style=\"text-align: justify;\">Saujana Setiu&nbsp;&nbsp;</li>\r\n</ul>\r\n\r\n<p style=\"text-align:justify\">Jika anda mencari syarikat yang pakar untuk membekalkan konkrit anda, SEMIX SDN BHD adalah pilihan yang sempurna. Kami adalah pembekal konkrit utama di kawasan ini dan boleh menuangkan untuk apa-apa projek yang anda perlukan, sama ada asas, laluan kereta atau laman. Untuk maklumat lanjut, hubungi kami hari ini&nbsp;0128326682 / <a href=\"https://wa.me/0128326682\">https://wa.me/0128326682</a></p>\r\n\r\n<p>&nbsp;</p>','2024-04-25 08:10:22.000000','2024-04-29 03:13:38.113720'),(22,'10 PETUA UTAMA UNTUK BERSEDIA UNTUK PENGHANTARAN KONKRIT ANDA','10-petua-utama-untuk-bersedia-untuk-penghantaran-konkrit-anda','static/img/blog/concrete_Y5mSHMo.jpeg','KCK','Adakah anda sedang menghantar konkrit ke premis anda? Jika ya, berikut adalah beberapa idea berguna untuk memastikan penghantaran anda berkesan, selamat, dan berjaya.','<p style=\"text-align:justify\"><strong><span style=\"font-size:20px\">10 PETUA UTAMA UNTUK BERSEDIA UNTUK PENGHANTARAN KONKRIT ANDA </span></strong></p>\r\n\r\n<p style=\"text-align:justify\">Adakah anda sedang menghantar konkrit ke premis anda? Jika ya, berikut adalah beberapa idea berguna untuk memastikan penghantaran anda berkesan, selamat, dan berjaya.</p>\r\n\r\n<p style=\"text-align:justify\">Berikut adalah 10 tips untuk memastikan penghantaran konkrit anda berjalan lancar.</p>\r\n\r\n<p style=\"text-align:justify\">Perlukan bekalan konkrit untuk tapak anda? Hubungi kami untuk dapatkan sebut harga melalui 0128326682 / <a href=\"https://wa.me/0128326682\">https://wa.me/0128326682</a></p>\r\n\r\n<p style=\"text-align:justify\"><span style=\"font-size:18px\"><strong>1. ADA RUANG UNTUK TRAK PENGHANTARAN? </strong></span></p>\r\n\r\n<p style=\"text-align:justify\">Trak penghantaran konkrit adalah kenderaan yang besar dan panjangnya boleh mencapai kira-kira 11 meter serta memerlukan beberapa meter ruang lapang di kedua belah sisinya.</p>\r\n\r\n<p style=\"text-align:justify\">Pastikan tidak ada kereta yang diparkir di jalan anda, atau jika anda mempunyai pintu pagar yang sempit. Pastikan juga susunan jalan anda tidak akan sukar untuk kenderaan, seperti jalan mati atau jalan buntu. Beritahu pembekal anda mengenai halangan ini supaya mereka boleh membuat penyesuaian.</p>\r\n\r\n<p style=\"text-align:justify\"><span style=\"font-size:18px\"><strong>2. BERSIHKAN PINTU MASUK TAPAK DAN BUKA RUANG </strong></span></p>\r\n\r\n<p style=\"text-align:justify\">Adalah idea yang baik untuk menyediakan tapak sehari sebelum penghantaran. Pastikan tanah itu rata dengan memadatkan dan membasahi tanah, serta membersihkan apa-apa sisa seperti batu, konkrit lama, atau semak dari kawasan tersebut.</p>\r\n\r\n<p style=\"text-align:justify\"><span style=\"font-size:18px\"><strong>3. MEMASANG KERANGKA </strong></span></p>\r\n\r\n<p style=\"text-align:justify\">Kerangka merupakan penghalang kayu yang dipasang di sekeliling tapak tuangan yang membentuk bentuk plat konkrit. Untuk memastikan kejayaan projek anda, gunakan kepingan kayu yang tebal untuk membuat kerangka cukup kuat untuk menampung konkrit.</p>\r\n\r\n<p style=\"text-align:justify\"><span style=\"font-size:18px\"><strong>4. MENYEDIAKAN STAF ANDA </strong></span></p>\r\n\r\n<p style=\"text-align:justify\">Jika anda akan menghantar konkrit ke premis komersial anda, maka anda perlu memastikan staf anda bersedia. Adakah mereka memakai pakaian yang betul? Adakah mereka tahu tanggungjawab mereka? Menjadi teratur akan memastikan keselamatan dan kecekapan projek anda.</p>\r\n\r\n<p style=\"text-align:justify\"><span style=\"font-size:18px\"><strong>5. KESELAMATAN </strong></span></p>\r\n\r\n<p style=\"text-align:justify\">Adalah penting untuk berhati-hati terhadap keselamatan, jadi pastikan bahawa anda dan staf anda memakai:</p>\r\n\r\n<ul>\r\n	<li style=\"text-align:justify\">Baju lengan panjang dan seluar</li>\r\n	<li style=\"text-align:justify\">Sarung tangan getah</li>\r\n	<li style=\"text-align:justify\">Perlindungan mata</li>\r\n	<li style=\"text-align:justify\">But kasut getah yang besar</li>\r\n</ul>\r\n\r\n<p style=\"text-align:justify\"><span style=\"font-size:18px\"><strong>6. DAPATKAN PERALATAN YANG BETUL </strong></span></p>\r\n\r\n<p style=\"text-align:justify\">Adalah berguna untuk menyimpan peralatan yang berkaitan berdekatan dan bersedia digunakan. Ini termasuk alatan seperti:</p>\r\n\r\n<ul>\r\n	<li style=\"text-align:justify\">Penukul</li>\r\n	<li style=\"text-align:justify\">Sudip</li>\r\n	<li style=\"text-align:justify\">Tali dan tiang</li>\r\n	<li style=\"text-align:justify\">Aras spirit</li>\r\n	<li style=\"text-align:justify\">Kain terpal</li>\r\n</ul>\r\n\r\n<p style=\"text-align:justify\"><strong><span style=\"font-size:18px\">7. PERIKSA RAMALAN CUACA </span></strong></p>\r\n\r\n<p style=\"text-align:justify\">Untuk mengelakkan sebarang situasi yang membahayakan, periksa ramalan cuaca sebelum hari penghantaran. Jika cuaca akan buruk, seperti hujan lebat tiba-tiba atau ribut, anda boleh mengambil langkah-langkah untuk mengelakkan ia daripada memberi kesan kepada projek anda. Anda boleh menutup kawasan untuk melindungi konkrit dan pekerja, atau membuat rancangan tindakan khusus.</p>\r\n\r\n<p style=\"text-align:justify\"><span style=\"font-size:18px\"><strong>8. PASTIKAN ANDA TELAH MENYEDIAKAN JUMLAH BETUL KONKRIT </strong></span></p>\r\n\r\n<p style=\"text-align:justify\">Ia akan menjadi mimpi ngeri pada hari penghantaran jika menerima jumlah konkrit yang salah. Untungnya, di SEMIX SDN BHD, kami hanya mengenakan bayaran untuk apa yang anda gunakan bermakna ia tidak menjadi masalah jika anda melebihi sedikit. Walau bagaimanapun, pastikan untuk memesan jumlah konkrit yang mencukupi untuk mengelakkan bayaran penghantaran yang lain - berbincang dengan pembekal anda lebih awal untuk memastikan.</p>\r\n\r\n<p style=\"text-align:justify\"><span style=\"font-size:18px\"><strong>9. MAKLUMKAN KEPADA JIRAN </strong></span></p>\r\n\r\n<p style=\"text-align:justify\">Ia adalah sopan serta lebih baik untuk memberitahu jiran anda tentang penghantaran konkrit anda. Mereka boleh memindahkan mana-mana kereta dari jalan, dan tidak akan terkejut dengan bunyi bising atau trak konkrit bergerak di jalan.</p>\r\n\r\n<p style=\"text-align:justify\"><strong><span style=\"font-size:18px\">10. PILIH KAEDAH PEMINDAHAN KONKRIT ANDA </span></strong></p>\r\n\r\n<p style=\"text-align:justify\">Sebelum konkrit tiba, anda perlu memilih kaedah yang akan digunakan untuk memindahkannya dari trak. Jika anda perlu menggunakan kereta sorong, pastikan anda mempunyai buruh yang mencukupi untuk melakukan kerja ini. Jika lokasi menuangkan terlalu jauh dari trak, maka anda perlu menggunakan pam konkrit untuk memindahkannya.</p>\r\n\r\n<p><span style=\"font-size:20px\"><strong>KUNCI UTAMA </strong></span></p>\r\n\r\n<p style=\"text-align:justify\">Konkrit siap campur adalah bahan penting dalam pelbagai projek pembinaan, menyediakan kekuatan dan ketahanan yang diperlukan untuk tapak asas, dinding, terowong, dan sokongan jambatan. Ia juga memudahkan pemasangan lorong pejalan kaki, menyumbang kepada proses pembinaan yang lancar dan struktur yang tahan lama, serta mengurangkan keperluan penyelenggaraan. Dengan formulasi yang tepat dan kemudahannya dalam penggunaan, konkrit siap campur menjadi pilihan utama dalam industri pembinaan. SEMIX SDN BHD menawarkan konkrit siap campur unggul, direka khas untuk meningkatkan projek pembinaan di Malaysia. Hubungi kami hari ini untuk maklumat lanjut atau penilaian percuma. Dari plat mudah hingga laluan masuk kereta, kami menyediakan campuran konkrit berkualiti tinggi untuk rumah dan perniagaan di seluruh Jerteh dan sekitarnya. Hubungi kami untuk sebut harga atau nasihat mesra untuk projek anda yang akan datang.</p>\r\n\r\n<p style=\"text-align:justify\">SEMIX SDN BHD berpusat di Jerteh, tetapi menawarkan perkhidmatan kontraktor konkrit kepada pelanggan di sekitar kawasan seperti berikut :-</p>\r\n\r\n<ul>\r\n	<li style=\"text-align: justify;\">Gaal</li>\r\n	<li style=\"text-align: justify;\">Hulu Besut&nbsp;</li>\r\n	<li style=\"text-align: justify;\">Jabi</li>\r\n	<li style=\"text-align: justify;\">Kota Putera&nbsp;</li>\r\n	<li style=\"text-align: justify;\">Kuala Besut&nbsp;</li>\r\n</ul>\r\n\r\n<p style=\"text-align:justify\">Jika anda mencari syarikat yang pakar untuk membekalkan konkrit anda, SEMIX SDN BHD adalah pilihan yang sempurna. Kami adalah pembekal konkrit utama di kawasan ini dan boleh menuangkan untuk apa-apa projek yang anda perlukan, sama ada asas, laluan kereta atau laman. Untuk maklumat lanjut, hubungi kami hari ini&nbsp;0128326682 / <a href=\"https://wa.me/0128326682\">https://wa.me/0128326682</a></p>','2024-04-25 08:40:20.000000','2024-05-05 04:48:19.165482'),(24,'CARA PENGANGKUTAN KONKRIT READY MIX YANG BETUL','cara-pengangkutan-konkrit-ready-mix-yang-betul','static/img/blog/photo_2024-05-22_10-33-14.jpg','KCK','Pengangkutan konkrit ready mix juga perlu dilakukan dengan berhati-hati untuk memastikan kualitinya tidak terjejas. Artikel ini akan membincangkan panduan penting dalam pengangkutan konkrit ready mix.','<p style=\"text-align:justify\"><span style=\"font-size:11pt\"><span style=\"font-family:Calibri,sans-serif\"><span style=\"font-size:12.0pt\"><span style=\"font-family:&quot;Times New Roman&quot;,serif\">1. Jenis Kenderaan:</span></span></span></span></p>\r\n\r\n<p style=\"text-align:justify\"><span style=\"font-size:11pt\"><span style=\"font-family:Calibri,sans-serif\"><span style=\"font-size:12.0pt\"><span style=\"font-family:&quot;Times New Roman&quot;,serif\">&nbsp;&nbsp; Kenderaan yang digunakan untuk mengangkut konkrit ready mix mestilah sesuai dan dilengkapi dengan mixer berputar untuk memastikan konkrit sentiasa berada dalam keadaan cair dan tidak mengeras semasa perjalanan. Lori konkrit (concrete mixer truck) adalah kenderaan yang paling sesuai untuk digunakan.</span></span></span></span></p>\r\n\r\n<p style=\"text-align:justify\">&nbsp;</p>\r\n\r\n<p style=\"text-align:justify\"><span style=\"font-size:11pt\"><span style=\"font-family:Calibri,sans-serif\"><span style=\"font-size:12.0pt\"><span style=\"font-family:&quot;Times New Roman&quot;,serif\">2. Waktu Pengangkutan:</span></span></span></span></p>\r\n\r\n<p style=\"text-align:justify\"><span style=\"font-size:11pt\"><span style=\"font-family:Calibri,sans-serif\"><span style=\"font-size:12.0pt\"><span style=\"font-family:&quot;Times New Roman&quot;,serif\">&nbsp;&nbsp; Pengangkutan perlu dilakukan pada waktu yang sesuai dan elakkan dari melakukan penghantaran pada waktu puncak atau cuaca buruk. Ini bagi memastikan konkrit sampai ke tapak pembinaan dalam tempoh masa yang ditetapkan dan dalam keadaan yang baik. Waktu pengangkutan yang ideal adalah pada awal pagi atau lewat petang untuk mengelakkan cuaca panas yang melampau.</span></span></span></span></p>\r\n\r\n<p style=\"text-align:justify\">&nbsp;</p>\r\n\r\n<p style=\"text-align:justify\"><span style=\"font-size:11pt\"><span style=\"font-family:Calibri,sans-serif\"><span style=\"font-size:12.0pt\"><span style=\"font-family:&quot;Times New Roman&quot;,serif\">3. Tempoh Pengangkutan:</span></span></span></span></p>\r\n\r\n<p style=\"text-align:justify\"><span style=\"font-size:11pt\"><span style=\"font-family:Calibri,sans-serif\"><span style=\"font-size:12.0pt\"><span style=\"font-family:&quot;Times New Roman&quot;,serif\">&nbsp;&nbsp; Masa perjalanan dari loji pencampuran ke tapak pembinaan haruslah sesingkat mungkin. Masa yang panjang boleh menyebabkan konkrit mula mengeras sebelum sampai ke destinasi. Tempoh ideal adalah kurang dari 90 minit dari waktu pencampuran.</span></span></span></span></p>\r\n\r\n<p style=\"text-align:justify\">&nbsp;</p>\r\n\r\n<p style=\"text-align:justify\"><span style=\"font-size:11pt\"><span style=\"font-family:Calibri,sans-serif\"><span style=\"font-size:12.0pt\"><span style=\"font-family:&quot;Times New Roman&quot;,serif\">4. Pengendalian Semasa Pengangkutan:</span></span></span></span></p>\r\n\r\n<p style=\"text-align:justify\"><span style=\"font-size:11pt\"><span style=\"font-family:Calibri,sans-serif\"><span style=\"font-size:12.0pt\"><span style=\"font-family:&quot;Times New Roman&quot;,serif\">&nbsp;&nbsp; Semasa dalam perjalanan, kelajuan dan cara pemanduan perlu dijaga. Pergerakan yang terlalu agresif atau jalan yang terlalu beralun boleh menyebabkan segregasi atau pemisahan bahan dalam konkrit, yang akan menjejaskan kualiti konkrit apabila sampai ke tapak pembinaan.</span></span></span></span></p>\r\n\r\n<p style=\"text-align:justify\">&nbsp;</p>\r\n\r\n<p style=\"text-align:justify\"><strong>KESIMPULAN</strong></p>\r\n\r\n<p style=\"text-align:justify\"><span style=\"font-size:11pt\"><span style=\"font-family:Calibri,sans-serif\"><span style=\"font-size:12.0pt\"><span style=\"font-family:&quot;Times New Roman&quot;,serif\">Dengan mengikuti panduan-panduan di atas, kualiti konkrit ready mix dapat dikekalkan dari proses penyimpanan hingga ke pengangkutan, memastikan bahan ini sentiasa dalam keadaan optimum untuk digunakan dalam sebarang projek pembinaan. Penjagaan yang teliti terhadap penyimpanan dan pengangkutan bukan sahaja menjamin kualiti konkrit tetapi juga keselamatan dan keberkesanan dalam pelaksanaan projek pembinaan.</span></span></span></span></p>\r\n\r\n<p style=\"text-align:justify\">&nbsp;</p>\r\n\r\n<p style=\"text-align:justify\"><span style=\"font-size:11pt\"><span style=\"font-family:Calibri,sans-serif\"><span style=\"font-size:12.0pt\"><span style=\"font-family:&quot;Times New Roman&quot;,serif\">Hubungi kami, SEMIX SDN BHD di&nbsp;</span></span></span></span>0128326682 /&nbsp;<a href=\"https://wa.me/0128326682\">https://wa.me/0128326682</a>&nbsp;untuk mendapatkan bekalan konkrit ready mix yang berkualiti dari kami.</p>','2024-05-26 02:09:00.000000','2024-05-27 00:40:13.644853'),(25,'TIPS MENANGANI KELEMBAPAN DALAM KONKRIT READY MIX','tips-menangani-kelembapan-dalam-konkrit-ready-mix','static/img/blog/photo_2024-05-22_10-33-14_LRfiTie.jpg','KCK','Kelembapan dalam konkrit ready mix adalah salah satu faktor kritikal yang akan mempengaruhi kekuatan, ketahanan, dan kualiti keseluruhan konkrit. Menguruskan kelembapan konkrit ready mix dengan betul adalah penting untuk memastikan hasil akhir yang optimum.','<p style=\"text-align:justify\"><span style=\"font-size:11pt\"><span style=\"font-family:Calibri,sans-serif\"><strong><span style=\"font-size:12.0pt\"><span style=\"font-family:&quot;Times New Roman&quot;,serif\">Tips Menangani Kelembapan dalam Konkrit Ready Mix</span></span></strong></span></span></p>\r\n\r\n<p style=\"text-align:justify\"><span style=\"font-size:11pt\"><span style=\"font-family:Calibri,sans-serif\"><strong><span style=\"font-size:12.0pt\"><span style=\"font-family:&quot;Times New Roman&quot;,serif\">1. Pemantauan Kelembapan Bahan Mentah</span></span></strong></span></span></p>\r\n\r\n<ul>\r\n	<li style=\"text-align:justify\"><span style=\"font-size:11pt\"><span style=\"font-family:Calibri,sans-serif\"><span style=\"font-size:12.0pt\"><span style=\"font-family:&quot;Times New Roman&quot;,serif\">Pemeriksaan Agregat: Pastikan agregat (pasir, batu, dll.) berada dalam keadaan kelembapan yang sesuai sebelum dicampur. Agregat yang terlalu lembap atau terlalu kering boleh menyebabkan ketidakseimbangan dalam nisbah campuran.</span></span></span></span></li>\r\n	<li style=\"text-align:justify\"><span style=\"font-size:11pt\"><span style=\"font-family:Calibri,sans-serif\"><span style=\"font-size:12.0pt\"><span style=\"font-family:&quot;Times New Roman&quot;,serif\">Penggunaan Sensor Kelembapan: Pasang sensor kelembapan di loji pencampuran untuk memantau tahap kelembapan agregat secara real-time.</span></span></span></span></li>\r\n</ul>\r\n\r\n<p style=\"text-align:justify\">&nbsp;</p>\r\n\r\n<p style=\"text-align:justify\"><span style=\"font-size:11pt\"><span style=\"font-family:Calibri,sans-serif\"><strong><span style=\"font-size:12.0pt\"><span style=\"font-family:&quot;Times New Roman&quot;,serif\">2. Pengawalan Nisbah Air-Kepada-Simen (W/C Ratio)</span></span></strong></span></span></p>\r\n\r\n<ul>\r\n	<li style=\"text-align:justify\"><span style=\"font-size:11pt\"><span style=\"font-family:Calibri,sans-serif\"><span style=\"font-size:12.0pt\"><span style=\"font-family:&quot;Times New Roman&quot;,serif\">Penyelarasan Nisbah Air-Kepada-Simen: Sentiasa sesuaikan nisbah air-kepada-simen berdasarkan kelembapan agregat. Nisbah W/C yang betul adalah kunci untuk mendapatkan kekuatan konkrit yang optimum.</span></span></span></span></li>\r\n	<li style=\"text-align:justify\"><span style=\"font-size:11pt\"><span style=\"font-family:Calibri,sans-serif\"><span style=\"font-size:12.0pt\"><span style=\"font-family:&quot;Times New Roman&quot;,serif\">Penggunaan Air Tambahan yang Terkawal: Jika diperlukan, tambahkan air secara terkawal semasa pencampuran untuk mencapai konsistensi yang diingini tanpa melebihi nisbah W/C yang ditetapkan.</span></span></span></span></li>\r\n</ul>\r\n\r\n<p style=\"text-align:justify\">&nbsp;</p>\r\n\r\n<p style=\"text-align:justify\"><span style=\"font-size:11pt\"><span style=\"font-family:Calibri,sans-serif\"><strong><span style=\"font-size:12.0pt\"><span style=\"font-family:&quot;Times New Roman&quot;,serif\">3. Penggunaan Bahan Tambahan</span></span></strong></span></span></p>\r\n\r\n<ul>\r\n	<li style=\"text-align:justify\"><span style=\"font-size:11pt\"><span style=\"font-family:Calibri,sans-serif\"><span style=\"font-size:12.0pt\"><span style=\"font-family:&quot;Times New Roman&quot;,serif\">Penggunaan Admixtures: Tambahkan bahan tambahan seperti superplasticizers untuk meningkatkan kebolehkerjaan konkrit tanpa menambah jumlah air.</span></span></span></span></li>\r\n	<li style=\"text-align:justify\"><span style=\"font-size:11pt\"><span style=\"font-family:Calibri,sans-serif\"><span style=\"font-size:12.0pt\"><span style=\"font-family:&quot;Times New Roman&quot;,serif\">Penggunaan Penstabil Kelembapan: Bahan seperti silica fume atau fly ash boleh membantu mengawal kelembapan dalam campuran konkrit.</span></span></span></span></li>\r\n</ul>\r\n\r\n<p style=\"text-align:justify\">&nbsp;</p>\r\n\r\n<p style=\"text-align:justify\"><span style=\"font-size:11pt\"><span style=\"font-family:Calibri,sans-serif\"><strong><span style=\"font-size:12.0pt\"><span style=\"font-family:&quot;Times New Roman&quot;,serif\">4. Pengendalian dan Penyimpanan yang Betul</span></span></strong></span></span></p>\r\n\r\n<ul>\r\n	<li style=\"text-align:justify\"><span style=\"font-size:11pt\"><span style=\"font-family:Calibri,sans-serif\"><span style=\"font-size:12.0pt\"><span style=\"font-family:&quot;Times New Roman&quot;,serif\">Penyimpanan Agregat: Simpan agregat di kawasan yang terlindung daripada hujan dan sumber air lain untuk mengelakkan peningkatan kelembapan.</span></span></span></span></li>\r\n	<li style=\"text-align:justify\"><span style=\"font-size:11pt\"><span style=\"font-family:Calibri,sans-serif\"><span style=\"font-size:12.0pt\"><span style=\"font-family:&quot;Times New Roman&quot;,serif\">Perlindungan Semasa Pengangkutan: Tutup trak mixer dengan tarpaulin atau penutup lain untuk melindungi konkrit daripada hujan atau kelembapan udara tinggi.</span></span></span></span></li>\r\n</ul>\r\n\r\n<p style=\"text-align:justify\">&nbsp;</p>\r\n\r\n<p style=\"text-align:justify\"><span style=\"font-size:11pt\"><span style=\"font-family:Calibri,sans-serif\"><strong><span style=\"font-size:12.0pt\"><span style=\"font-family:&quot;Times New Roman&quot;,serif\">5. Pengawalan Kelembapan di Tapak Projek</span></span></strong></span></span></p>\r\n\r\n<ul>\r\n	<li style=\"text-align:justify\"><span style=\"font-size:11pt\"><span style=\"font-family:Calibri,sans-serif\"><span style=\"font-size:12.0pt\"><span style=\"font-family:&quot;Times New Roman&quot;,serif\">Penyediaan Tapak: Pastikan tapak projek bersih dan kering sebelum penuangan konkrit. Air yang terkumpul di tapak boleh mengubah kandungan kelembapan konkrit.</span></span></span></span></li>\r\n	<li style=\"text-align:justify\"><span style=\"font-size:11pt\"><span style=\"font-family:Calibri,sans-serif\"><span style=\"font-size:12.0pt\"><span style=\"font-family:&quot;Times New Roman&quot;,serif\">Penjagaan Selepas Penuangan: Tutup konkrit yang telah dituang dengan kanvas atau plastik untuk mengurangkan kehilangan kelembapan yang cepat, yang boleh menyebabkan retakan.</span></span></span></span></li>\r\n</ul>\r\n\r\n<p style=\"text-align:justify\">&nbsp;</p>\r\n\r\n<p style=\"text-align:justify\"><span style=\"font-size:11pt\"><span style=\"font-family:Calibri,sans-serif\"><strong><span style=\"font-size:12.0pt\"><span style=\"font-family:&quot;Times New Roman&quot;,serif\">6. Pengukuran dan Ujian Berkala</span></span></strong></span></span></p>\r\n\r\n<ul>\r\n	<li style=\"text-align:justify\"><span style=\"font-size:11pt\"><span style=\"font-family:Calibri,sans-serif\"><span style=\"font-size:12.0pt\"><span style=\"font-family:&quot;Times New Roman&quot;,serif\">Ujian Slump: Lakukan ujian slump secara berkala untuk memastikan konsistensi konkrit berada dalam julat yang diingini.</span></span></span></span></li>\r\n	<li style=\"text-align:justify\"><span style=\"font-size:11pt\"><span style=\"font-family:Calibri,sans-serif\"><span style=\"font-size:12.0pt\"><span style=\"font-family:&quot;Times New Roman&quot;,serif\">Ujian Kekuatan Tekan: Ambil sampel konkrit untuk ujian kekuatan tekan selepas beberapa hari untuk memeriksa keberhasilan pengawalan kelembapan.</span></span></span></span></li>\r\n</ul>\r\n\r\n<p style=\"text-align:justify\">&nbsp;</p>\r\n\r\n<p style=\"text-align:justify\"><span style=\"font-size:11pt\"><span style=\"font-family:Calibri,sans-serif\"><strong><span style=\"font-size:12.0pt\"><span style=\"font-family:&quot;Times New Roman&quot;,serif\">7. Penggunaan Teknologi Terkini</span></span></strong></span></span></p>\r\n\r\n<ul>\r\n	<li style=\"text-align:justify\"><span style=\"font-size:11pt\"><span style=\"font-family:Calibri,sans-serif\"><span style=\"font-size:12.0pt\"><span style=\"font-family:&quot;Times New Roman&quot;,serif\">Sistem Pemantauan Kelembapan Automatik: Gunakan teknologi terkini seperti sistem pemantauan kelembapan automatik untuk mengawal dan menyesuaikan kelembapan dalam masa nyata.</span></span></span></span></li>\r\n	<li style=\"text-align:justify\"><span style=\"font-size:11pt\"><span style=\"font-family:Calibri,sans-serif\"><span style=\"font-size:12.0pt\"><span style=\"font-family:&quot;Times New Roman&quot;,serif\">Software Pengurusan Campuran: Gunakan perisian pengurusan campuran konkrit yang dapat membantu mengira dan mengawal nisbah campuran berdasarkan data kelembapan semasa.</span></span></span></span></li>\r\n</ul>\r\n\r\n<p style=\"text-align:justify\">&nbsp;</p>\r\n\r\n<p style=\"text-align:justify\"><span style=\"font-size:11pt\"><span style=\"font-family:Calibri,sans-serif\"><strong><span style=\"font-size:12.0pt\"><span style=\"font-family:&quot;Times New Roman&quot;,serif\">Kesimpulan</span></span></strong></span></span></p>\r\n\r\n<p style=\"text-align:justify\"><span style=\"font-size:11pt\"><span style=\"font-family:Calibri,sans-serif\"><span style=\"font-size:12.0pt\"><span style=\"font-family:&quot;Times New Roman&quot;,serif\">Mengendalikan kelembapan dalam konkrit ready mix memerlukan perhatian yang teliti dan pemantauan yang berterusan. Dengan mengikuti tips di atas, anda boleh memastikan konkrit ready mix yang digunakan dalam projek pembinaan anda mencapai kualiti dan kekuatan yang optimum. Sentiasa ingat bahawa kawalan kelembapan adalah kunci kepada kejayaan dalam projek pembinaan yang melibatkan konkrit ready mix.</span></span></span></span></p>','2024-06-06 07:16:45.000000','2024-06-06 07:17:00.351228'),(26,'PILIH PEMBEKAL KONKRIT SIAP CAMPUR YANG BOLEH DIPERCAYAI DENGAN 5 LANGKAH MUDAH','pilih-pembekal-konkrit-siap-campur-yang-boleh-dipercayai-dengan-5-langkah-mudah','static/img/blog/photo_2024-05-22_10-36-26.jpg','KCK','Apabila mencari pembekal konkrit siap campur yang boleh dipercayai di kawasan anda, seperti Semix Sdn Bhd, adalah penting untuk menilai dengan teliti banyak pilihan yang tersedia. Jangan hanya pilih pembekal pertama yang anda jumpa. Nilai dahulu kebolehpercayaan mereka menggunakan beberapa kaedah.\r\nDengan mengikuti beberapa langkah strategik, anda boleh memastikan bahawa pembekal konkrit yang anda pilih memenuhi piawaian dan keperluan anda.','<p style=\"text-align:justify\"><span style=\"font-size:11pt\"><span style=\"font-family:Calibri,sans-serif\"><strong><span style=\"font-size:12.0pt\"><span style=\"font-family:&quot;Times New Roman&quot;,serif\">Kunci Utama</span></span></strong></span></span></p>\r\n\r\n<p style=\"text-align:justify\"><span style=\"font-size:11pt\"><span style=\"font-family:Calibri,sans-serif\"><span style=\"font-size:12.0pt\"><span style=\"font-family:&quot;Times New Roman&quot;,serif\">1. Analisis ulasan dalam talian dan cadangan kontraktor untuk pembekal yang boleh dipercayai.</span></span></span></span></p>\r\n\r\n<p style=\"text-align:justify\"><span style=\"font-size:11pt\"><span style=\"font-family:Calibri,sans-serif\"><span style=\"font-size:12.0pt\"><span style=\"font-family:&quot;Times New Roman&quot;,serif\">2. Sahkan kelayakan pembekal, pematuhan, dan reputasi dalam komuniti pembinaan.</span></span></span></span></p>\r\n\r\n<p style=\"text-align:justify\"><span style=\"font-size:11pt\"><span style=\"font-family:Calibri,sans-serif\"><span style=\"font-size:12.0pt\"><span style=\"font-family:&quot;Times New Roman&quot;,serif\">3. Lawati kemudahan pembekal untuk menilai keupayaan pengeluaran dan proses kawalan kualiti.</span></span></span></span></p>\r\n\r\n<p style=\"text-align:justify\"><span style=\"font-size:11pt\"><span style=\"font-family:Calibri,sans-serif\"><span style=\"font-size:12.0pt\"><span style=\"font-family:&quot;Times New Roman&quot;,serif\">4. Bandingkan sebut harga dari pelbagai pembekal berdasarkan harga, kualiti, dan reputasi untuk nilai terbaik.</span></span></span></span></p>\r\n\r\n<p style=\"text-align:justify\">&nbsp;</p>\r\n\r\n<p style=\"text-align:justify\"><span style=\"font-size:11pt\"><span style=\"font-family:Calibri,sans-serif\"><strong><span style=\"font-size:12.0pt\"><span style=\"font-family:&quot;Times New Roman&quot;,serif\">1. Menganalisis Ulasan Dalam Talian</span></span></strong></span></span></p>\r\n\r\n<p style=\"text-align:justify\"><span style=\"font-size:11pt\"><span style=\"font-family:Calibri,sans-serif\"><span style=\"font-size:12.0pt\"><span style=\"font-family:&quot;Times New Roman&quot;,serif\">Mulakan dengan meneliti pelbagai ulasan dalam talian dari sumber yang dipercayai. Cari maklum balas tentang kualiti produk, ketepatan waktu penghantaran, perkhidmatan pelanggan, dan kepuasan keseluruhan. Fokus pada ulasan terperinci yang meliputi konsistensi dalam kualiti campuran dan kepatuhan kepada jadual penghantaran. Berhati-hati dengan ulasan negatif yang menyebut masalah dengan ketepatan pesanan atau perkhidmatan pelanggan yang buruk.</span></span></span></span></p>\r\n\r\n<p style=\"text-align:justify\">&nbsp;</p>\r\n\r\n<p style=\"text-align:justify\"><span style=\"font-size:11pt\"><span style=\"font-family:Calibri,sans-serif\"><span style=\"font-size:12.0pt\"><span style=\"font-family:&quot;Times New Roman&quot;,serif\">Pertimbangkan keseluruhan sentimen dan konsistensi maklum balas di pelbagai platform. Kenal pasti trend yang menunjukkan kebolehpercayaan. Pastikan kredibiliti sumber ulasan untuk menjamin bahawa mereka tulen dan tidak berat sebelah. Penilaian yang teliti ini dapat membantu anda memilih pembekal yang boleh dipercayai untuk projek anda.</span></span></span></span></p>\r\n\r\n<p style=\"text-align:justify\">&nbsp;</p>\r\n\r\n<p style=\"text-align:justify\"><span style=\"font-size:11pt\"><span style=\"font-family:Calibri,sans-serif\"><strong><span style=\"font-size:12.0pt\"><span style=\"font-family:&quot;Times New Roman&quot;,serif\">2. Mendapatkan Cadangan daripada Kontraktor</span></span></strong></span></span></p>\r\n\r\n<p style=\"text-align:justify\"><span style=\"font-size:11pt\"><span style=\"font-family:Calibri,sans-serif\"><span style=\"font-size:12.0pt\"><span style=\"font-family:&quot;Times New Roman&quot;,serif\">Berkonsultasi dengan kontraktor dapat memberikan pandangan berharga tentang pembekal yang boleh dipercayai. Kontraktor dengan pengalaman langsung dapat mencadangkan pembekal berdasarkan kualiti konkrit, kebolehpercayaan penghantaran, perkhidmatan pelanggan, dan kepuasan keseluruhan. Dengan menghubungi kontraktor yang telah menyelesaikan projek serupa, anda dapat mengumpulkan maklumat tentang pembekal yang secara konsisten memenuhi keperluan dan tarikh akhir projek. Mereka juga dapat memberi amaran tentang pembekal dengan sejarah kelewatan, kualiti tidak konsisten, atau perkhidmatan yang buruk, membantu anda mengelakkan masalah berpotensi.</span></span></span></span></p>\r\n\r\n<p style=\"text-align:justify\">&nbsp;</p>\r\n\r\n<p style=\"text-align:justify\"><span style=\"font-size:11pt\"><span style=\"font-family:Calibri,sans-serif\"><strong><span style=\"font-size:12.0pt\"><span style=\"font-family:&quot;Times New Roman&quot;,serif\">3. Menyemak Kelayakan Pembekal</span></span></strong></span></span></p>\r\n\r\n<p style=\"text-align:justify\"><span style=\"font-size:11pt\"><span style=\"font-family:Calibri,sans-serif\"><span style=\"font-size:12.0pt\"><span style=\"font-family:&quot;Times New Roman&quot;,serif\">Menguatkan kelayakan pembekal adalah penting. Ikuti langkah-langkah penting ini:</span></span></span></span></p>\r\n\r\n<p style=\"text-align:justify\"><strong><span style=\"font-size:11pt\"><span style=\"font-family:Calibri,sans-serif\"><span style=\"font-size:12.0pt\"><span style=\"font-family:&quot;Times New Roman&quot;,serif\">i. Lesen dan Sijil</span></span></span></span></strong></p>\r\n\r\n<p style=\"text-align:justify\"><span style=\"font-size:11pt\"><span style=\"font-family:Calibri,sans-serif\"><span style=\"font-size:12.0pt\"><span style=\"font-family:&quot;Times New Roman&quot;,serif\">&nbsp; - Pastikan pembekal mempunyai lesen yang diperlukan dan sijil dari badan industri yang berkaitan, menunjukkan pematuhan kepada piawaian kualiti.</span></span></span></span></p>\r\n\r\n<p style=\"text-align:justify\"><strong><span style=\"font-size:11pt\"><span style=\"font-family:Calibri,sans-serif\"><span style=\"font-size:12.0pt\"><span style=\"font-family:&quot;Times New Roman&quot;,serif\">ii. Reputasi dan Rekod Jejak</span></span></span></span></strong></p>\r\n\r\n<p style=\"text-align:justify\"><span style=\"font-size:11pt\"><span style=\"font-family:Calibri,sans-serif\"><span style=\"font-size:12.0pt\"><span style=\"font-family:&quot;Times New Roman&quot;,serif\">&nbsp; &nbsp;- Teliti reputasi pembekal dalam komuniti pembinaan. </span></span></span></span></p>\r\n\r\n<p style=\"text-align:justify\"><span style=\"font-size:11pt\"><span style=\"font-family:Calibri,sans-serif\"><span style=\"font-size:12.0pt\"><span style=\"font-family:&quot;Times New Roman&quot;,serif\">&nbsp; &nbsp;- Cari maklum balas dari klien terdahulu dan teliti ulasan dan penilaian dalam talian.</span></span></span></span></p>\r\n\r\n<p style=\"text-align:justify\"><strong><span style=\"font-size:11pt\"><span style=\"font-family:Calibri,sans-serif\"><span style=\"font-size:12.0pt\"><span style=\"font-family:&quot;Times New Roman&quot;,serif\">iii. Kestabilan Kewangan dan Insurans</span></span></span></span></strong></p>\r\n\r\n<p style=\"text-align:justify\"><span style=\"font-size:11pt\"><span style=\"font-family:Calibri,sans-serif\"><span style=\"font-size:12.0pt\"><span style=\"font-family:&quot;Times New Roman&quot;,serif\">&nbsp; - Taksir kestabilan kewangan pembekal dan sahkan liputan insurans yang sesuai. </span></span></span></span></p>\r\n\r\n<p style=\"text-align:justify\"><span style=\"font-size:11pt\"><span style=\"font-family:Calibri,sans-serif\"><span style=\"font-size:12.0pt\"><span style=\"font-family:&quot;Times New Roman&quot;,serif\">&nbsp; - Minta bukti sebelum memasuki sebarang perjanjian.</span></span></span></span></p>\r\n\r\n<p style=\"text-align:justify\">&nbsp;</p>\r\n\r\n<p style=\"text-align:justify\"><span style=\"font-size:11pt\"><span style=\"font-family:Calibri,sans-serif\"><strong><span style=\"font-size:12.0pt\"><span style=\"font-family:&quot;Times New Roman&quot;,serif\">4. Melawat Kemudahan Pembekal</span></span></strong></span></span></p>\r\n\r\n<p style=\"text-align:justify\"><span style=\"font-size:11pt\"><span style=\"font-family:Calibri,sans-serif\"><span style=\"font-size:12.0pt\"><span style=\"font-family:&quot;Times New Roman&quot;,serif\">Memeriksa kemudahan pembekal secara langsung membantu mengesahkan keupayaan pengeluaran dan standard kawalan kualiti. Cari loji yang diselenggara dengan baik, teratur, dan mematuhi peraturan keselamatan. Tanyakan tentang proses kawalan kualiti, prosedur pengujian, dan bagaimana pembekal menjaga kualiti konkrit. Tambahan pula, pertimbangkan jarak kemudahan ke tapak projek anda untuk mengurangkan kos pengangkutan dan memastikan penghantaran yang efisien.</span></span></span></span></p>\r\n\r\n<p style=\"text-align:justify\">&nbsp;</p>\r\n\r\n<p style=\"text-align:justify\"><span style=\"font-size:11pt\"><span style=\"font-family:Calibri,sans-serif\"><strong><span style=\"font-size:12.0pt\"><span style=\"font-family:&quot;Times New Roman&quot;,serif\">5. Minta Sebut Harga dan Membandingkan Harga</span></span></strong></span></span></p>\r\n\r\n<p style=\"text-align:justify\"><span style=\"font-size:11pt\"><span style=\"font-family:Calibri,sans-serif\"><span style=\"font-size:12.0pt\"><span style=\"font-family:&quot;Times New Roman&quot;,serif\">Dapatkan sebut harga dari beberapa pembekal dan lakukan analisis perbandingan harga yang teliti untuk memastikan nilai terbaik untuk projek anda. Ikuti langkah-langkah ini:</span></span></span></span></p>\r\n\r\n<p style=\"text-align:justify\"><strong><span style=\"font-size:11pt\"><span style=\"font-family:Calibri,sans-serif\"><span style=\"font-size:12.0pt\"><span style=\"font-family:&quot;Times New Roman&quot;,serif\">i. Minta Beberapa Sebut Harga</span></span></span></span></strong></p>\r\n\r\n<p style=\"text-align:justify\"><span style=\"font-size:11pt\"><span style=\"font-family:Calibri,sans-serif\"><span style=\"font-size:12.0pt\"><span style=\"font-family:&quot;Times New Roman&quot;,serif\">- Hubungi beberapa pembekal untuk mengumpulkan pelbagai sebut harga terperinci.</span></span></span></span></p>\r\n\r\n<p style=\"text-align:justify\"><strong><span style=\"font-size:11pt\"><span style=\"font-family:Calibri,sans-serif\"><span style=\"font-size:12.0pt\"><span style=\"font-family:&quot;Times New Roman&quot;,serif\">ii. Bandingkan Harga dan Kualiti</span></span></span></span></strong></p>\r\n\r\n<p style=\"text-align:justify\"><span style=\"font-size:11pt\"><span style=\"font-family:Calibri,sans-serif\"><span style=\"font-size:12.0pt\"><span style=\"font-family:&quot;Times New Roman&quot;,serif\">- Pertimbangkan kualiti konkrit, reputasi pembekal, dan kebolehpercayaan dalam memenuhi tarikh akhir, bukan hanya harga.</span></span></span></span></p>\r\n\r\n<p style=\"text-align:justify\"><strong><span style=\"font-size:11pt\"><span style=\"font-family:Calibri,sans-serif\"><span style=\"font-size:12.0pt\"><span style=\"font-family:&quot;Times New Roman&quot;,serif\">iii. Negosiasi dan Klarifikasi</span></span></span></span></strong></p>\r\n\r\n<p style=\"text-align:justify\"><span style=\"font-size:11pt\"><span style=\"font-family:Calibri,sans-serif\"><span style=\"font-size:12.0pt\"><span style=\"font-family:&quot;Times New Roman&quot;,serif\">- Negosiasi dengan pembekal dan jelaskan sebarang harga atau terma yang tidak jelas untuk mengelakkan salah faham.</span></span></span></span></p>\r\n\r\n<p style=\"text-align:justify\">&nbsp;</p>\r\n\r\n<p style=\"text-align:justify\"><span style=\"font-size:11pt\"><span style=\"font-family:Calibri,sans-serif\"><strong><span style=\"font-size:12.0pt\"><span style=\"font-family:&quot;Times New Roman&quot;,serif\">Kesimpulan</span></span></strong></span></span></p>\r\n\r\n<p style=\"text-align:justify\"><span style=\"font-size:11pt\"><span style=\"font-family:Calibri,sans-serif\"><span style=\"font-size:12.0pt\"><span style=\"font-family:&quot;Times New Roman&quot;,serif\">Mencari pembekal konkrit siap campur yang boleh dipercayai adalah penting untuk kejayaan projek pembinaan anda. Dengan mengikuti langkah-langkah ini, anda boleh memastikan bahawa anda memilih pembekal yang memenuhi keperluan dan jangkaan anda. Pembekal yang tepat dapat memberi kesan besar terhadap kualiti dan kecekapan projek anda, jadi jangan berpuas hati dengan yang kurang dari yang terbaik.</span></span></span></span></p>\r\n\r\n<p style=\"text-align:justify\"><span style=\"font-size:11pt\"><span style=\"font-family:Calibri,sans-serif\"><span style=\"font-size:12.0pt\"><span style=\"font-family:&quot;Times New Roman&quot;,serif\">Hubungi kami, SEMIX SDN BHD di 0128326682 / <span style=\"color:blue\"><u><a href=\"https://wa.me/0128326682\" style=\"color:blue; text-decoration:underline\">https://wa.me/0128326682</a></u></span> untuk mendapatkan bekalan konkrit ready mix yang berkualiti dari kami.</span></span></span></span></p>','2024-06-11 03:39:56.000000','2024-06-11 03:40:02.153609'),(27,'KONKRIT SIAP CAMPUR BOLEH MELELEH ATAU TERBAKAR?','konkrit-siap-campur-boleh-meleleh-atau-terbakar','static/img/blog/photo_2024-05-22_10-36-26_KF9KKv5.jpg','KCK','Anda mungkin pernah mendengar dakwaan bahawa konkrit tidak mudah terbakar dan tahan suhu tinggi, tetapi sejauh mana kebenaran dakwaan ini? Adakah konkrit sebenarnya boleh meleleh atau terbakar?','<p style=\"text-align:justify\"><span style=\"font-size:11pt\"><span style=\"font-family:Calibri,sans-serif\"><span style=\"font-size:12.0pt\"><span style=\"font-family:&quot;Times New Roman&quot;,serif\">Anda mungkin pernah mendengar dakwaan bahawa konkrit tidak mudah terbakar dan tahan suhu tinggi, tetapi sejauh mana kebenaran dakwaan ini? Adakah konkrit sebenarnya boleh meleleh atau terbakar?</span></span></span></span></p>\r\n\r\n<p style=\"text-align:justify\"><span style=\"font-size:11pt\"><span style=\"font-family:Calibri,sans-serif\"><span style=\"font-size:12.0pt\"><span style=\"font-family:&quot;Times New Roman&quot;,serif\">Berdasarkan pengetahuan umum, konkrit memang boleh terjejas oleh suhu tinggi dan mungkin mengalami kerosakan yang ketara apabila terdedah kepada haba yang ekstrem.</span></span></span></span></p>\r\n\r\n<p style=\"text-align:justify\"><span style=\"font-size:11pt\"><span style=\"font-family:Calibri,sans-serif\"><span style=\"font-size:12.0pt\"><span style=\"font-family:&quot;Times New Roman&quot;,serif\">Walaupun konkrit mengandungi unsur seperti pasir, kerikil, dan batu kapur yang memberikan ketahanan terhadap api, ia juga mengandungi air dan simen yang boleh bertindak balas secara negatif apabila terdedah kepada haba.</span></span></span></span></p>\r\n\r\n<p style=\"text-align:justify\"><span style=\"font-size:11pt\"><span style=\"font-family:Calibri,sans-serif\"><span style=\"font-size:12.0pt\"><span style=\"font-family:&quot;Times New Roman&quot;,serif\">Tindak balas ini boleh menyebabkan konkrit retak atau pecah (spalling), yang pada akhirnya menyebabkan kerosakan struktur.</span></span></span></span></p>\r\n\r\n<p style=\"text-align:justify\"><span style=\"font-size:11pt\"><span style=\"font-family:Calibri,sans-serif\"><span style=\"font-size:12.0pt\"><span style=\"font-family:&quot;Times New Roman&quot;,serif\">Jadi, jika anda merancang untuk menggunakan konkrit dalam persekitaran suhu tinggi atau sekadar ingin mengetahui prestasinya dalam keadaan ekstrem, teruskan membaca untuk mengetahui apa yang berlaku apabila bahan ini terdedah kepada haba yang intens.</span></span></span></span></p>\r\n\r\n<p style=\"text-align:justify\">&nbsp;</p>\r\n\r\n<p style=\"text-align:justify\"><span style=\"font-size:11pt\"><span style=\"font-family:Calibri,sans-serif\"><strong><span style=\"font-size:12.0pt\"><span style=\"font-family:&quot;Times New Roman&quot;,serif\">Memahami Komposisi Konkrit</span></span></strong></span></span></p>\r\n\r\n<p style=\"text-align:justify\"><span style=\"font-size:11pt\"><span style=\"font-family:Calibri,sans-serif\"><span style=\"font-size:12.0pt\"><span style=\"font-family:&quot;Times New Roman&quot;,serif\">Konkrit terutamanya terdiri daripada simen, air, dan agregat seperti pasir dan kerikil. Simen bertindak sebagai agen pengikat utama, membentuk pasta apabila dicampur dengan air yang melapisi setiap zarah agregat, menghasilkan jisim pejal apabila kering.</span></span></span></span></p>\r\n\r\n<p style=\"text-align:justify\"><span style=\"font-size:11pt\"><span style=\"font-family:Calibri,sans-serif\"><span style=\"font-size:12.0pt\"><span style=\"font-family:&quot;Times New Roman&quot;,serif\">Agregat menyumbang kepada sebahagian besar konkrit (60-80% dari segi isipadu), memberikan kepadatan dan mengurangkan susut semasa konkrit mengeras. Pasir adalah agregat utama yang digunakan, manakala batu besar atau kerikil ditambah untuk kekuatan struktur.</span></span></span></span></p>\r\n\r\n<p style=\"text-align:justify\"><span style=\"font-size:11pt\"><span style=\"font-family:Calibri,sans-serif\"><span style=\"font-size:12.0pt\"><span style=\"font-family:&quot;Times New Roman&quot;,serif\">Komposisi ini penting untuk menilai sama ada konkrit boleh meleleh atau terbakar, kerana sifat-sifatnya ditentukan oleh kekutubannya dan bagaimana ia bertindak balas terhadap haba.</span></span></span></span></p>\r\n\r\n<p style=\"text-align:justify\">&nbsp;</p>\r\n\r\n<p style=\"text-align:justify\"><span style=\"font-size:11pt\"><span style=\"font-family:Calibri,sans-serif\"><strong><span style=\"font-size:12.0pt\"><span style=\"font-family:&quot;Times New Roman&quot;,serif\">Kesan Haba Ekstrem ke atas Konkrit</span></span></strong></span></span></p>\r\n\r\n<p style=\"text-align:justify\"><span style=\"font-size:11pt\"><span style=\"font-family:Calibri,sans-serif\"><span style=\"font-size:12.0pt\"><span style=\"font-family:&quot;Times New Roman&quot;,serif\">Walaupun konkrit mungkin kelihatan tidak hancur berdasarkan komposisi simen, air, dan agregatnya, pendedahan kepada haba yang ekstrem boleh menyebabkan perubahan mendalam dalam ciri-ciri fizikal dan kimianya.</span></span></span></span></p>\r\n\r\n<p style=\"text-align:justify\"><span style=\"font-size:11pt\"><span style=\"font-family:Calibri,sans-serif\"><span style=\"font-size:12.0pt\"><span style=\"font-family:&quot;Times New Roman&quot;,serif\">Pada suhu melebihi 500 darjah Celsius (932 darjah Fahrenheit), konkrit mula kehilangan keintegritasan strukturnya apabila komponennya terdegradasi. Penguapan air secara mendadak dan perubahan kimia dalam simen menyebabkan penyusutan dan retakan, yang pada akhirnya mengakibatkan kegagalan.</span></span></span></span></p>\r\n\r\n<p style=\"text-align:justify\"><span style=\"font-size:11pt\"><span style=\"font-family:Calibri,sans-serif\"><span style=\"font-size:12.0pt\"><span style=\"font-family:&quot;Times New Roman&quot;,serif\">Selain itu, kadar pengembangan yang berbeza antara agregat dan pasta simen lebih lanjut melemahkan struktur konkrit di bawah suhu tinggi.</span></span></span></span></p>\r\n\r\n<p style=\"text-align:justify\"><span style=\"font-size:11pt\"><span style=\"font-family:Calibri,sans-serif\"><span style=\"font-size:12.0pt\"><span style=\"font-family:&quot;Times New Roman&quot;,serif\">Oleh itu, arkitek dan jurutera perlu mempertimbangkan pendedahan kepada suhu tinggi semasa merancang struktur konkrit seperti bangunan atau jambatan.</span></span></span></span></p>\r\n\r\n<p style=\"text-align:justify\">&nbsp;</p>\r\n\r\n<p style=\"text-align:justify\"><span style=\"font-size:11pt\"><span style=\"font-family:Calibri,sans-serif\"><strong><span style=\"font-size:12.0pt\"><span style=\"font-family:&quot;Times New Roman&quot;,serif\">Faktor yang Mempengaruhi Tindak Balas Konkrit terhadap Haba</span></span></strong></span></span></p>\r\n\r\n<p style=\"text-align:justify\"><span style=\"font-size:11pt\"><span style=\"font-family:Calibri,sans-serif\"><span style=\"font-size:12.0pt\"><span style=\"font-family:&quot;Times New Roman&quot;,serif\">Konkrit menjadi rentan dan rapuh apabila suhu meningkat, dengan tindak balasnya terhadap haba dipengaruhi oleh beberapa faktor:</span></span></span></span></p>\r\n\r\n<p style=\"text-align:justify\"><span style=\"font-size:11pt\"><span style=\"font-family:Calibri,sans-serif\"><span style=\"font-size:12.0pt\"><span style=\"font-family:&quot;Times New Roman&quot;,serif\">- Saiz agregat: Agregat yang lebih besar seperti batu dan kerikil umumnya lebih tahan terhadap haba berbanding yang lebih kecil.</span></span></span></span></p>\r\n\r\n<p style=\"text-align:justify\"><span style=\"font-size:11pt\"><span style=\"font-family:Calibri,sans-serif\"><span style=\"font-size:12.0pt\"><span style=\"font-family:&quot;Times New Roman&quot;,serif\">- Kandungan kelembapan: Konkrit basah lebih cenderung retak apabila terdedah kepada suhu ekstrem.</span></span></span></span></p>\r\n\r\n<p style=\"text-align:justify\"><span style=\"font-size:11pt\"><span style=\"font-family:Calibri,sans-serif\"><span style=\"font-size:12.0pt\"><span style=\"font-family:&quot;Times New Roman&quot;,serif\">- Jenis simen: Jenis simen yang berbeza mempunyai komposisi kimia yang berbeza yang mempengaruhi tahan haba mereka.</span></span></span></span></p>\r\n\r\n<p style=\"text-align:justify\"><span style=\"font-size:11pt\"><span style=\"font-family:Calibri,sans-serif\"><span style=\"font-size:12.0pt\"><span style=\"font-family:&quot;Times New Roman&quot;,serif\">- Perbandingan campuran: Penyesuaian jumlah air, agregat, dan simen mengubah bagaimana konkrit bertindak balas terhadap suhu tinggi.</span></span></span></span></p>\r\n\r\n<p style=\"text-align:justify\"><span style=\"font-size:11pt\"><span style=\"font-family:Calibri,sans-serif\"><span style=\"font-size:12.0pt\"><span style=\"font-family:&quot;Times New Roman&quot;,serif\">- Intensiti dan tempoh haba: Pendedahan kepada suhu tinggi dalam tempoh yang lama menyebabkan lebih banyak kerosakan berbanding rentetan singkat haba yang intens.</span></span></span></span></p>\r\n\r\n<p style=\"text-align:justify\">&nbsp;</p>\r\n\r\n<p style=\"text-align:justify\"><span style=\"font-size:11pt\"><span style=\"font-family:Calibri,sans-serif\"><span style=\"font-size:12.0pt\"><span style=\"font-family:&quot;Times New Roman&quot;,serif\">Memahami faktor-faktor ini membantu dalam merancang struktur dengan bahan yang sesuai untuk persekitaran atau keadaan tertentu, menekankan pentingnya penyelenggaraan berkala dan pemeriksaan untuk mengenal pasti kelemahan potensial secara awal.</span></span></span></span></p>\r\n\r\n<p style=\"text-align:justify\">&nbsp;</p>\r\n\r\n<p style=\"text-align:justify\"><span style=\"font-size:11pt\"><span style=\"font-family:Calibri,sans-serif\"><strong><span style=\"font-size:12.0pt\"><span style=\"font-family:&quot;Times New Roman&quot;,serif\">Persepsi Salah Tentang Konkrit dan Haba</span></span></strong></span></span></p>\r\n\r\n<p style=\"text-align:justify\"><span style=\"font-size:11pt\"><span style=\"font-family:Calibri,sans-serif\"><span style=\"font-size:12.0pt\"><span style=\"font-family:&quot;Times New Roman&quot;,serif\">Walaupun ada kepercayaan bahawa konkrit tidak mudah rosak oleh haba, terdapat beberapa persepsi salah:</span></span></span></span></p>\r\n\r\n<p style=\"text-align:justify\"><span style=\"font-size:11pt\"><span style=\"font-family:Calibri,sans-serif\"><span style=\"font-size:12.0pt\"><span style=\"font-family:&quot;Times New Roman&quot;,serif\">- Konkrit tidak boleh menyala atau terbakar dengan sendirinya, tetapi ia boleh mengalami spalling termal apabila terdedah kepada suhu tinggi, di mana penguapan air dengan pantas menyebabkan lapisan permukaan terkelupas.</span></span></span></span></p>\r\n\r\n<p style=\"text-align:justify\"><span style=\"font-size:11pt\"><span style=\"font-family:Calibri,sans-serif\"><span style=\"font-size:12.0pt\"><span style=\"font-family:&quot;Times New Roman&quot;,serif\">- Konkrit yang lebih tebal memang memberikan keberkesanan terhadap haba, tetapi komposisi campuran dan kaedah pengawetan juga mempengaruhi ketahanan haba konkrit.</span></span></span></span></p>\r\n\r\n<p style=\"text-align:justify\"><span style=\"font-size:11pt\"><span style=\"font-family:Calibri,sans-serif\"><span style=\"font-size:12.0pt\"><span style=\"font-family:&quot;Times New Roman&quot;,serif\">- Pertimbangan seperti masa pendedahan dan intensiti punca haba penting dalam menilai prestasi konkrit dalam kejadian kebakaran atau suhu tinggi.</span></span></span></span></p>\r\n\r\n<p style=\"text-align:justify\">&nbsp;</p>\r\n\r\n<p style=\"text-align:justify\"><span style=\"font-size:11pt\"><span style=\"font-family:Calibri,sans-serif\"><span style=\"font-size:12.0pt\"><span style=\"font-family:&quot;Times New Roman&quot;,serif\">Persepsi salah ini menunjukkan pentingnya memahami batasan konkrit dan melaksanakan langkah-langkah perlindungan kebakaran yang sesuai dalam reka bentuk dan pembinaan.</span></span></span></span></p>\r\n\r\n<p style=\"text-align:justify\">&nbsp;</p>\r\n\r\n<p style=\"text-align:justify\"><span style=\"font-size:11pt\"><span style=\"font-family:Calibri,sans-serif\"><strong><span style=\"font-size:12.0pt\"><span style=\"font-family:&quot;Times New Roman&quot;,serif\">Aplikasi dan Langkah-langkah Berjaga-Jaga untuk Menggunakan Konkrit dalam Persekitaran Suhu Tinggi</span></span></strong></span></span></p>\r\n\r\n<p style=\"text-align:justify\"><span style=\"font-size:11pt\"><span style=\"font-family:Calibri,sans-serif\"><span style=\"font-size:12.0pt\"><span style=\"font-family:&quot;Times New Roman&quot;,serif\">Apabila menggunakan konkrit dalam pengaturan suhu tinggi, adalah penting untuk mempertimbangkan aplikasi khusus dan risiko yang berkaitan untuk memastikan langkah-langkah keselamatan yang mencukupi:</span></span></span></span></p>\r\n\r\n<p style=\"text-align:justify\"><span style=\"font-size:11pt\"><span style=\"font-family:Calibri,sans-serif\"><span style=\"font-size:12.0pt\"><span style=\"font-family:&quot;Times New Roman&quot;,serif\">- Penghalang tahan api: Konkrit sesuai untuk membina dinding atau penghalang untuk mengekang kebakaran dan mencegah penyebarannya.</span></span></span></span></p>\r\n\r\n<p style=\"text-align:justify\"><span style=\"font-size:11pt\"><span style=\"font-family:Calibri,sans-serif\"><span style=\"font-size:12.0pt\"><span style=\"font-family:&quot;Times New Roman&quot;,serif\">- Pelapis dapur: Keupayaannya untuk menahan suhu tinggi menjadikan konkrit sesuai untuk melapisi dapur dan peralatan yang menghasilkan haba.</span></span></span></span></p>\r\n\r\n<p style=\"text-align:justify\"><span style=\"font-size:11pt\"><span style=\"font-family:Calibri,sans-serif\"><span style=\"font-size:12.0pt\"><span style=\"font-family:&quot;Times New Roman&quot;,serif\">- Penggunaan refraktori: Beberapa jenis konkrit direka khusus sebagai bahan refraktori, menanggung suhu ekstrem tanpa penurunan prestasi.</span></span></span></span></p>\r\n\r\n<p style=\"text-align:justify\"><span style=\"font-size:11pt\"><span style=\"font-family:Calibri,sans-serif\"><span style=\"font-size:12.0pt\"><span style=\"font-family:&quot;Times New Roman&quot;,serif\">- Pertimbangan penyejukan: Walaupun tahan haba, pengintegrasian sistem penyejukan dan pengudaraan membantu mencegah pemanasan berlebihan dan kerosakan struktur.</span></span></span></span></p>\r\n\r\n<p style=\"text-align:justify\">&nbsp;</p>\r\n\r\n<p style=\"text-align:justify\"><span style=\"font-size:11pt\"><span style=\"font-family:Calibri,sans-serif\"><span style=\"font-size:12.0pt\"><span style=\"font-family:&quot;Times New Roman&quot;,serif\">Akhir kata, walaupun konkrit tidak mudah meleleh seperti ais dalam dapur, ia boleh retak dan spall di bawah haba yang intens. Memahami tingkah laku konkrit dalam persekitaran suhu tinggi penting untuk menjamin kelestarian dan keselamatan struktur.</span></span></span></span></p>\r\n\r\n<p style=\"text-align:justify\">&nbsp;</p>\r\n\r\n<p style=\"text-align:justify\">Hubungi kami, SEMIX SDN BHD di 0128326682 /&nbsp;<u><a href=\"https://wa.me/0128326682\">https://wa.me/0128326682</a></u>&nbsp;untuk mendapatkan bekalan konkrit ready mix yang berkualiti dari kami.</p>','2024-06-23 07:00:53.980444','2024-06-23 07:00:53.980454'),(28,'6 Mitos Umum Tentang Konkrit Siap Campur','6-mitos-umum-tentang-konkrit-siap-campur','static/img/blog/photo_2024-05-22_10-33-14_DQuoS0N.jpg','KCK','Artikel ini bertujuan untuk membongkar mitos umum tentang konkrit siap campur, memberikan pandangan yang tepat. Dengan menghapuskan mitos-mitos ini, ia meningkatkan pemahaman anda tentang konkrit ini dan menekankan manfaatnya sebagai bahan pembinaan yang boleh dipercayai dan cekap. Teruskan membaca untuk mengetahui lebih lanjut.','<p style=\"text-align:justify\"><span style=\"font-size:11pt\"><span style=\"font-family:Calibri,sans-serif\"><strong><span style=\"font-size:12.0pt\"><span style=\"font-family:&quot;Times New Roman&quot;,serif\">Apakah Mitos Umum Tentang Konkrit Siap Campur?</span></span></strong></span></span></p>\r\n\r\n<p style=\"text-align:justify\"><span style=\"font-size:11pt\"><span style=\"font-family:Calibri,sans-serif\"><span style=\"font-size:12.0pt\"><span style=\"font-family:&quot;Times New Roman&quot;,serif\">1. Ia sentiasa berwarna kelabu.</span></span></span></span></p>\r\n\r\n<p style=\"text-align:justify\"><span style=\"font-size:11pt\"><span style=\"font-family:Calibri,sans-serif\"><span style=\"font-size:12.0pt\"><span style=\"font-family:&quot;Times New Roman&quot;,serif\">2. Ia tidak telap air.</span></span></span></span></p>\r\n\r\n<p style=\"text-align:justify\"><span style=\"font-size:11pt\"><span style=\"font-family:Calibri,sans-serif\"><span style=\"font-size:12.0pt\"><span style=\"font-family:&quot;Times New Roman&quot;,serif\">3. Ia kekal rata dan tahap selepas selesai.</span></span></span></span></p>\r\n\r\n<p style=\"text-align:justify\"><span style=\"font-size:11pt\"><span style=\"font-family:Calibri,sans-serif\"><span style=\"font-size:12.0pt\"><span style=\"font-family:&quot;Times New Roman&quot;,serif\">4. Ia sama dengan simen.</span></span></span></span></p>\r\n\r\n<p style=\"text-align:justify\"><span style=\"font-size:11pt\"><span style=\"font-family:Calibri,sans-serif\"><span style=\"font-size:12.0pt\"><span style=\"font-family:&quot;Times New Roman&quot;,serif\">5. Kekuatan mampatan yang lebih tinggi bermakna lebih tahan lama.</span></span></span></span></p>\r\n\r\n<p style=\"text-align:justify\"><span style=\"font-size:11pt\"><span style=\"font-family:Calibri,sans-serif\"><span style=\"font-size:12.0pt\"><span style=\"font-family:&quot;Times New Roman&quot;,serif\">6. Ia boleh mengering pada bila-bila masa sepanjang tahun.</span></span></span></span></p>\r\n\r\n<p style=\"text-align:justify\">&nbsp;</p>\r\n\r\n<p style=\"text-align:justify\"><span style=\"font-size:11pt\"><span style=\"font-family:Calibri,sans-serif\"><strong><span style=\"font-size:12.0pt\"><span style=\"font-family:&quot;Times New Roman&quot;,serif\">Gambaran Keseluruhan</span></span></strong></span></span></p>\r\n\r\n<p style=\"text-align:justify\"><span style=\"font-size:11pt\"><span style=\"font-family:Calibri,sans-serif\"><span style=\"font-size:12.0pt\"><span style=\"font-family:&quot;Times New Roman&quot;,serif\">- Artikel ini membongkar mitos umum tentang konkrit siap campur, memberikan pandangan yang tepat.</span></span></span></span></p>\r\n\r\n<p style=\"text-align:justify\"><span style=\"font-size:11pt\"><span style=\"font-family:Calibri,sans-serif\"><span style=\"font-size:12.0pt\"><span style=\"font-family:&quot;Times New Roman&quot;,serif\">- Ia menekankan warna yang boleh disesuaikan dan kepelbagaian konkrit siap campur dalam projek seni bina dan pembinaan.</span></span></span></span></p>\r\n\r\n<p style=\"text-align:justify\"><span style=\"font-size:11pt\"><span style=\"font-family:Calibri,sans-serif\"><span style=\"font-size:12.0pt\"><span style=\"font-family:&quot;Times New Roman&quot;,serif\">- Ia juga menekankan pentingnya pengawetan yang betul dan mengurangkan ketelapan untuk penggunaan konkrit yang tahan lama dan berkesan.</span></span></span></span></p>\r\n\r\n<p style=\"text-align:justify\"><span style=\"font-size:11pt\"><span style=\"font-family:Calibri,sans-serif\"><span style=\"font-size:12.0pt\"><span style=\"font-family:&quot;Times New Roman&quot;,serif\">Konkrit siap campur adalah bahan binaan yang banyak digunakan dalam pembinaan. Ia terkenal dengan kemudahan, kekuatan, dan kepelbagaian. Walau bagaimanapun, seperti industri lain, ia tidak kebal terhadap mitos dan salah tanggapan yang boleh membawa kepada salah faham.</span></span></span></span></p>\r\n\r\n<p style=\"text-align:justify\">&nbsp;</p>\r\n\r\n<p style=\"text-align:justify\"><span style=\"font-size:11pt\"><span style=\"font-family:Calibri,sans-serif\"><span style=\"font-size:12.0pt\"><span style=\"font-family:&quot;Times New Roman&quot;,serif\">Artikel ini bertujuan untuk membongkar mitos umum tentang konkrit siap campur, memberikan pandangan yang tepat. Dengan menghapuskan mitos-mitos ini, ia meningkatkan pemahaman anda tentang konkrit ini dan menekankan manfaatnya sebagai bahan pembinaan yang boleh dipercayai dan cekap. Teruskan membaca untuk mengetahui lebih lanjut.</span></span></span></span></p>\r\n\r\n<p style=\"text-align:justify\">&nbsp;</p>\r\n\r\n<p style=\"text-align:justify\"><span style=\"font-size:11pt\"><span style=\"font-family:Calibri,sans-serif\"><strong><span style=\"font-size:12.0pt\"><span style=\"font-family:&quot;Times New Roman&quot;,serif\">Ia Sentiasa Berwarna Kelabu</span></span></strong></span></span></p>\r\n\r\n<p style=\"text-align:justify\"><span style=\"font-size:11pt\"><span style=\"font-family:Calibri,sans-serif\"><span style=\"font-size:12.0pt\"><span style=\"font-family:&quot;Times New Roman&quot;,serif\">Konkrit, yang biasanya dikenali dengan penampilan kelabu, menawarkan estetika yang boleh disesuaikan melalui penambahan warna mineral semasa fasa pencampuran basah. Ini membolehkan pelbagai warna, dengan pigmen yang dicampur ke dalam campuran. Semasa konkrit mengeras, ia mengekalkan warna ini, menyediakan alternatif yang serba boleh dan menarik kepada penamat kelabu tradisional. Ini meningkatkan daya tarikan visual dan memperluaskan aplikasi dalam projek seni bina dan pembinaan.</span></span></span></span></p>\r\n\r\n<p style=\"text-align:justify\">&nbsp;</p>\r\n\r\n<p style=\"text-align:justify\"><span style=\"font-size:11pt\"><span style=\"font-family:Calibri,sans-serif\"><strong><span style=\"font-size:12.0pt\"><span style=\"font-family:&quot;Times New Roman&quot;,serif\">Ia Tidak Telap Air</span></span></strong></span></span></p>\r\n\r\n<p style=\"text-align:justify\"><span style=\"font-size:11pt\"><span style=\"font-family:Calibri,sans-serif\"><span style=\"font-size:12.0pt\"><span style=\"font-family:&quot;Times New Roman&quot;,serif\">Air boleh meresap ke dalam struktur konkrit dari masa ke masa. Walaupun agregat yang baik dapat mengurangkan ketelapan, komposisi konkrit yang padat mungkin masih mengekalkan sedikit porositi. Walau bagaimanapun, rawatan permukaan seperti pengedap dan salutan boleh menguatkan ketidakselapan konkrit, membentuk penghalang pelindung yang mengurangkan penembusan air dan meminimumkan kerosakan akibat kelembapan dalam jangka masa panjang.</span></span></span></span></p>\r\n\r\n<p style=\"text-align:justify\">&nbsp;</p>\r\n\r\n<p style=\"text-align:justify\"><span style=\"font-size:11pt\"><span style=\"font-family:Calibri,sans-serif\"><strong><span style=\"font-size:12.0pt\"><span style=\"font-family:&quot;Times New Roman&quot;,serif\">Ia Kekal Rata dan Tahap Selepas Selesai</span></span></strong></span></span></p>\r\n\r\n<p style=\"text-align:justify\"><span style=\"font-size:11pt\"><span style=\"font-family:Calibri,sans-serif\"><span style=\"font-size:12.0pt\"><span style=\"font-family:&quot;Times New Roman&quot;,serif\">Konkrit mengalami perubahan isi padu semasa proses mengeras dan mengering. Mendapatkan kemasan profesional adalah penting kerana masalah seperti kelengkungan tepi papak boleh timbul disebabkan oleh variasi kelembapan dan suhu dalam papak. Meminimumkan perbezaan suhu semasa proses pengawetan boleh mengurangkan kemungkinan kelengkungan.</span></span></span></span></p>\r\n\r\n<p style=\"text-align:justify\">&nbsp;</p>\r\n\r\n<p style=\"text-align:justify\"><span style=\"font-size:11pt\"><span style=\"font-family:Calibri,sans-serif\"><strong><span style=\"font-size:12.0pt\"><span style=\"font-family:&quot;Times New Roman&quot;,serif\">Ia Sama dengan Simen</span></span></strong></span></span></p>\r\n\r\n<p style=\"text-align:justify\"><span style=\"font-size:11pt\"><span style=\"font-family:Calibri,sans-serif\"><span style=\"font-size:12.0pt\"><span style=\"font-family:&quot;Times New Roman&quot;,serif\">Simen adalah serbuk halus yang bertindak sebagai pengikat, dibuat daripada batu kapur, tanah liat, cangkerang, dan silika melalui proses pembuatan yang kompleks. Apabila dicampur dengan air, ia mengalami tindak balas kimia yang dipanggil penghidratan di mana ia menghasilkan bahan yang kukuh dan tahan lama. Konkrit, bagaimanapun, adalah bahan komposit yang dibuat dengan mencampurkan simen dengan air, agregat (seperti pasir dan kerikil hancur), dan kadangkala bahan tambahan tambahan. Agregat memberikan pukal dan kestabilan, manakala air dan simen membentuk pes yang mengikat semuanya bersama.</span></span></span></span></p>\r\n\r\n<p style=\"text-align:justify\">&nbsp;</p>\r\n\r\n<p style=\"text-align:justify\"><span style=\"font-size:11pt\"><span style=\"font-family:Calibri,sans-serif\"><strong><span style=\"font-size:12.0pt\"><span style=\"font-family:&quot;Times New Roman&quot;,serif\">Kekuatan Mampatan yang Lebih Tinggi Bermakna Lebih Tahan Lama</span></span></strong></span></span></p>\r\n\r\n<p style=\"text-align:justify\"><span style=\"font-size:11pt\"><span style=\"font-family:Calibri,sans-serif\"><span style=\"font-size:12.0pt\"><span style=\"font-family:&quot;Times New Roman&quot;,serif\">Konkrit boleh didapati dalam pelbagai kekuatan mampatan, dari 2,500 psi hingga 10,000 psi. Walau bagaimanapun, konkrit yang paling kuat tidak semestinya yang paling tahan lama. Ketahanan bergantung pada faktor seperti kitaran beku-cair dan tindak balas sulfat, bukan hanya kekuatan mampatan. Mengurangkan ketelapan konkrit dengan memilih reka bentuk campuran yang betul dan menggabungkan bahan tambahan boleh menghasilkan produk akhir yang lebih tahan lama.</span></span></span></span></p>\r\n\r\n<p style=\"text-align:justify\">&nbsp;</p>\r\n\r\n<p style=\"text-align:justify\"><span style=\"font-size:11pt\"><span style=\"font-family:Calibri,sans-serif\"><strong><span style=\"font-size:12.0pt\"><span style=\"font-family:&quot;Times New Roman&quot;,serif\">Ia Boleh Mengering pada Bila-bila Masa Sepanjang Tahun</span></span></strong></span></span></p>\r\n\r\n<p style=\"text-align:justify\"><span style=\"font-size:11pt\"><span style=\"font-family:Calibri,sans-serif\"><span style=\"font-size:12.0pt\"><span style=\"font-family:&quot;Times New Roman&quot;,serif\">Pengeringan dan pengerasan konkrit yang betul memerlukan pertimbangan suhu semasa proses tuangan. Dalam cuaca panas, kelembapan boleh tersejat terlalu cepat, menyebabkan pengeringan yang cepat dan kemungkinan pengecutan atau retak. Menuang konkrit pada suhu sederhana, sekitar 23&deg; hingga 32&deg; C, membolehkan ia mencapai kekuatan dan ketahanan yang diingini.</span></span></span></span></p>\r\n\r\n<p style=\"text-align:justify\">&nbsp;</p>\r\n\r\n<p style=\"text-align:justify\"><span style=\"font-size:11pt\"><span style=\"font-family:Calibri,sans-serif\"><strong><span style=\"font-size:12.0pt\"><span style=\"font-family:&quot;Times New Roman&quot;,serif\">Kesimpulan</span></span></strong></span></span></p>\r\n\r\n<p style=\"text-align:justify\"><span style=\"font-size:11pt\"><span style=\"font-family:Calibri,sans-serif\"><span style=\"font-size:12.0pt\"><span style=\"font-family:&quot;Times New Roman&quot;,serif\">Membongkar mitos tentang konkrit siap campur adalah penting dalam industri pembinaan. Menangani kebimbangan mengenai kekuatan dan fleksibiliti membolehkan profesional industri menerima kebolehpercayaan, kecekapan, dan kepelbagaian konkrit siap campur dalam pelbagai projek.</span></span></span></span></p>\r\n\r\n<p style=\"text-align:justify\"><span style=\"font-size:11pt\"><span style=\"font-family:Calibri,sans-serif\"><strong><span style=\"font-size:12.0pt\"><span style=\"font-family:&quot;Times New Roman&quot;,serif\">Semix Sdn Bhd</span></span></strong><span style=\"font-size:12.0pt\"><span style=\"font-family:&quot;Times New Roman&quot;,serif\">, sebuah syarikat terkemuka dalam industri, mengekalkan piawaian pengeluaran tertinggi. Kemudahan kami yang canggih, pasukan yang terlatih, dan teknologi maju memastikan kualiti yang tiada tandingan dan penghantaran tepat pada masanya konkrit siap campur kami.</span></span></span></span></p>\r\n\r\n<p style=\"text-align:justify\">&nbsp;</p>\r\n\r\n<p style=\"text-align:justify\"><span style=\"font-size:11pt\"><span style=\"font-family:Calibri,sans-serif\"><span style=\"font-size:12.0pt\"><span style=\"font-family:&quot;Times New Roman&quot;,serif\">Hubungi kami, SEMIX SDN BHD di 0128326682 / https://wa.me/0128326682 untuk mendapatkan bekalan konkrit ready mix yang berkualiti dari kami.</span></span></span></span></p>','2024-07-04 08:15:31.417127','2024-07-04 08:15:31.417138'),(29,'KELESTARIAN & KEKUATAN: MANFAAT MESRA ALAM KONKRIT SIAP BANCUH','kelestarian-kekuatan-manfaat-mesra-alam-konkrit-siap-bancuh','static/img/blog/photo_2024-05-22_10-33-27.jpg','KCK','Pengeluaran konkrit siap bancuh memberi kesan ketara kepada alam sekitar kerana penggunaan tenaga dan pelepasannya yang tinggi.','<p style=\"text-align:justify\"><span style=\"font-size:11pt\"><span style=\"font-family:Calibri,sans-serif\"><span style=\"font-size:12.0pt\"><span style=\"font-family:&quot;Times New Roman&quot;,serif\">Pernahkah anda terfikir bagaimana konkrit siap bancuh boleh menjadi lestari dan kuat untuk projek pembinaan anda?</span></span></span></span></p>\r\n\r\n<p style=\"text-align:justify\"><span style=\"font-size:11pt\"><span style=\"font-family:Calibri,sans-serif\"><span style=\"font-size:12.0pt\"><span style=\"font-family:&quot;Times New Roman&quot;,serif\">Kelebihan mesra alam bahan ini melampaui manfaat alam sekitar semata-mata.</span></span></span></span></p>\r\n\r\n<p style=\"text-align:justify\"><span style=\"font-size:11pt\"><span style=\"font-family:Calibri,sans-serif\"><span style=\"font-size:12.0pt\"><span style=\"font-family:&quot;Times New Roman&quot;,serif\">Dari pengurangan jejak karbon kepada pemilihan bahan mentah secara bertanggungjawab, kesan positifnya sangat meluas.</span></span></span></span></p>\r\n\r\n<p style=\"text-align:justify\"><span style=\"font-size:11pt\"><span style=\"font-family:Calibri,sans-serif\"><span style=\"font-size:12.0pt\"><span style=\"font-family:&quot;Times New Roman&quot;,serif\">Meneroka persimpangan antara kelestarian dan kekuatan dalam konkrit siap bancuh mendedahkan pelbagai kelebihan yang mungkin mengubah pandangan anda mengenai amalan pembinaan moden. </span></span></span></span></p>\r\n\r\n<p style=\"text-align:justify\">&nbsp;</p>\r\n\r\n<p style=\"text-align:justify\"><span style=\"font-size:11pt\"><span style=\"font-family:Calibri,sans-serif\"><strong><span style=\"font-size:12.0pt\"><span style=\"font-family:&quot;Times New Roman&quot;,serif\">Pengajaran Utama</span></span></strong></span></span></p>\r\n\r\n<ul>\r\n	<li style=\"text-align:justify\"><span style=\"font-size:11pt\"><span style=\"font-family:Calibri,sans-serif\"><span style=\"font-size:12.0pt\"><span style=\"font-family:&quot;Times New Roman&quot;,serif\">Konkrit siap bancuh mengurangkan kesan alam sekitar melalui kecekapan tenaga dan pengurangan pelepasan karbon.</span></span></span></span></li>\r\n	<li style=\"text-align:justify\"><span style=\"font-size:11pt\"><span style=\"font-family:Calibri,sans-serif\"><span style=\"font-size:12.0pt\"><span style=\"font-family:&quot;Times New Roman&quot;,serif\">Pemilihan bahan mentah yang lestari dan amalan pengeluaran yang bertanggungjawab meningkatkan kecekapan mesra alam.</span></span></span></span></li>\r\n	<li style=\"text-align:justify\"><span style=\"font-size:11pt\"><span style=\"font-family:Calibri,sans-serif\"><span style=\"font-size:12.0pt\"><span style=\"font-family:&quot;Times New Roman&quot;,serif\">Ketahanan dan daya tahan konkrit siap bancuh menyumbang kepada amalan pembinaan yang lestari.</span></span></span></span></li>\r\n	<li style=\"text-align:justify\"><span style=\"font-size:11pt\"><span style=\"font-family:Calibri,sans-serif\"><span style=\"font-size:12.0pt\"><span style=\"font-family:&quot;Times New Roman&quot;,serif\">Proses pengeluaran yang berpusat memastikan kawalan yang lebih baik terhadap bahan untuk hasil yang mesra alam. </span></span></span></span></li>\r\n</ul>\r\n\r\n<p style=\"text-align:justify\">&nbsp;</p>\r\n\r\n<p style=\"text-align:justify\"><span style=\"font-size:11pt\"><span style=\"font-family:Calibri,sans-serif\"><strong><span style=\"font-size:12.0pt\"><span style=\"font-family:&quot;Times New Roman&quot;,serif\">Kesan Alam Sekitar Konkrit Siap Bancuh</span></span></strong></span></span></p>\r\n\r\n<p style=\"text-align:justify\"><span style=\"font-size:11pt\"><span style=\"font-family:Calibri,sans-serif\"><span style=\"font-size:12.0pt\"><span style=\"font-family:&quot;Times New Roman&quot;,serif\">Pengeluaran konkrit siap bancuh memberi kesan ketara kepada alam sekitar kerana penggunaan tenaga dan pelepasannya yang tinggi. Proses ini melibatkan sejumlah besar air, agregat, simen, dan bahan tambahan, yang semuanya memerlukan kaedah pengeluaran yang intensif tenaga. Simen, komponen utama, amat membimbangkan kerana pelepasan CO2 yang tinggi semasa pembuatan. Pengangkutan bahan mentah dan penghantaran konkrit siap bancuh juga menambah jejak alam sekitar.</span></span></span></span></p>\r\n\r\n<p style=\"text-align:justify\"><span style=\"font-size:11pt\"><span style=\"font-family:Calibri,sans-serif\"><span style=\"font-size:12.0pt\"><span style=\"font-family:&quot;Times New Roman&quot;,serif\">Sifat pengeluaran konkrit yang intensif tenaga menghasilkan pelepasan gas rumah hijau yang ketara, menyumbang kepada pemanasan global dan perubahan iklim. Pelepasan dari pembakaran bahan api fosil melepaskan pencemaran seperti karbon monoksida, nitrogen oksida, dan sulfur dioksida, yang merosakkan alam sekitar dan kesihatan manusia. Oleh itu, meneroka alternatif dan amalan yang lestari dalam industri konkrit adalah penting.</span></span></span></span></p>\r\n\r\n<p style=\"text-align:justify\">&nbsp;</p>\r\n\r\n<p style=\"text-align:justify\"><span style=\"font-size:11pt\"><span style=\"font-family:Calibri,sans-serif\"><strong><span style=\"font-size:12.0pt\"><span style=\"font-family:&quot;Times New Roman&quot;,serif\">Kecekapan Tenaga dalam Pembinaan</span></span></strong></span></span></p>\r\n\r\n<p style=\"text-align:justify\"><span style=\"font-size:11pt\"><span style=\"font-family:Calibri,sans-serif\"><span style=\"font-size:12.0pt\"><span style=\"font-family:&quot;Times New Roman&quot;,serif\">Meningkatkan kecekapan tenaga dalam projek pembinaan meminimumkan kesan alam sekitar dan mengoptimumkan penggunaan sumber. Konkrit siap bancuh memainkan peranan penting dalam mengurangkan kos operasi dan mengurangkan pelepasan karbon.</span></span></span></span></p>\r\n\r\n<p style=\"text-align:justify\"><span style=\"font-size:11pt\"><span style=\"font-family:Calibri,sans-serif\"><span style=\"font-size:12.0pt\"><span style=\"font-family:&quot;Times New Roman&quot;,serif\">Konkrit siap bancuh mengurangkan penggunaan tenaga berbanding proses bancuhan di tapak tradisional. Pembancuhan dan pengukuran bahan mentah yang tepat dalam persekitaran terkawal membawa kepada keperluan tenaga yang lebih rendah semasa pengeluaran. Ia juga meminimumkan pembaziran tenaga di tapak pembinaan dengan menghapuskan keperluan untuk penyimpanan dan pengendalian bahan mentah di tapak. Dengan ini, ia dapat meningkatkan produktiviti pembinaan secara keseluruhan.</span></span></span></span></p>\r\n\r\n<p style=\"text-align:justify\">&nbsp;</p>\r\n\r\n<p style=\"text-align:justify\"><span style=\"font-size:11pt\"><span style=\"font-family:Calibri,sans-serif\"><strong><span style=\"font-size:12.0pt\"><span style=\"font-family:&quot;Times New Roman&quot;,serif\">Manfaat Pengurangan Jejak Karbon</span></span></strong></span></span></p>\r\n\r\n<p style=\"text-align:justify\"><span style=\"font-size:11pt\"><span style=\"font-family:Calibri,sans-serif\"><span style=\"font-size:12.0pt\"><span style=\"font-family:&quot;Times New Roman&quot;,serif\">Mengurangkan pelepasan karbon dalam projek pembinaan adalah penting, boleh dicapai melalui konkrit siap bancuh. Proses pengeluarannya lebih efisien berbanding kaedah di tapak tradisional, menggalakkan kelestarian. Loji pembancuhan yang berpusat memastikan kawalan yang lebih baik terhadap nisbah bahan dan proses pembancuhan, menghasilkan penggunaan tenaga yang lebih rendah dan pelepasan karbon yang berkurangan bagi setiap unit konkrit.</span></span></span></span></p>\r\n\r\n<p style=\"text-align:justify\"><span style=\"font-size:11pt\"><span style=\"font-family:Calibri,sans-serif\"><span style=\"font-size:12.0pt\"><span style=\"font-family:&quot;Times New Roman&quot;,serif\">Menggunakan bahan simen tambahan seperti abu terbang atau sanga dalam konkrit siap bancuh juga mengurangkan jejak karbon dan menggalakkan kelestarian. Bahan-bahan ini, yang merupakan hasil sampingan proses industri lain, boleh menggantikan sebahagian simen, mengurangkan karbon terbina keseluruhan sambil mengekalkan kekuatan dan ketahanannya.</span></span></span></span></p>\r\n\r\n<p style=\"text-align:justify\">&nbsp;</p>\r\n\r\n<p style=\"text-align:justify\">&nbsp;</p>\r\n\r\n<p style=\"text-align:justify\"><span style=\"font-size:11pt\"><span style=\"font-family:Calibri,sans-serif\"><strong><span style=\"font-size:12.0pt\"><span style=\"font-family:&quot;Times New Roman&quot;,serif\">Pemilihan Bahan Mentah yang Lestari</span></span></strong></span></span></p>\r\n\r\n<p style=\"text-align:justify\"><span style=\"font-size:11pt\"><span style=\"font-family:Calibri,sans-serif\"><span style=\"font-size:12.0pt\"><span style=\"font-family:&quot;Times New Roman&quot;,serif\">Kelestarian konkrit siap bancuh sangat bergantung pada pemilihan bahan mentah secara bertanggungjawab. Memilih bahan mentah untuk pengeluaran konkrit siap bancuh harus mengutamakan pilihan yang mesra alam, seperti sumber agregat dari kuari tempatan dan menggunakan bahan kitar semula seperti konkrit hancur dan abu terbang. Amalan lestari juga termasuk standard etika dalam pengeluaran bahan mentah, seperti mengelakkan perlombongan di kawasan perlindungan.</span></span></span></span></p>\r\n\r\n<p style=\"text-align:justify\"><span style=\"font-size:11pt\"><span style=\"font-family:Calibri,sans-serif\"><span style=\"font-size:12.0pt\"><span style=\"font-family:&quot;Times New Roman&quot;,serif\">Air yang digunakan dalam pengeluaran juga boleh diperolehi secara lestari melalui sistem kitar semula, menjimatkan sumber berharga ini. Menyokong pembekal tempatan dan amalan buruh yang adil menyumbang kepada kelestarian sosial dan ekonomi industri konkrit, memberi kesan positif kepada komuniti dan menggalakkan rantaian bekalan yang lestari.</span></span></span></span></p>\r\n\r\n<p style=\"text-align:justify\">&nbsp;</p>\r\n\r\n<p style=\"text-align:justify\"><span style=\"font-size:11pt\"><span style=\"font-family:Calibri,sans-serif\"><strong><span style=\"font-size:12.0pt\"><span style=\"font-family:&quot;Times New Roman&quot;,serif\">Faktor Ketahanan dan Daya Tahan</span></span></strong></span></span></p>\r\n\r\n<p style=\"text-align:justify\"><span style=\"font-size:11pt\"><span style=\"font-family:Calibri,sans-serif\"><span style=\"font-size:12.0pt\"><span style=\"font-family:&quot;Times New Roman&quot;,serif\">Memahami faktor ketahanan dan daya tahan adalah penting untuk mengoptimumkan prestasi dan kelestarian konkrit siap bancuh. Ketahanan dipengaruhi oleh nisbah air-simen, kualiti bahan mentah, kaedah pengawetan, dan keadaan persekitaran semasa penempatan. Nisbah air-simen yang lebih rendah biasanya menghasilkan konkrit yang lebih padat dan kuat, meningkatkan ketahanan dari masa ke masa.</span></span></span></span></p>\r\n\r\n<p style=\"text-align:justify\"><span style=\"font-size:11pt\"><span style=\"font-family:Calibri,sans-serif\"><span style=\"font-size:12.0pt\"><span style=\"font-family:&quot;Times New Roman&quot;,serif\">Daya tahan mencerminkan kemampuan konkrit menahan faktor luaran seperti kitaran beku-cair, pendedahan kimia, lelasan, dan beban struktur. Bahan tambahan seperti abu terbang atau asap silika boleh meningkatkan daya tahan dengan mengurangkan kebolehtelapan dan meningkatkan ketahanan terhadap serangan kimia, meningkatkan kelestarian keseluruhan.</span></span></span></span></p>\r\n\r\n<p style=\"text-align:justify\">&nbsp;</p>\r\n\r\n<p style=\"text-align:justify\"><span style=\"font-size:11pt\"><span style=\"font-family:Calibri,sans-serif\"><strong><span style=\"font-size:12.0pt\"><span style=\"font-family:&quot;Times New Roman&quot;,serif\">Kesimpulan</span></span></strong></span></span></p>\r\n\r\n<p style=\"text-align:justify\"><span style=\"font-size:11pt\"><span style=\"font-family:Calibri,sans-serif\"><span style=\"font-size:12.0pt\"><span style=\"font-family:&quot;Times New Roman&quot;,serif\">Manfaat mesra alam konkrit siap bancuh tidak boleh diabaikan. Dengan jejak karbon yang berkurangan, pemilihan bahan mentah yang lestari, dan ketahanan yang tahan lama, ia adalah pilihan ideal untuk projek pembinaan yang berkesedaran alam sekitar. Pertimbangkan bagaimana manfaat ini boleh membentuk masa depan yang lebih hijau. Konkrit siap bancuh bukan sahaja menawarkan kekuatan dan kecekapan tetapi juga mempromosikan dunia yang lebih lestari dan hijau.</span></span></span></span></p>\r\n\r\n<p style=\"text-align:justify\">Hubungi kami, SEMIX SDN BHD di 0128326682 / https://wa.me/0128326682 untuk mendapatkan bekalan konkrit ready mix yang berkualiti dari kami.</p>','2024-07-10 08:15:13.860100','2024-07-10 08:15:13.860110'),(30,'Campuran Konkrit: Adakah Lebih Murah untuk Mengadun Sendiri atau Menggunakan Perkhidmatan Penghantaran?','campuran-konkrit-adakah-lebih-murah-untuk-mengadun-sendiri-atau-menggunakan-perkhidmatan-penghantaran','static/img/blog/photo_2024-05-22_10-36-26_PbdkNMH.jpg','KCK','Pernahkah anda tertanya-tanya sama ada lebih berbaloi dari segi kos untuk mengadun sendiri konkrit atau menggunakan perkhidmatan penghantaran?\r\nJawapannya mungkin tidak semudah yang anda sangka. Faktor seperti kos bahan, tenaga kerja, kawalan kualiti, dan saiz projek semuanya memainkan peranan penting dalam menentukan pilihan yang paling ekonomikal.\r\nSebelum membuat keputusan, adalah penting untuk mempertimbangkan pembolehubah ini dengan teliti untuk memastikan anda mendapat nilai terbaik untuk wang anda.','<p><span style=\"font-size:11pt\"><span style=\"font-family:Calibri,sans-serif\"><span style=\"font-size:12.0pt\"><span style=\"font-family:&quot;Times New Roman&quot;,serif\">Pernahkah anda tertanya-tanya sama ada lebih berbaloi dari segi kos untuk mengadun sendiri konkrit atau menggunakan perkhidmatan penghantaran?</span></span></span></span></p>\r\n\r\n<p><span style=\"font-size:11pt\"><span style=\"font-family:Calibri,sans-serif\"><span style=\"font-size:12.0pt\"><span style=\"font-family:&quot;Times New Roman&quot;,serif\">Jawapannya mungkin tidak semudah yang anda sangka. Faktor seperti kos bahan, tenaga kerja, kawalan kualiti, dan saiz projek semuanya memainkan peranan penting dalam menentukan pilihan yang paling ekonomikal.</span></span></span></span></p>\r\n\r\n<p><span style=\"font-size:11pt\"><span style=\"font-family:Calibri,sans-serif\"><span style=\"font-size:12.0pt\"><span style=\"font-family:&quot;Times New Roman&quot;,serif\">Sebelum membuat keputusan, adalah penting untuk mempertimbangkan pembolehubah ini dengan teliti untuk memastikan anda mendapat nilai terbaik untuk wang anda.</span></span></span></span></p>\r\n\r\n<p>&nbsp;</p>\r\n\r\n<p><span style=\"font-size:11pt\"><span style=\"font-family:Calibri,sans-serif\"><strong><span style=\"font-size:12.0pt\"><span style=\"font-family:&quot;Times New Roman&quot;,serif\">Kunci Utama</span></span></strong></span></span></p>\r\n\r\n<p><span style=\"font-size:11pt\"><span style=\"font-family:Calibri,sans-serif\"><span style=\"font-size:12.0pt\"><span style=\"font-family:&quot;Times New Roman&quot;,serif\">- Kira kos termasuk bahan dan peralatan untuk menentukan keberkesanan kos.</span></span></span></span></p>\r\n\r\n<p><span style=\"font-size:11pt\"><span style=\"font-family:Calibri,sans-serif\"><span style=\"font-size:12.0pt\"><span style=\"font-family:&quot;Times New Roman&quot;,serif\">- Pertimbangkan intensiti tenaga kerja dan masa yang diperlukan untuk kecekapan dalam projek.</span></span></span></span></p>\r\n\r\n<p><span style=\"font-size:11pt\"><span style=\"font-family:Calibri,sans-serif\"><span style=\"font-size:12.0pt\"><span style=\"font-family:&quot;Times New Roman&quot;,serif\">- Pastikan kawalan kualiti dengan menggunakan nisbah yang tepat dan bahan berkualiti tinggi.</span></span></span></span></p>\r\n\r\n<p><span style=\"font-size:11pt\"><span style=\"font-family:Calibri,sans-serif\"><span style=\"font-size:12.0pt\"><span style=\"font-family:&quot;Times New Roman&quot;,serif\">- Nilai kesan alam sekitar dan keperluan projek untuk memutuskan sama ada untuk mengadun sendiri atau menggunakan perkhidmatan penghantaran.</span></span></span></span></p>\r\n\r\n<p>&nbsp;</p>\r\n\r\n<p><span style=\"font-size:11pt\"><span style=\"font-family:Calibri,sans-serif\"><strong><span style=\"font-size:12.0pt\"><span style=\"font-family:&quot;Times New Roman&quot;,serif\">Kos Bahan</span></span></strong></span></span></p>\r\n\r\n<p><span style=\"font-size:11pt\"><span style=\"font-family:Calibri,sans-serif\"><span style=\"font-size:12.0pt\"><span style=\"font-family:&quot;Times New Roman&quot;,serif\">Untuk menentukan sama ada lebih murah untuk mengadun sendiri konkrit atau menggunakan perkhidmatan penghantaran, faktor pertama yang perlu dipertimbangkan ialah kos bahan. Apabila membeli bahan untuk mengadun konkrit sendiri, anda perlu mengambil kira harga simen, agregat seperti pasir dan kerikil, serta air. Kos bahan-bahan ini boleh berbeza bergantung kepada lokasi anda, kualiti bahan, dan kuantiti yang diperlukan untuk projek anda. Penting untuk mengira jumlah yang tepat diperlukan untuk mengelakkan pembaziran dan kos tambahan.</span></span></span></span></p>\r\n\r\n<p><span style=\"font-size:11pt\"><span style=\"font-family:Calibri,sans-serif\"><span style=\"font-size:12.0pt\"><span style=\"font-family:&quot;Times New Roman&quot;,serif\">Selain itu, apabila memilih untuk mengadun konkrit sendiri, anda mungkin perlu melabur dalam peralatan seperti pengadun konkrit, kereta sorong, dan alat-alat untuk mengadun dan menuang. Peralatan ini datang dengan kos awal yang perlu diambil kira dalam proses membuat keputusan anda. Sebaliknya, menggunakan perkhidmatan penghantaran konkrit menghilangkan keperluan untuk membeli dan menyimpan peralatan ini, yang mungkin menjimatkan wang anda dalam jangka masa panjang.</span></span></span></span></p>\r\n\r\n<p>&nbsp;</p>\r\n\r\n<p><span style=\"font-size:11pt\"><span style=\"font-family:Calibri,sans-serif\"><strong><span style=\"font-size:12.0pt\"><span style=\"font-family:&quot;Times New Roman&quot;,serif\">Pertimbangan Tenaga Kerja dan Masa</span></span></strong></span></span></p>\r\n\r\n<p><span style=\"font-size:11pt\"><span style=\"font-family:Calibri,sans-serif\"><span style=\"font-size:12.0pt\"><span style=\"font-family:&quot;Times New Roman&quot;,serif\">Setelah mempertimbangkan kos bahan ketika membuat keputusan antara mengadun konkrit sendiri atau menggunakan perkhidmatan penghantaran, kini kita beralih kepada pertimbangan tenaga kerja dan masa yang terlibat dalam kedua-dua pilihan tersebut.</span></span></span></span></p>\r\n\r\n<p><span style=\"font-size:11pt\"><span style=\"font-family:Calibri,sans-serif\"><span style=\"font-size:12.0pt\"><span style=\"font-family:&quot;Times New Roman&quot;,serif\">Apabila mengadun konkrit sendiri, anda perlu mengambil kira masa yang diperlukan untuk mengumpulkan semua bahan, menyediakan kawasan pengadunan, mengukur dan mencampurkan bahan-bahan, dan membersihkan tapak selepas selesai. Proses ini boleh menjadi intensif tenaga kerja dan memakan masa, terutamanya jika anda tidak berpengalaman dalam bekerja menggunakan konkrit.</span></span></span></span></p>\r\n\r\n<p><span style=\"font-size:11pt\"><span style=\"font-family:Calibri,sans-serif\"><span style=\"font-size:12.0pt\"><span style=\"font-family:&quot;Times New Roman&quot;,serif\">Sebaliknya, memilih penghantaran konkrit menjimatkan anda usaha pengadunan dan membolehkan anda memberi tumpuan kepada kerja pembinaan sebenar. Masa yang dijimatkan dengan menggunakan perkhidmatan penghantaran konkrit boleh menjadi signifikan, terutamanya untuk projek-projek besar di mana kecekapan adalah penting.</span></span></span></span></p>\r\n\r\n<p><span style=\"font-size:11pt\"><span style=\"font-family:Calibri,sans-serif\"><span style=\"font-size:12.0pt\"><span style=\"font-family:&quot;Times New Roman&quot;,serif\">Selain itu, mengupah profesional untuk penghantaran konkrit memastikan bahawa proses pengadunan dan menuang dilakukan dengan cepat dan tepat, mengurangkan risiko kesilapan. Oleh itu, kita perlu menggunakan perkhidmatan penghantaran konkritapabila mempertimbangkan faktor tenaga kerja dan masa, menggunakan perkhidmatan penghantaran konkrit mungkin merupakan pilihan yang lebih efisien untuk banyak projek pembinaan.</span></span></span></span></p>\r\n\r\n<p>&nbsp;</p>\r\n\r\n<p><span style=\"font-size:11pt\"><span style=\"font-family:Calibri,sans-serif\"><strong><span style=\"font-size:12.0pt\"><span style=\"font-family:&quot;Times New Roman&quot;,serif\">Faktor Kawalan Kualiti</span></span></strong></span></span></p>\r\n\r\n<p><span style=\"font-size:11pt\"><span style=\"font-family:Calibri,sans-serif\"><span style=\"font-size:12.0pt\"><span style=\"font-family:&quot;Times New Roman&quot;,serif\">Apabila menilai faktor kawalan kualiti dalam pengeluaran konkrit, pemantauan teliti terhadap nisbah bahan dan prosedur pengadunan adalah penting untuk memastikan integriti struktur. Untuk mencapai campuran konkrit berkualiti tinggi, pertimbangkan faktor berikut:</span></span></span></span></p>\r\n\r\n<p><span style=\"font-size:11pt\"><span style=\"font-family:Calibri,sans-serif\"><span style=\"font-size:12.0pt\"><span style=\"font-family:&quot;Times New Roman&quot;,serif\">- Nisbah Bahan: Mengukur dengan tepat jumlah simen, agregat, dan air adalah penting untuk mengekalkan kekuatan dan ketahanan konkrit yang diingini.</span></span></span></span></p>\r\n\r\n<p><span style=\"font-size:11pt\"><span style=\"font-family:Calibri,sans-serif\"><span style=\"font-size:12.0pt\"><span style=\"font-family:&quot;Times New Roman&quot;,serif\">- Masa dan Kelajuan Pengadunan: Mengadun bahan dengan betul untuk tempoh yang mencukupi pada kelajuan yang betul memastikan pengedaran dan homogeniti campuran konkrit.</span></span></span></span></p>\r\n\r\n<p><span style=\"font-size:11pt\"><span style=\"font-family:Calibri,sans-serif\"><span style=\"font-size:12.0pt\"><span style=\"font-family:&quot;Times New Roman&quot;,serif\">- Kawalan Suhu: Memantau dan mengawal suhu semasa peringkat pengadunan dan pengerasan mencegah masalah seperti rekahan terma dan memastikan perkembangan kekuatan optimum.</span></span></span></span></p>\r\n\r\n<p><span style=\"font-size:11pt\"><span style=\"font-family:Calibri,sans-serif\"><span style=\"font-size:12.0pt\"><span style=\"font-family:&quot;Times New Roman&quot;,serif\">- Kualiti Bahan Mentah: Menggunakan simen berkualiti tinggi, agregat, dan air yang bebas daripada bahan cemar adalah penting untuk menghasilkan struktur konkrit yang tahan lama dan berkualiti tinggi.</span></span></span></span></p>\r\n\r\n<p>&nbsp;</p>\r\n\r\n<p><span style=\"font-size:11pt\"><span style=\"font-family:Calibri,sans-serif\"><strong><span style=\"font-size:12.0pt\"><span style=\"font-family:&quot;Times New Roman&quot;,serif\">Kesan Alam Sekitar</span></span></strong></span></span></p>\r\n\r\n<p><span style=\"font-size:11pt\"><span style=\"font-family:Calibri,sans-serif\"><span style=\"font-size:12.0pt\"><span style=\"font-family:&quot;Times New Roman&quot;,serif\">Meminimumkan kesan alam sekitar pengeluaran konkrit memerlukan pertimbangan teliti terhadap pengambilan sumber, emisi pengangkutan, dan amalan pengurusan sisa. Apabila mengadun konkrit sendiri, kesan alam sekitar boleh berbeza bergantung kepada sumber bahan. Pengeluaran simen, bahan utama dalam konkrit, adalah intensif tenaga dan melepaskan karbon dioksida ke atmosfera. Mengangkut bahan ke lokasi anda juga menyumbang kepada emisi. Selain itu, pembuangan sisa bahan yang tidak betul, seperti sisa konkrit atau pembungkusan, boleh merosakkan alam sekitar.</span></span></span></span></p>\r\n\r\n<p><span style=\"font-size:11pt\"><span style=\"font-family:Calibri,sans-serif\"><span style=\"font-size:12.0pt\"><span style=\"font-family:&quot;Times New Roman&quot;,serif\">Memilih untuk menggunakan perkhidmatan penghantaran konkrit juga boleh memberi kesan kepada alam sekitar. Pembekal konkrit siap campur sering mempunyai proses pengeluaran yang lebih efisien, yang boleh mengurangkan keseluruhan emisi. Walau bagaimanapun, pengangkutan konkrit siap campur ke tapak anda mungkin masih menghasilkan emisi karbon.</span></span></span></span></p>\r\n\r\n<p><span style=\"font-size:11pt\"><span style=\"font-family:Calibri,sans-serif\"><span style=\"font-size:12.0pt\"><span style=\"font-family:&quot;Times New Roman&quot;,serif\">Untuk memiminimumkan kesan alam sekitar projek konkrit anda, pertimbangkan untuk mendapatkan bahan secara tempatan untuk mengurangkan emisi pengangkutan, mengurus sisa dengan betul melalui kitar semula atau pembuangan yang bertanggungjawab, dan memilih pembekal dengan amalan pengeluaran mesra alam. Dengan membuat pilihan yang berinformasi, anda boleh mengurangkan pencemaran alam sekitar projek konkrit anda.</span></span></span></span></p>\r\n\r\n<p>&nbsp;</p>\r\n\r\n<p><span style=\"font-size:11pt\"><span style=\"font-family:Calibri,sans-serif\"><strong><span style=\"font-size:12.0pt\"><span style=\"font-family:&quot;Times New Roman&quot;,serif\">Saiz dan Skop Projek</span></span></strong></span></span></p>\r\n\r\n<p><span style=\"font-size:11pt\"><span style=\"font-family:Calibri,sans-serif\"><span style=\"font-size:12.0pt\"><span style=\"font-family:&quot;Times New Roman&quot;,serif\">Untuk projek pembinaan yang lebih besar yang memerlukan jumlah konkrit yang banyak, menilai saiz dan skop projek adalah penting untuk menentukan kaedah penghantaran konkrit yang paling berbaloi dan efisien. Apabila mempertimbangkan saiz dan skop projek, beberapa faktor perlu diambil kira:</span></span></span></span></p>\r\n\r\n<p><span style=\"font-size:11pt\"><span style=\"font-family:Calibri,sans-serif\"><span style=\"font-size:12.0pt\"><span style=\"font-family:&quot;Times New Roman&quot;,serif\">- Jumlah Konkrit yang Diperlukan: Kira jumlah konkrit yang diperlukan untuk projek tersebut untuk memutuskan sama ada mengadun di tapak atau memesan konkrit siap campur lebih sesuai.</span></span></span></span></p>\r\n\r\n<p><span style=\"font-size:11pt\"><span style=\"font-family:Calibri,sans-serif\"><span style=\"font-size:12.0pt\"><span style=\"font-family:&quot;Times New Roman&quot;,serif\">- Kekangan Garis Masa: Nilai garis masa projek untuk menentukan sama ada pengadunan konkrit di tapak boleh memenuhi jadual pembinaan atau jika penghantaran konkrit siap campur tepat waktu diperlukan.</span></span></span></span></p>\r\n\r\n<p><span style=\"font-size:11pt\"><span style=\"font-family:Calibri,sans-serif\"><span style=\"font-size:12.0pt\"><span style=\"font-family:&quot;Times New Roman&quot;,serif\">- Ketersediaan Tenaga Kerja: Nilai ketersediaan tenaga kerja untuk pengadunan di tapak berbanding kemudahan menggunakan perkhidmatan penghantaran konkrit oleh profesional.</span></span></span></span></p>\r\n\r\n<p><span style=\"font-size:11pt\"><span style=\"font-family:Calibri,sans-serif\"><span style=\"font-size:12.0pt\"><span style=\"font-family:&quot;Times New Roman&quot;,serif\">- Keperluan Peralatan: Pertimbangkan peralatan yang diperlukan untuk mengadun konkrit di tapak dan bandingkan dengan kemudahan mempunyai perkhidmatan penghantaran konkrit yang membawa mesin yang diperlukan.</span></span></span></span></p>\r\n\r\n<p>&nbsp;</p>\r\n\r\n<p><span style=\"font-size:11pt\"><span style=\"font-family:Calibri,sans-serif\"><strong><span style=\"font-size:12.0pt\"><span style=\"font-family:&quot;Times New Roman&quot;,serif\">Kesimpulan</span></span></strong></span></span></p>\r\n\r\n<p><span style=\"font-size:11pt\"><span style=\"font-family:Calibri,sans-serif\"><span style=\"font-size:12.0pt\"><span style=\"font-family:&quot;Times New Roman&quot;,serif\">Sebagai kesimpulan, apabila mempertimbangkan pilihan untuk mengadun sendiri konkrit atau menggunakan perkhidmatan penghantaran, pertimbangkan kos bahan, tenaga kerja, dan masa, serta kawalan kualiti dan kesan alam sekitar.</span></span></span></span></p>\r\n\r\n<p><span style=\"font-size:11pt\"><span style=\"font-family:Calibri,sans-serif\"><span style=\"font-size:12.0pt\"><span style=\"font-family:&quot;Times New Roman&quot;,serif\">Seperti chef mahir yang menyeimbangkan bahan untuk hidangan yang sempurna, anda juga perlu mengira faktor-faktor yang terlibat dalam projek anda dengan teliti. Pilih dengan bijak kerana laluan yang anda ambil akan membentuk asas usaha pembinaan anda.</span></span></span></span></p>\r\n\r\n<p><span style=\"font-size:11pt\"><span style=\"font-family:Calibri,sans-serif\"><span style=\"font-size:12.0pt\"><span style=\"font-family:&quot;Times New Roman&quot;,serif\">Hubungi kami, SEMIX SDN BHD di 0128326682 / https://wa.me/0128326682 untuk mendapatkan bekalan konkrit.</span></span></span></span></p>','2024-07-17 08:13:22.000000','2024-07-23 08:17:33.437380'),(31,'MENUANG KONKRIT DALAM CUACA PANAS','menuang-konkrit-dalam-cuaca-panas','static/img/blog/concrete_F6rz23j.jpeg','KCK','Panas betul di luar! Walaupun anda mungkin boleh menahan panas tersebut, adakah konkrit anda mampu bertahan? Ia boleh, jika anda mengambil beberapa langkah mudah. Terdapat pelbagai cara untuk mengurangkan kesan cuaca panas terhadap konkrit. Setelah anda memahami kesan panas dan cara mengawalnya, anda boleh mengelakkan masalah seperti masa pengerasan yang tidak terkawal, pengecutan, dan keretakan.','<p><span style=\"font-size:11pt\"><span style=\"font-family:Calibri,sans-serif\"><strong><span style=\"font-size:12.0pt\"><span style=\"font-family:&quot;Times New Roman&quot;,serif\">MENUANG KONKRIT DALAM CUACA PANAS</span></span></strong></span></span></p>\r\n\r\n<p><span style=\"font-size:11pt\"><span style=\"font-family:Calibri,sans-serif\"><span style=\"font-size:12.0pt\"><span style=\"font-family:&quot;Times New Roman&quot;,serif\">Panas betul di luar! Walaupun anda mungkin boleh menahan panas tersebut, adakah konkrit anda mampu bertahan? Ia boleh bertahan, jika anda mengikuti beberapa langkah mudah. Terdapat pelbagai cara untuk mengurangkan kesan cuaca panas terhadap konkrit. Setelah anda memahami kesan panas dan cara mengawalnya, anda boleh mengelakkan masalah seperti masa pengerasan yang tidak terkawal, pengecutan, dan keretakan.</span></span></span></span></p>\r\n\r\n<p>&nbsp;</p>\r\n\r\n<p><span style=\"font-size:11pt\"><span style=\"font-family:Calibri,sans-serif\"><strong><span style=\"font-size:12.0pt\"><span style=\"font-family:&quot;Times New Roman&quot;,serif\">Bilakah Waktu yang Sesuai untuk Menggunakan Kaedah Penuangan Konkrit dalam Cuaca Panas?</span></span></strong></span></span></p>\r\n\r\n<p><span style=\"font-size:11pt\"><span style=\"font-family:Calibri,sans-serif\"><span style=\"font-size:12.0pt\"><span style=\"font-family:&quot;Times New Roman&quot;,serif\">Institut Konkrit Amerika memberikan penjelasan terperinci mengenai bila perlu menggunakan kaedah penuangan konkrit dalam cuaca panas. Walau bagaimanapun, panduan mereka boleh jadi agak kabur. Menurut Laporan Jawatankuasa ACI 305R-99, &quot;panas&quot; ditakrifkan sebagai apa-apa gabungan keadaan berikut yang menjejaskan kualiti konkrit yang baru dicampur atau dikeraskan dengan mempercepatkan kehilangan kelembapan dan penghidratan simen atau menyebabkan kesan buruk yang lain:</span></span></span></span></p>\r\n\r\n<p><span style=\"font-size:11pt\"><span style=\"font-family:Calibri,sans-serif\"><span style=\"font-size:12.0pt\"><span style=\"font-family:&quot;Times New Roman&quot;,serif\">- Suhu persekitaran tinggi</span></span></span></span></p>\r\n\r\n<p><span style=\"font-size:11pt\"><span style=\"font-family:Calibri,sans-serif\"><span style=\"font-size:12.0pt\"><span style=\"font-family:&quot;Times New Roman&quot;,serif\">- Suhu konkrit tinggi</span></span></span></span></p>\r\n\r\n<p><span style=\"font-size:11pt\"><span style=\"font-family:Calibri,sans-serif\"><span style=\"font-size:12.0pt\"><span style=\"font-family:&quot;Times New Roman&quot;,serif\">- Kelembapan relatif rendah</span></span></span></span></p>\r\n\r\n<p><span style=\"font-size:11pt\"><span style=\"font-family:Calibri,sans-serif\"><span style=\"font-size:12.0pt\"><span style=\"font-family:&quot;Times New Roman&quot;,serif\">- Kelajuan angin</span></span></span></span></p>\r\n\r\n<p><span style=\"font-size:11pt\"><span style=\"font-family:Calibri,sans-serif\"><span style=\"font-size:12.0pt\"><span style=\"font-family:&quot;Times New Roman&quot;,serif\">- Sinaran matahari</span></span></span></span></p>\r\n\r\n<p><span style=\"font-size:11pt\"><span style=\"font-family:Calibri,sans-serif\"><span style=\"font-size:12.0pt\"><span style=\"font-family:&quot;Times New Roman&quot;,serif\">Dalam istilah yang lebih mudah, anggaplah ia panas apabila haba boleh merosakkan konkrit. Secara amnya, anda perlu mempertimbangkan teknik cuaca panas apabila suhu udara melebihi 30&deg;C, walaupun suhu 27&deg;C dengan matahari dan angin kering juga boleh dianggap panas. Bagi suhu konkrit, apa-apa sahaja di atas 27&deg;C memerlukan langkah berjaga-jaga tambahan.</span></span></span></span></p>\r\n\r\n<p>&nbsp;</p>\r\n\r\n<p><span style=\"font-size:11pt\"><span style=\"font-family:Calibri,sans-serif\"><strong><span style=\"font-size:12.0pt\"><span style=\"font-family:&quot;Times New Roman&quot;,serif\">Kepentingan Suhu Konkrit</span></span></strong></span></span></p>\r\n\r\n<p><span style=\"font-size:11pt\"><span style=\"font-family:Calibri,sans-serif\"><span style=\"font-size:12.0pt\"><span style=\"font-family:&quot;Times New Roman&quot;,serif\">Konkrit mengeras apabila simen menghidrat. Penghidratan adalah tindak balas eksotermik, bermakna ia menjana haba, dan tindak balas ini berlaku lebih cepat apabila konkrit panas. Jadi, kebimbangan utama untuk kekuatan dan masa pengerasan konkrit sebenarnya bukan suhu udara tetapi suhu konkrit.</span></span></span></span></p>\r\n\r\n<p><span style=\"font-size:11pt\"><span style=\"font-family:Calibri,sans-serif\"><span style=\"font-size:12.0pt\"><span style=\"font-family:&quot;Times New Roman&quot;,serif\">Apabila simen menghidrat, ia menyerap air dan membentuk kristal di sekeliling zarah agregat. Apabila panas, tindak balas ini berlaku dengan cepat, tetapi kristal tidak mempunyai masa untuk tumbuh dengan kuat. Kekuatan awal mungkin lebih tinggi, tetapi kekuatan 28 hari akan berkurangan. Jika konkrit kira-kira 10&deg;C lebih panas daripada biasa (contohnya, 32&deg;C bukannya 21&deg;C), kekuatan mampatan akhir akan kira-kira 10% lebih rendah.</span></span></span></span></p>\r\n\r\n<p>&nbsp;</p>\r\n\r\n<p><span style=\"font-size:11pt\"><span style=\"font-family:Calibri,sans-serif\"><strong><span style=\"font-size:12.0pt\"><span style=\"font-family:&quot;Times New Roman&quot;,serif\">Potensi Masalah Konkrit dalam Cuaca Panas</span></span></strong></span></span></p>\r\n\r\n<p><span style=\"font-size:11pt\"><span style=\"font-family:Calibri,sans-serif\"><span style=\"font-size:12.0pt\"><span style=\"font-family:&quot;Times New Roman&quot;,serif\">Kehilangan Kelembapan:</span></span></span></span></p>\r\n\r\n<p><span style=\"font-size:11pt\"><span style=\"font-family:Calibri,sans-serif\"><span style=\"font-size:12.0pt\"><span style=\"font-family:&quot;Times New Roman&quot;,serif\">Dalam cuaca panas, apabila simen mengeras, kelembapan berkurangan dengan cepat dan lebih banyak air campuran diperlukan. Ini boleh mengurangkan kekuatan sebanyak 10% lagi, dan dalam konkrit berwarna, variasi dalam kandungan air boleh menyebabkan perbezaan warna yang ketara antara tuangan yang bersebelahan. Penyelesaian yang lebih baik ialah mengubah campuran konkrit anda menggunakan campuran tambahan untuk cuaca panas.</span></span></span></span></p>\r\n\r\n<p><span style=\"font-size:11pt\"><span style=\"font-family:Calibri,sans-serif\"><span style=\"font-size:12.0pt\"><span style=\"font-family:&quot;Times New Roman&quot;,serif\">Penyejatan:</span></span></span></span></p>\r\n\r\n<p><span style=\"font-size:11pt\"><span style=\"font-family:Calibri,sans-serif\"><span style=\"font-size:12.0pt\"><span style=\"font-family:&quot;Times New Roman&quot;,serif\">Pengeringan permukaan adalah satu lagi isu dalam cuaca panas. Jika konkrit hangat dengan matahari bersinar dan angin panas kering, pengeringan permukaan dan pengecutan boleh berlaku. Walau bagaimanapun, jika konkrit lebih sejuk daripada udara sebanyak kira-kira 10&deg;C atau lebih, air akan terkondensasi di permukaan dan bukannya mengering. Masalah sebenar adalah apabila udara lebih sejuk daripada konkrit.</span></span></span></span></p>\r\n\r\n<p><span style=\"font-size:11pt\"><span style=\"font-family:Calibri,sans-serif\"><span style=\"font-size:12.0pt\"><span style=\"font-family:&quot;Times New Roman&quot;,serif\">Perbezaan Suhu:</span></span></span></span></p>\r\n\r\n<p><span style=\"font-size:11pt\"><span style=\"font-family:Calibri,sans-serif\"><span style=\"font-size:12.0pt\"><span style=\"font-family:&quot;Times New Roman&quot;,serif\">Tanah dan acuan kering yang panas boleh menyerap air daripada campuran, menyebabkan keretakan. Perbezaan suhu, di mana satu bahagian jisim konkrit lebih panas daripada bahagian lain lebih daripada kira-kira 10&deg;C, juga boleh menyebabkan keretakan. Ini adalah masalah khusus dalam konkrit besar.</span></span></span></span></p>\r\n\r\n<p><span style=\"font-size:11pt\"><span style=\"font-family:Calibri,sans-serif\"><span style=\"font-size:12.0pt\"><span style=\"font-family:&quot;Times New Roman&quot;,serif\">Kandungan Udara:</span></span></span></span></p>\r\n\r\n<p><span style=\"font-size:11pt\"><span style=\"font-family:Calibri,sans-serif\"><span style=\"font-size:12.0pt\"><span style=\"font-family:&quot;Times New Roman&quot;,serif\">Menjaga kandungan udara boleh menjadi mencabar dalam konkrit panas. Pencampuran lebih cenderung untuk mengeluarkan udara daripada konkrit, menjadikannya sukar untuk dikawal.</span></span></span></span></p>\r\n\r\n<p>&nbsp;</p>\r\n\r\n<p><span style=\"font-size:11pt\"><span style=\"font-family:Calibri,sans-serif\"><strong><span style=\"font-size:12.0pt\"><span style=\"font-family:&quot;Times New Roman&quot;,serif\">Kesimpulan</span></span></strong></span></span></p>\r\n\r\n<p><span style=\"font-size:11pt\"><span style=\"font-family:Calibri,sans-serif\"><span style=\"font-size:12.0pt\"><span style=\"font-family:&quot;Times New Roman&quot;,serif\">Untuk mengelakkan masalah ini, gunakan nomograf dari ACI 305 untuk menentukan jika penyejatan akan menjadi masalah. Mengetahui suhu udara, kelembapan relatif, suhu konkrit, dan kelajuan angin, anda boleh mengira kadar penyejatan. Jika kadar melebihi 0.1 paun per kaki persegi per jam (kira-kira 0.5 kg per meter persegi per jam), pengecutan dan keretakan mungkin berlaku.</span></span></span></span></p>\r\n\r\n<p><span style=\"font-size:11pt\"><span style=\"font-family:Calibri,sans-serif\"><span style=\"font-size:12.0pt\"><span style=\"font-family:&quot;Times New Roman&quot;,serif\">Hubungi kami, SEMIX SDN BHD di 0128326682 / https://wa.me/0128326682 untuk mendapatkan bekalan konkrit.</span></span></span></span></p>','2024-07-24 07:35:24.493710','2024-07-24 07:35:24.493739'),(32,'Konkrit Siap Bancuh vs Konkrit Bancuhan Tapak: Mana yang Lebih Baik?','konkrit-siap-bancuh-vs-konkrit-bancuhan-tapak-mana-yang-lebih-baik','static/img/blog/concrete_ktzQsug.jpeg','KCK','Apabila menjalankan projek pembinaan, konkrit muncul sebagai bahan binaan penting, terutamanya untuk tugas seperti asas rumah dan bangunan tinggi. Dua jenis konkrit utama yang perlu dipertimbangkan adalah konkrit siap bancuh dan konkrit bancuhan tapak. Memahami perbezaannya boleh membantu menentukan pilihan terbaik untuk keperluan anda.','<p><span style=\"font-size:12pt\"><span style=\"background-color:white\"><span style=\"font-family:&quot;Times New Roman&quot;,serif\"><strong><span style=\"color:#404040\">Konkrit Siap Bancuh vs Konkrit Bancuhan Tapak: Mana yang Lebih Baik?</span></strong></span></span></span></p>\r\n\r\n<p><span style=\"font-size:12pt\"><span style=\"background-color:white\"><span style=\"font-family:&quot;Times New Roman&quot;,serif\"><span style=\"color:#404040\">Apabila menjalankan projek pembinaan, konkrit muncul sebagai bahan binaan penting, terutamanya untuk tugas seperti asas rumah dan bangunan tinggi. Dua jenis konkrit utama yang perlu dipertimbangkan adalah konkrit siap bancuh dan konkrit bancuhan tapak. Memahami perbezaannya boleh membantu menentukan pilihan terbaik untuk keperluan anda.</span></span></span></span></p>\r\n\r\n<p>&nbsp;</p>\r\n\r\n<p><strong><span style=\"font-size:12pt\"><span style=\"background-color:white\"><span style=\"font-family:&quot;Times New Roman&quot;,serif\"><span style=\"color:#404040\">Konkrit Siap Bancuh:</span></span></span></span></strong></p>\r\n\r\n<p><span style=\"font-size:12pt\"><span style=\"background-color:white\"><span style=\"font-family:&quot;Times New Roman&quot;,serif\"><span style=\"color:#404040\">Konkrit siap bancuh dihasilkan di kilang dan dihantar ke tapak pembinaan melalui trak konkrit. Kaedah ini melibatkan bancuhan konkrit dalam kuantiti besar yang konsisten, dihantar siap untuk digunakan segera. Ia menawarkan beberapa kelebihan:</span></span></span></span></p>\r\n\r\n<p><span style=\"font-size:12pt\"><span style=\"background-color:white\"><span style=\"font-family:&quot;Times New Roman&quot;,serif\"><span style=\"color:#404040\">- Peralatan: Tidak memerlukan peralatan bancuhan di tapak, mengurangkan kos dan ruang peralatan.</span></span></span></span></p>\r\n\r\n<p><span style=\"font-size:12pt\"><span style=\"background-color:white\"><span style=\"font-family:&quot;Times New Roman&quot;,serif\"><span style=\"color:#404040\">- Kecekapan Masa: Konkrit siap bancuh menjimatkan masa kerana ia tiba dalam keadaan sedia untuk digunakan, menghapuskan keperluan untuk bancuhan di tapak.</span></span></span></span></p>\r\n\r\n<p><span style=\"font-size:12pt\"><span style=\"background-color:white\"><span style=\"font-family:&quot;Times New Roman&quot;,serif\"><span style=\"color:#404040\">- Aplikasi: Sesuai untuk projek berskala besar seperti bangunan tinggi kerana kualitinya yang konsisten dan penghantarannya yang cekap.</span></span></span></span></p>\r\n\r\n<p><span style=\"font-size:12pt\"><span style=\"background-color:white\"><span style=\"font-family:&quot;Times New Roman&quot;,serif\"><span style=\"color:#404040\">- Pengurusan Sisa: Sisa bahan di tapak adalah minimum berbanding dengan konkrit bancuhan tapak.</span></span></span></span></p>\r\n\r\n<p>&nbsp;</p>\r\n\r\n<p><strong><span style=\"font-size:12pt\"><span style=\"background-color:white\"><span style=\"font-family:&quot;Times New Roman&quot;,serif\"><span style=\"color:#404040\">Konkrit Bancuhan Tapak:</span></span></span></span></strong></p>\r\n\r\n<p><span style=\"font-size:12pt\"><span style=\"background-color:white\"><span style=\"font-family:&quot;Times New Roman&quot;,serif\"><span style=\"color:#404040\">Konkrit bancuhan tapak disediakan di tapak dengan mencampurkan pelbagai komponen dalam nisbah tertentu. Kaedah ini memerlukan:</span></span></span></span></p>\r\n\r\n<p><span style=\"font-size:12pt\"><span style=\"background-color:white\"><span style=\"font-family:&quot;Times New Roman&quot;,serif\"><span style=\"color:#404040\">- Peralatan: Peralatan bancuhan di tapak seperti pembancuh kumpulan, yang boleh mahal dan memerlukan kemahiran untuk dikendalikan.</span></span></span></span></p>\r\n\r\n<p><span style=\"font-size:12pt\"><span style=\"background-color:white\"><span style=\"font-family:&quot;Times New Roman&quot;,serif\"><span style=\"color:#404040\">- Pertimbangan Masa: Bancuhan di tapak mengambil masa lebih lama kerana keperluan persediaan, bancuhan, dan masa pengerasan.</span></span></span></span></p>\r\n\r\n<p><span style=\"font-size:12pt\"><span style=\"background-color:white\"><span style=\"font-family:&quot;Times New Roman&quot;,serif\"><span style=\"color:#404040\">- Penggunaan yang Disyorkan: Sesuai untuk projek kecil atau lokasi di mana penghantaran konkrit siap bancuh tidak praktikal.</span></span></span></span></p>\r\n\r\n<p><span style=\"font-size:12pt\"><span style=\"background-color:white\"><span style=\"font-family:&quot;Times New Roman&quot;,serif\"><span style=\"color:#404040\">- Kawalan Kualiti: Kualiti bergantung pada kemahiran pekerja di tapak dalam mencampurkan dan ketepatan nisbah.</span></span></span></span></p>\r\n\r\n<p><span style=\"font-size:12pt\"><span style=\"background-color:white\"><span style=\"font-family:&quot;Times New Roman&quot;,serif\"><span style=\"color:#404040\">- Fleksibiliti: Membolehkan penyesuaian semasa bancuhan untuk memenuhi keperluan projek tetapi boleh menyebabkan variasi dalam kualiti.</span></span></span></span></p>\r\n\r\n<p>&nbsp;</p>\r\n\r\n<p><strong><span style=\"font-size:12pt\"><span style=\"background-color:white\"><span style=\"font-family:&quot;Times New Roman&quot;,serif\"><span style=\"color:#404040\">Memilih Antara Konkrit Siap Bancuh dan Konkrit Bancuhan Tapak:</span></span></span></span></strong></p>\r\n\r\n<p><span style=\"font-size:12pt\"><span style=\"background-color:white\"><span style=\"font-family:&quot;Times New Roman&quot;,serif\"><span style=\"color:#404040\">Keputusan bergantung pada skala projek, kekangan masa, dan kepakaran tenaga kerja:</span></span></span></span></p>\r\n\r\n<p><span style=\"font-size:12pt\"><span style=\"background-color:white\"><span style=\"font-family:&quot;Times New Roman&quot;,serif\"><span style=\"color:#404040\">- Projek Besar: Pilih konkrit siap bancuh untuk kecekapan dan kualiti konsisten.</span></span></span></span></p>\r\n\r\n<p><span style=\"font-size:12pt\"><span style=\"background-color:white\"><span style=\"font-family:&quot;Times New Roman&quot;,serif\"><span style=\"color:#404040\">- Projek Kecil atau Jauh: Konkrit bancuhan tapak menawarkan fleksibiliti tetapi memerlukan tenaga kerja terlatih.</span></span></span></span></p>\r\n\r\n<p><span style=\"font-size:12pt\"><span style=\"background-color:white\"><span style=\"font-family:&quot;Times New Roman&quot;,serif\"><span style=\"color:#404040\">- Pertimbangan Kos: Konkrit siap bancuh memudahkan pengiraan kos, manakala konkrit bancuhan tapak memerlukan penilaian terperinci bagi komponen dan kos buruh.</span></span></span></span></p>\r\n\r\n<p>&nbsp;</p>\r\n\r\n<p><span style=\"font-size:12pt\"><span style=\"background-color:white\"><span style=\"font-family:&quot;Times New Roman&quot;,serif\"><span style=\"color:#404040\">Kesimpulannya, kedua-dua konkrit siap bancuh dan konkrit bancuhan tapak mempunyai kelebihan tersendiri bergantung kepada keperluan projek. Memilih jenis yang tepat melibatkan menilai faktor seperti saiz projek, kekangan logistik, dan pertimbangan bajet untuk mencapai hasil yang optimum.</span></span></span></span></p>\r\n\r\n<p><span style=\"font-size:12pt\"><span style=\"background-color:white\"><span style=\"font-family:&quot;Times New Roman&quot;,serif\">Hubungi kami, SEMIX SDN BHD di 0128326682 / https://wa.me/0128326682 untuk mendapatkan bekalan konkrit.</span></span></span></p>','2024-07-30 08:36:36.418341','2024-07-30 08:36:36.418351');

--
-- Table structure for table `kck2021_article_categories`
--

CREATE TABLE `kck2021_article_categories` (
  `id` bigint NOT NULL AUTO_INCREMENT,
  `article_id` bigint NOT NULL,
  `articlecategories_id` bigint NOT NULL,
  PRIMARY KEY (`id`),
  UNIQUE KEY `kck2021_article_categori_article_id_articlecatego_3ede5dec_uniq` (`article_id`,`articlecategories_id`),
  KEY `kck2021_article_cate_articlecategories_id_d8f13f9d_fk_kck2021_a` (`articlecategories_id`),
  CONSTRAINT `kck2021_article_cate_article_id_d67fa41a_fk_kck2021_a` FOREIGN KEY (`article_id`) REFERENCES `kck2021_article` (`id`),
  CONSTRAINT `kck2021_article_cate_articlecategories_id_d8f13f9d_fk_kck2021_a` FOREIGN KEY (`articlecategories_id`) REFERENCES `kck2021_articlecategories` (`id`)
) ENGINE=InnoDB AUTO_INCREMENT=36 DEFAULT CHARSET=utf8mb4 COLLATE=utf8mb4_0900_ai_ci;

--
-- Dumping data for table `kck2021_article_categories`
--

INSERT INTO `kck2021_article_categories` VALUES (1,7,1),(2,7,3),(3,8,2),(4,8,5),(5,9,1),(6,9,2),(7,9,3),(8,9,4),(9,9,5),(10,10,6),(11,10,7),(12,11,5),(13,12,5),(14,13,5),(15,14,5),(16,15,5),(17,16,5),(18,17,5),(19,18,5),(20,19,5),(21,20,5),(22,21,5),(23,22,5),(27,24,5),(28,25,5),(29,26,5),(30,27,5),(31,28,5),(32,29,5),(33,30,5),(34,31,5),(35,32,5);

--
-- Table structure for table `kck2021_articlecategories`
--

CREATE TABLE `kck2021_articlecategories` (
  `id` bigint NOT NULL AUTO_INCREMENT,
  `category` varchar(60) NOT NULL,
  PRIMARY KEY (`id`)
) ENGINE=InnoDB AUTO_INCREMENT=8 DEFAULT CHARSET=utf8mb4 COLLATE=utf8mb4_0900_ai_ci;

--
-- Dumping data for table `kck2021_articlecategories`
--

INSERT INTO `kck2021_articlecategories` VALUES (1,'Kren'),(2,'Simen'),(3,'Projek Pembinaan'),(4,'Kontraktor'),(5,'Simen Bancuh'),(6,'Kimpalan'),(7,'Fabrikasi Logam');

--
-- Table structure for table `kck2021_career`
--

CREATE TABLE `kck2021_career` (
  `id` bigint NOT NULL AUTO_INCREMENT,
  `jobName` varchar(30) NOT NULL,
  `jobLocation` varchar(30) NOT NULL,
  `department_id` bigint NOT NULL,
  `timeAdded` date NOT NULL,
  `link` varchar(200) NOT NULL,
  PRIMARY KEY (`id`),
  KEY `kck2021_career_department_id_3209d022_fk_kck2021_department_id` (`department_id`),
  CONSTRAINT `kck2021_career_department_id_3209d022_fk_kck2021_department_id` FOREIGN KEY (`department_id`) REFERENCES `kck2021_department` (`id`)
) ENGINE=InnoDB AUTO_INCREMENT=6 DEFAULT CHARSET=utf8mb4 COLLATE=utf8mb4_0900_ai_ci;

--
-- Dumping data for table `kck2021_career`
--

INSERT INTO `kck2021_career` VALUES (2,'Civil Engineer','Kampung Raja, Terengganu',4,'2023-12-17','https://drive.google.com/file/d/13ax34R8jRXt62g4HgZnuDj-4DaVisIfy/view?usp=sharing'),(3,'Graphics Designer','Nilai, Negeri Sembilan',2,'2023-12-17','https://drive.google.com/file/d/11r-zbGzK_bWjooJFgI7GBfjlVKpY9RFL/view?usp=sharing'),(4,'Sales & Marketing Executive','Jerteh, Terengganu',2,'2023-12-17','https://drive.google.com/file/d/1AreKJS5OuLu-AOM__WnlpIcKA84zPd-5/view?usp=sharing'),(5,'Debar Lori','Besut, Terengganu',3,'2023-12-17','https://www.kckok.my/');

--
-- Table structure for table `kck2021_career_jobTypes`
--

CREATE TABLE `kck2021_career_jobTypes` (
  `id` bigint NOT NULL AUTO_INCREMENT,
  `career_id` bigint NOT NULL,
  `jobtype_id` bigint NOT NULL,
  PRIMARY KEY (`id`),
  UNIQUE KEY `kck2021_career_jobTypes_career_id_jobtype_id_6c68f3bf_uniq` (`career_id`,`jobtype_id`),
  KEY `kck2021_career_jobTy_jobtype_id_57619f73_fk_kck2021_j` (`jobtype_id`),
  CONSTRAINT `kck2021_career_jobTy_jobtype_id_57619f73_fk_kck2021_j` FOREIGN KEY (`jobtype_id`) REFERENCES `kck2021_jobtype` (`id`),
  CONSTRAINT `kck2021_career_jobTypes_career_id_a324b689_fk_kck2021_career_id` FOREIGN KEY (`career_id`) REFERENCES `kck2021_career` (`id`)
) ENGINE=InnoDB AUTO_INCREMENT=8 DEFAULT CHARSET=utf8mb4 COLLATE=utf8mb4_0900_ai_ci;

--
-- Dumping data for table `kck2021_career_jobTypes`
--

INSERT INTO `kck2021_career_jobTypes` VALUES (1,2,3),(2,3,1),(3,3,2),(4,3,6),(5,4,2),(6,4,3),(7,5,3);

--
-- Table structure for table `kck2021_company`
--

CREATE TABLE `kck2021_company` (
  `id` bigint NOT NULL AUTO_INCREMENT,
  `name` varchar(255) NOT NULL,
  PRIMARY KEY (`id`)
) ENGINE=InnoDB AUTO_INCREMENT=4 DEFAULT CHARSET=utf8mb4 COLLATE=utf8mb4_0900_ai_ci;

--
-- Dumping data for table `kck2021_company`
--

INSERT INTO `kck2021_company` VALUES (1,'Semix'),(2,'Test'),(3,'KCK GROUP');

--
-- Table structure for table `kck2021_department`
--

CREATE TABLE `kck2021_department` (
  `id` bigint NOT NULL AUTO_INCREMENT,
  `agency` varchar(50) NOT NULL,
  PRIMARY KEY (`id`)
) ENGINE=InnoDB AUTO_INCREMENT=5 DEFAULT CHARSET=utf8mb4 COLLATE=utf8mb4_0900_ai_ci;

--
-- Dumping data for table `kck2021_department`
--

INSERT INTO `kck2021_department` VALUES (1,'Supervisor'),(2,'Marketing'),(3,'Logistics'),(4,'Project Management');

--
-- Table structure for table `kck2021_identityregister`
--

CREATE TABLE `kck2021_identityregister` (
  `id` bigint NOT NULL AUTO_INCREMENT,
  `phone` varchar(20) NOT NULL,
  `front` varchar(100) NOT NULL,
  `back` varchar(100) NOT NULL,
  `selfie` varchar(100) NOT NULL,
  `created` datetime(6) NOT NULL,
  `updated` datetime(6) NOT NULL,
  `name` longtext NOT NULL DEFAULT (_utf8mb3''),
  `reference_code` varchar(20) NOT NULL,
  `verified` tinyint(1) NOT NULL,
  PRIMARY KEY (`id`),
  UNIQUE KEY `kck2021_identityregister_reference_code_9b01ff42_uniq` (`reference_code`)
) ENGINE=InnoDB AUTO_INCREMENT=19 DEFAULT CHARSET=utf8mb4 COLLATE=utf8mb4_0900_ai_ci;

--
-- Dumping data for table `kck2021_identityregister`
--

INSERT INTO `kck2021_identityregister` VALUES (13,'0478643029','identity/0478643029/front/20240218194430.png','identity/0478643029/back/20240218194430.png','identity/0478643029/selfie/20240218194430.png','2024-02-18 11:44:30.520477','2024-07-17 03:36:19.240764','','SEMIX0013-029',0),(15,'0125456348','identity/0125456348/front/20240218210931.jpg','identity/0125456348/back/20240218210931.jpg','identity/0125456348/selfie/20240218210931.jpg','2024-02-18 13:09:31.095536','2024-02-18 13:24:32.049111','KHOR WEEI ZHEE','SEMIX0015-348',1),(16,'0124986348','identity/0124986348/front/20240220123855.jpg','identity/0124986348/back/20240220123855.jpg','identity/0124986348/selfie/20240220123855.jpg','2024-02-20 04:38:55.923445','2024-02-20 04:38:55.923507','','SEMIX0016-348',0),(17,'0478643029','identity/0478643029/front/20240717113434.png','identity/0478643029/back/20240717113434.png','identity/0478643029/selfie/20240717113434.png','2024-07-17 03:34:34.471266','2024-07-17 03:34:34.471314','','SEMIX0017-029',0),(18,'0128376682','identity/0128376682/front/20240717115740.jpg','identity/0128376682/back/20240717115740.jpg','identity/0128376682/selfie/20240717115740.jpg','2024-07-17 03:57:40.180679','2024-07-17 03:57:40.180745','','SEMIX0018-682',0);

--
-- Table structure for table `kck2021_identityregister_statuses`
--

CREATE TABLE `kck2021_identityregister_statuses` (
  `id` bigint NOT NULL AUTO_INCREMENT,
  `identityregister_id` bigint NOT NULL,
  `identitystatus_id` bigint NOT NULL,
  PRIMARY KEY (`id`),
  UNIQUE KEY `kck2021_identityregister_identityregister_id_iden_b9515862_uniq` (`identityregister_id`,`identitystatus_id`),
  KEY `kck2021_identityregi_identitystatus_id_f6fd8a4f_fk_kck2021_i` (`identitystatus_id`),
  CONSTRAINT `kck2021_identityregi_identityregister_id_e07257e9_fk_kck2021_i` FOREIGN KEY (`identityregister_id`) REFERENCES `kck2021_identityregister` (`id`),
  CONSTRAINT `kck2021_identityregi_identitystatus_id_f6fd8a4f_fk_kck2021_i` FOREIGN KEY (`identitystatus_id`) REFERENCES `kck2021_identitystatus` (`id`)
) ENGINE=InnoDB AUTO_INCREMENT=47 DEFAULT CHARSET=utf8mb4 COLLATE=utf8mb4_0900_ai_ci;

--
-- Dumping data for table `kck2021_identityregister_statuses`
--

INSERT INTO `kck2021_identityregister_statuses` VALUES (44,13,3),(45,13,4),(41,15,2),(42,16,1),(43,17,1),(46,18,1);

--
-- Table structure for table `kck2021_identityregisterchangelog`
--

CREATE TABLE `kck2021_identityregisterchangelog` (
  `id` bigint NOT NULL AUTO_INCREMENT,
  `timestamp` datetime(6) NOT NULL,
  `identity_register_id` bigint NOT NULL,
  `user_id` int NOT NULL,
  PRIMARY KEY (`id`),
  KEY `kck2021_identityregi_identity_register_id_f10e13b2_fk_kck2021_i` (`identity_register_id`),
  KEY `kck2021_identityregi_user_id_dc50a1de_fk_auth_user` (`user_id`),
  CONSTRAINT `kck2021_identityregi_identity_register_id_f10e13b2_fk_kck2021_i` FOREIGN KEY (`identity_register_id`) REFERENCES `kck2021_identityregister` (`id`),
  CONSTRAINT `kck2021_identityregi_user_id_dc50a1de_fk_auth_user` FOREIGN KEY (`user_id`) REFERENCES `auth_user` (`id`)
) ENGINE=InnoDB AUTO_INCREMENT=33 DEFAULT CHARSET=utf8mb4 COLLATE=utf8mb4_0900_ai_ci;

--
-- Dumping data for table `kck2021_identityregisterchangelog`
--

INSERT INTO `kck2021_identityregisterchangelog` VALUES (30,'2024-02-18 13:22:11.421055',15,3),(31,'2024-02-18 13:24:32.241918',15,3),(32,'2024-07-17 03:36:20.029546',13,3);

--
-- Table structure for table `kck2021_identitystatus`
--

CREATE TABLE `kck2021_identitystatus` (
  `id` bigint NOT NULL AUTO_INCREMENT,
  `status` varchar(255) NOT NULL,
  PRIMARY KEY (`id`)
) ENGINE=InnoDB AUTO_INCREMENT=5 DEFAULT CHARSET=utf8mb4 COLLATE=utf8mb4_0900_ai_ci;

--
-- Dumping data for table `kck2021_identitystatus`
--

INSERT INTO `kck2021_identitystatus` VALUES (1,'Belum disemak'),(2,'Pengesahan selesai'),(3,'Foto IC depan kurang cerah'),(4,'Foto IC belakang kurang cerah');

--
-- Table structure for table `kck2021_job`
--

CREATE TABLE `kck2021_job` (
  `id` bigint NOT NULL AUTO_INCREMENT,
  `specialization` varchar(255) NOT NULL,
  PRIMARY KEY (`id`)
) ENGINE=InnoDB AUTO_INCREMENT=16 DEFAULT CHARSET=utf8mb4 COLLATE=utf8mb4_0900_ai_ci;

--
-- Dumping data for table `kck2021_job`
--

INSERT INTO `kck2021_job` VALUES (1,'Pemasangan longkang berbentuk U'),(2,'Pembekal Simen Konkrit'),(3,'Perancangan Khidmat Pembinaan'),(4,'Pembinaan Struktur Bangunan'),(5,'Asas Bangunan'),(6,'Cerucuk Pembinaan'),(7,'Sistem empangan muara sungai'),(8,'Struktur Empangan'),(9,'Pembekal Pasir Lombong'),(10,'Pembinaan Jalan'),(11,'Mengantikan Paip Mild Steel'),(12,'Fabrikasi Acuan Keluli'),(13,'Perkhidmatan Kren'),(14,'Pintu Kawalan Sungai'),(15,'Sistem Saliran Utama');

--
-- Table structure for table `kck2021_jobtype`
--

CREATE TABLE `kck2021_jobtype` (
  `id` bigint NOT NULL AUTO_INCREMENT,
  `name` varchar(50) NOT NULL,
  PRIMARY KEY (`id`)
) ENGINE=InnoDB AUTO_INCREMENT=7 DEFAULT CHARSET=utf8mb4 COLLATE=utf8mb4_0900_ai_ci;

--
-- Dumping data for table `kck2021_jobtype`
--

INSERT INTO `kck2021_jobtype` VALUES (1,'Remote'),(2,'Contract'),(3,'Full-Time'),(6,'Internship');

--
-- Table structure for table `kck2021_legal`
--

CREATE TABLE `kck2021_legal` (
  `id` bigint NOT NULL AUTO_INCREMENT,
  `title` varchar(60) NOT NULL,
  `slug` varchar(50) NOT NULL,
  `body` longtext NOT NULL,
  `created` datetime(6) NOT NULL,
  `updated` datetime(6) NOT NULL,
  `category_id` bigint NOT NULL,
  `company_id` bigint DEFAULT NULL,
  PRIMARY KEY (`id`),
  UNIQUE KEY `slug` (`slug`),
  KEY `kck2021_legal_company_id_1bc841a6_fk_kck2021_company_id` (`company_id`),
  KEY `kck2021_legal_category_id_1b2e092a` (`category_id`),
  CONSTRAINT `kck2021_legal_category_id_1b2e092a_fk_kck2021_legalcategory_id` FOREIGN KEY (`category_id`) REFERENCES `kck2021_legalcategory` (`id`),
  CONSTRAINT `kck2021_legal_company_id_1bc841a6_fk_kck2021_company_id` FOREIGN KEY (`company_id`) REFERENCES `kck2021_company` (`id`)
) ENGINE=InnoDB AUTO_INCREMENT=19 DEFAULT CHARSET=utf8mb4 COLLATE=utf8mb4_0900_ai_ci;

--
-- Dumping data for table `kck2021_legal`
--

INSERT INTO `kck2021_legal` VALUES (1,'Standard Terms and Conditions','standard-terms-and-conditions','<p><strong>These conditions govern the sale and purchase of the goods and services ordered by the Buyer from SEMIX SDN. BHD. or KCK KOK ENGINEERING SDN. BHD. (collectively referred to as &ldquo;the Seller&rdquo;) and shall override any terms and conditions whether previously or hereafter stipulated, incorporated, or referred to by the Buyer whether orally, in its purchase order, or other documents.</strong></p>\r\n\r\n<p><strong>APPLICATION OF TERMS AND CONDITIONS</strong></p>\r\n\r\n<p>These conditions govern the sale and purchase of the goods and services ordered by the Buyer from SEMIX SDN. BHD. or KCK KOK ENGINEERING SDN. BHD. (collectively referred to as &ldquo;the Seller&rdquo;) and shall override any terms and conditions whether previously or hereafter stipulated, incorporated, or referred to by the Buyer whether orally, in its purchase order, or other documents.</p>\r\n\r\n<p><strong>TIME FOR DELIVERY</strong></p>\r\n\r\n<p>Any time or date for delivery named by SEMIX SDN. BHD. or KCK KOK ENGINEERING SDN. BHD. (collectively referred to as &ldquo;the Seller&rdquo;) is an estimate only, and the Seller shall not be liable for any damage or loss arising directly or indirectly from any delay in delivery.</p>\r\n\r\n<p style=\"text-align:justify\"><strong>TIME FOR DELIVERY OF GOODS/SERVICES</strong></p>\r\n\r\n<p style=\"text-align:justify\">a. Any time for delivery named by Seller is an estimate only and seller is not liable to make good any damages to make good any damages or loss arising out of any of any such delay.</p>\r\n\r\n<p style=\"text-align:justify\"><strong>PRICE</strong></p>\r\n\r\n<p>a. The quoted prices for goods/services are subject to change or adjustment in the event of any imposition or increase in taxes, levies, or duties whatsoever on goods/services, its components, or raw materials.</p>\r\n\r\n<p>b. The quoted prices are based on our mix design and inclusive of normal retarders but exclude other admixtures such as super plasticizing and waterproofing agents. A surcharge of RM30/m&sup3; for each concrete grade will be imposed for Waterproofing Mixes.</p>\r\n\r\n<p>c. Prices exclude the costs of independent testing and waterproofing admixture, both of which shall be borne and paid by the customer.</p>\r\n\r\n<p>d. The quoted prices are based on a maximum time allowed by the Seller for discharge of concrete at the Project Site which is 45 minutes from the arrival of the mixer truck. The customer shall pay RM 50.00 per hour (or part thereof) of delay/waiting time beyond 45 minutes.</p>\r\n\r\n<p>e. The quoted prices are valid for deliveries made during and after working hours as Seller, as well as on Sundays and public holidays. However, for orders booked and canceled on Sunday/public holidays and after 7 p.m. on any day, a minimum surcharge of RM 800/day lump sum will be imposed.</p>\r\n\r\n<p>f. The quoted prices exclude the cost of excess concrete returned to our plant, and it will be valued and charged at the following rates for disposal:</p>\r\n\r\n<blockquote>\r\n<p>0.1m&sup3; - 1m&sup3; = RM300<br />\r\n1.1m&sup3; - 2m&sup3; = RM600<br />\r\n2.1m&sup3; - 3m&sup3; = RM900<br />\r\n3.1m&sup3; - 4m&sup3; = RM1200<br />\r\n4.1m&sup3; - 5m&sup3; = RM1500<br />\r\nAbove 5.1m&sup3; = RM3000</p>\r\n</blockquote>\r\n\r\n<p style=\"text-align:justify\"><strong>LATE OF PAYMENT INTEREST</strong></p>\r\n\r\n<p style=\"text-align:justify\">In the event the Buyer fails to pay any sums as and when due, the Buyer shall pay interest thereon at the rate of 1.5% per month by any of damages from the due date until the date of full payment.</p>\r\n\r\n<p style=\"text-align:justify\"><strong>TIME OF ESSENCE</strong></p>\r\n\r\n<p style=\"text-align:justify\">Time within which the Buyer is to pay the goods/services shall be of the essence of this Agreement.</p>\r\n\r\n<p style=\"text-align:justify\"><strong>DELIVERY</strong></p>\r\n\r\n<p>a. The Seller shall be deemed to have made due delivery of the goods/services if the Seller delivers the goods/services at the site (&lsquo;Site&rsquo;) or premises (&lsquo;Premises&rsquo;) specified by the Buyer in the Purchase Order or otherwise and the Delivery Order is endorsed by any person present at the Site or Premises. The Buyer shall be responsible for making all necessary arrangements to collect or take delivery of the goods/services at the Site or Premises. The Seller shall not be bound to ensure that the person collecting or taking delivery of the goods/services or endorsing the Delivery Order is properly authorized by the Buyer to do so and the Seller shall not be responsible or liable in any way for any loss or damage suffered or incurred by the Buyer arising from or in connection with the said delivery or collection at the Site or Premises, including any loss or damage arising or resulting from the collection of the goods/services by or delivery of the goods/services to unauthorized persons.</p>\r\n\r\n<p>b. Should the Buyer fail to take delivery of goods/services, the Seller shall be entitled (without derogation of its rights under law) to charge the Buyer for storage and insurance for the goods/services calculated from the date fixed for delivery until the date when the Buyer takes delivery.</p>\r\n\r\n<p>c. Concrete will be delivered to the Project Site/Delivery Location at all reasonable times, subject to the Customer providing accessible and compact roads to and within the Project Site/Delivery Location for ease of delivery. All damage to the mixer trucks due to poor access road(s) shall be made good by the customer.</p>\r\n\r\n<p>d. The Seller shall not be responsible for any concrete delivered, misplaced, or wrongly accepted after acceptance of delivery orders or in cases where the concrete has been laid and cast.</p>\r\n\r\n<p>e. In the event that any of the delivery orders are misplaced or not signed by the customer&rsquo;s representative during the supply, the Seller reserves the right to invoice on the total progressive quantity on the delivery orders.</p>\r\n\r\n<p>f. The Seller reserves the right not to deliver goods/services if the Buyer commits any default on any of the terms of sale as stated or if the amount outstanding at any time exceeds any credit limit granted by the Seller or fails to confirm or verify in writing any Monthly Statement of Accounts.</p>\r\n\r\n<p style=\"text-align:justify\"><strong>ACCEPTANCE</strong></p>\r\n\r\n<p style=\"text-align:justify\">The Buyer, its servants, or agents, shall inspect the goods/services immediately upon delivery. Unless the Seller receives notice that goods/services are not in accordance with the Buyer&rsquo;s order and the goods/services are returned to the Seller within 24 hours from the date and time of delivery, the goods/services shall be deemed to have been accepted by the Buyer, PROVIDED ALWAYS that the Seller will not accept the return of used goods/services and the Buyer shall not reject any goods/services that are in accordance with the Buyer&rsquo;s order.</p>\r\n\r\n<p style=\"text-align:justify\"><strong>DESCRIPTION</strong></p>\r\n\r\n<p style=\"text-align:justify\">Notwithstanding any description of the goods/services given by the Seller, no sale of the goods/services shall constitute or be construed to be a sale by description.</p>\r\n\r\n<p style=\"text-align:justify\"><strong>WARRANTY</strong></p>\r\n\r\n<p style=\"text-align:justify\">Save and except for written warranties (if any) given by the Seller, the Seller does not give any warranties as to quality, state, condition, or fitness of the goods/services or their suitability for any purpose or for use under any specific conditions, notwithstanding that such purpose or condition may be known or made known to the Seller.</p>\r\n\r\n<p style=\"text-align:justify\"><strong>DEFECTS</strong></p>\r\n\r\n<p style=\"text-align:justify\">Save and except as notified pursuant to the <strong>Clause of Acceptance</strong> above, the Seller shall be under no liability to the Buyer either in contract or tort for loss, injury, or damage sustained by the Buyer or any third party by reason of defects in the goods/services, whether latent or otherwise, but the Buyer will keep the Seller indemnified against such claims.</p>\r\n\r\n<p style=\"text-align:justify\"><strong>RISKS</strong></p>\r\n\r\n<p style=\"text-align:justify\">Risk passes upon delivery of the goods/services by the Buyer as specified in the <strong>Clause of Acceptance</strong> and <strong>Clause of Risk</strong> herein.</p>\r\n\r\n<p style=\"text-align:justify\"><strong>DEFAULT BY BUYERS</strong></p>\r\n\r\n<p style=\"text-align:justify\">If the Buyer fails to pay the Seller on the due dates any sum due and owing to the Seller, or if the Buyer shall commit a breach of any of its obligations under this Agreement, or if a receiver of the Buyer&rsquo;s business shall be appointed, or if a petition for the winding up of the Buyer shall be presented or passed (except for the purpose of reconstruction), or if the Buyer shall become bankrupt or commit an act of bankruptcy, the Seller may, without prejudice to its other rights, and without giving prior notice, either suspend or cancel further deliveries under this Agreement, limit or cancel the credit of the Buyer as to time and/or amount, or require payment in advance for all or any further deliveries, and the Seller shall not be liable to the Buyer for any damages which the Buyer may suffer or incur by reason thereof. The Buyer shall make all payments due under the contract in full without any deduction, whether by way of set-off, counterclaim, discount, abatement, or otherwise, unless the Buyer has a valid court order requiring an amount equal to such deduction to be paid by the Seller to the Buyer.</p>\r\n\r\n<p style=\"text-align:justify\"><strong>FORCE MAJEUREF</strong></p>\r\n\r\n<p style=\"text-align:justify\">The Seller shall not be liable to the Buyer for failure to deliver the goods/services by reason of any breakdown of plant, fire, explosion, Act of God, or outbreak of hostilities, national emergency, industrial dispute, shortage of labor, raw materials, energy, or other causes beyond the Seller&rsquo;s control and which the Seller is unable to prevent by the exercise of reasonable diligence, whether latent or otherwise, but the Buyer will keep the Seller indemnified against such claims.</p>\r\n\r\n<p style=\"text-align:justify\"><strong>INVOICES</strong></p>\r\n\r\n<p style=\"text-align:justify\">All amounts stated in the invoices and the Statement of Account, unless disputed within 7 days of receipt thereof, shall be deemed to be conclusive of the amounts due and owing by the Buyer to the Seller and shall be binding against the Buyer in any legal proceedings.</p>\r\n\r\n<p style=\"text-align:justify\"><strong>SALE OF GOODS (MALAY STATES) Ordinance 1957</strong></p>\r\n\r\n<p style=\"text-align:justify\">The terms and conditions in favor of the Seller hereunder shall be in addition to and not in substitution for any term, condition, or warranty expressed or implied in favor of the Seller under the Sale of Goods (Malay State) Ordinance 1957 and/or any statutory modification and re-enactment thereto for the time being enforced.</p>\r\n\r\n<p style=\"text-align:justify\"><strong>NOTICES AND COMMUNICATION METHODS</strong></p>\r\n\r\n<p>The Buyer shall be deemed to have received or been communicated the notice through any of the following methods:</p>\r\n\r\n<p style=\"margin-left:40px\">(a) <strong>Courier or Hand Delivery</strong>: Notice will be considered received on the date it is delivered to the Buyer.</p>\r\n\r\n<p style=\"margin-left:40px\">(b) <strong>Seller&rsquo;s Premises or Website Posting</strong>: Notice will be considered received on the date it is posted in the Seller&rsquo;s premises or website.</p>\r\n\r\n<p style=\"margin-left:40px\">(c) <strong>Newspaper Publication</strong>: Notice will be considered received on the date it is first published in a daily newspaper chosen by the Seller.</p>\r\n\r\n<p style=\"margin-left:40px\">(d) <strong>Seller&rsquo;s Statement of Account</strong>: Notice will be considered received:</p>\r\n\r\n<ul>\r\n	<li>\r\n	<p style=\"margin-left:40px\">Upon completion of email transmission to the Buyer&rsquo;s last known email address in the Seller&rsquo;s records; or</p>\r\n	</li>\r\n	<li>\r\n	<p style=\"margin-left:40px\">Five (5) calendar days after posting the statement to the Buyer&rsquo;s last known address in the Seller&rsquo;s records.</p>\r\n	</li>\r\n</ul>\r\n\r\n<p style=\"margin-left:40px\">(e) <strong>Ordinary or Registered Post</strong>: Notice will be considered received five (5) calendar days after it is posted to the Buyer&rsquo;s last known address in the Seller&rsquo;s records.</p>\r\n\r\n<p style=\"margin-left:40px\">(f) <strong>SMS, Voice Mail, Electronic Messages, or Email</strong>: Notice will be considered received upon completion of the transmission to the Buyer&rsquo;s mobile phone number or email address.</p>\r\n\r\n<p style=\"margin-left:40px\">(g) <strong>WhatsApp Communication</strong>: Notice will be considered received upon completion of the transmission to the Buyer&rsquo;s WhatsApp number.</p>\r\n\r\n<p style=\"margin-left:40px\">(h) <strong>Facsimile</strong>: Notice will be considered received upon completion of the transmission and receipt of a successful facsimile transmission report.</p>\r\n\r\n<p style=\"margin-left:40px\">(i) <strong>Telephone Call</strong>: Notice will be considered received immediately after the telephone call to the Buyer&rsquo;s telephone number in the Seller&rsquo;s records.</p>\r\n\r\n<p style=\"margin-left:40px\">(j) <strong>Other Methods</strong>: Notice will be considered received if communicated by any other method the Seller deems fit.</p>\r\n\r\n<p style=\"text-align:justify\"><strong>WAIVER</strong></p>\r\n\r\n<p style=\"text-align:justify\">No failure or delay by the Seller in exercising any rights hereunder shall operate as a waiver thereof nor shall any single or partial exercise or any right preclude any further exercise thereof or the exercise of any other right.</p>\r\n\r\n<p style=\"text-align:justify\"><strong>SUSPENSION OR CANCELLATION OF DELIVERIES</strong></p>\r\n\r\n<p style=\"text-align:justify\">Notwithstanding anything herein contained, the Seller reserves the right at any time to vary terms or terminate this Agreement or any Contract for the supply of goods/services or suspend or stop delivery of any goods/services or limit or cancel the credit of the Buyer whether as to time and/or amount without giving any reasons whatsoever and to demand full settlement immediately of all sums that may be due and owing by the Buyer at any point in time notwithstanding that the credit period for payment has not expired.</p>\r\n\r\n<p style=\"text-align:justify\"><strong>CREDIT LIMIT</strong></p>\r\n\r\n<p style=\"text-align:justify\">The Seller shall have full and unfettered discretion and hereby reserves the right at any time to vary the credit limit and credit period contained in the Credit Application Form or to suspend or revoke the credit facility granted for any reason whatsoever without giving any notice to the Buyer.</p>\r\n\r\n<p style=\"text-align:justify\"><strong>CERTIFICATE OF INDEBTEDNESS</strong></p>\r\n\r\n<p>Any certificate, statement of account, notice, or demand issued by the Seller, whether signed by a Seller&#39;s officer, solicitor, or firm of solicitors acting on behalf of the Seller, or generated by a computer in the regular course of business, shall be considered conclusive evidence against the Buyer. This pertains to all matters stated, including the amount owed to the Seller, and applies to all purposes, including legal proceedings.</p>\r\n\r\n<p>The Buyer shall not dispute or challenge this evidence on any grounds, except in the case of a manifest error. Additionally, this conclusive evidence clause extends to any document or record produced by the Seller, its officers, solicitors, or agents, and includes all electronic records, correspondences, and communications that are regularly maintained or generated by the Seller in the course of its operations.</p>\r\n\r\n<p style=\"text-align:justify\"><strong>LIMITATION OF LIABILITY</strong></p>\r\n\r\n<p style=\"text-align:justify\">Notwithstanding anything contained in these Terms and Conditions to the contrary or otherwise, the Seller&rsquo;s sole and entire liability for any demands, claims, or actions which the Buyer or any third party may have against the Seller at law or in equity, shall be limited to the amount of the transaction involved which gave rise to the claim and the Seller shall not be liable for damages for negligence, breach of contracts, loss of profits, savings, goodwill, or any type of special, exemplary, incidental, indirect, or consequential loss or damage howsoever arising whether or not the Seller has been advised of the same.</p>\r\n\r\n<p style=\"text-align:justify\"><strong>TITLE</strong></p>\r\n\r\n<p style=\"text-align:justify\">Title to the goods/services remains vested in Seller until the Seller receives the full purchase price. If such payment is overdue, the Seller may without prejudice to any other rights sue for the purchase price, recover or re-sell the goods/services and the Buyer grants the Seller, its servants/agents the right and/or licensed to enter the Buyer&rsquo;s premise and/or any other premise where the goods/services are stored. If any of the goods/services are sold by the Buyer before title has passed to Buyer, Buyer shall hold the proceeds of sale and all rights against purchasers in trust for the Seller.</p>\r\n\r\n<p style=\"text-align:justify\"><strong>CANCELLATION OF CREDIT</strong></p>\r\n\r\n<p style=\"text-align:justify\">Notwithstanding anything herein contained, the Seller reserves the right to limit/cancel the credit of the Buyer as to time and/or amount without giving any reasons thereof and to demand full settlement immediately of all sums that may be owing by Buyer notwithstanding that the credit period has not expired.</p>\r\n\r\n<p style=\"text-align:justify\"><strong>APPROPRIATION OF PAYMENTS</strong></p>\r\n\r\n<p style=\"text-align:justify\">All payments received from the Buyer will be applied towards settlement of the Buyer&rsquo;s oldest debts comprising of the earliest invoices, debit notes (including debit notes for overdue interest), and other charges howsoever arising. Provided Always Seller may appropriate any payments towards the account of interest before the principal in respect of any debt as the Seller shall in its absolute discretion deem fit.</p>\r\n\r\n<p style=\"text-align:justify\"><strong>STATEMENT OF ACCOUNT</strong></p>\r\n\r\n<p style=\"text-align:justify\">All amount stated in the invoices and statement of accounts of Seller shall be conclusive of the amounts due and owning by Buyer to Seller and shall be binding against Buyer in legal proceedings.</p>\r\n\r\n<p style=\"text-align:justify\"><strong>RIGHT OF SET-OFF</strong></p>\r\n\r\n<p style=\"text-align:justify\">The Seller is entitled to set-off against Buyer&rsquo;s debts all monies now or hereafter standing to the credit of Buyer&rsquo;s account with the Seller or with any company within the SEMIX subsidiaries company and for this purpose Buyer shall give irrevocable authority to the Seller, to collect on behalf of Buyer and give a valid receipt and discharge in respect of all such monies owing to the Buyer.</p>\r\n\r\n<p style=\"text-align:justify\"><strong>SALE OF GOODS ACT 1957 (REVISED 1989) (&ldquo;the Act&rdquo;)</strong></p>\r\n\r\n<p style=\"text-align:justify\">The terms and conditions in favour of the Seller hereunder shall be in addition to and not in substitution for any term condition warranty expressed or implied in favour of the Seller under the Act or any statutory modification and re-enactment thereto for the time being enforced.</p>\r\n\r\n<p style=\"text-align:justify\"><strong>INFRINGEMENT OF PATENTS, DESIGNS</strong></p>\r\n\r\n<p style=\"text-align:justify\">Buyer shall indemnify Seller against all damages, claims, costs and expenses which Seller may become liable as a result of work done or goods sol in accordance with Buyer specifications which involves infringement of any patents, registered designs or trademarks.</p>\r\n\r\n<p style=\"text-align:justify\"><strong>GOVERNING LAW</strong></p>\r\n\r\n<p style=\"text-align:justify\">This Contract shall be constructed in accordance with Laws of Malaysia and the partiers hereto hereby agree to submit to the jurisdiction of the Malaysian Courts.</p>\r\n\r\n<p style=\"text-align:justify\"><strong>CREDIT WORTHINESS CHECK</strong></p>\r\n\r\n<p style=\"text-align:justify\">The Buyer consents and warrants that the Buyer has obtained the consent of all persons named in this application or such other document submitted to the Seller in support of this application (jointly referred to as &ldquo;Relevant Person&rdquo;) for the Seller, its agents and representatives to conduct credit checks and verification of information given pursuant to this application with any credit bureau or corporations set up for the purpose of collecting and providing credit or other information.</p>\r\n\r\n<p style=\"text-align:justify\"><strong>ANTI-BRIBERY AND CORRUPTION POLICY</strong></p>\r\n\r\n<p>The Buyer acknowledges and agrees that the Seller is subject to various anti-bribery and anti-corruption laws, including but not limited to the Malaysian Anti-Corruption Commission Act 2009, and the guidelines issued by the Malaysian Anti-Corruption Commission (MACC). The Buyer warrants that it will comply fully with all applicable anti-corruption laws and regulations in all jurisdictions where it conducts business with the Seller.</p>\r\n\r\n<p>The Buyer shall not, directly or indirectly, offer, promise, give, request, agree to receive, or accept any bribes, kickbacks, or any other form of improper payment, benefit, or advantage to or from any person or entity, including government officials, employees, political candidates, parties, or any Seller-related parties, in order to obtain or retain business or to secure any improper commercial advantage. This includes adherence to the standards set forth by the MACC and other relevant anti-corruption guidelines and practices.</p>\r\n\r\n<p>The Buyer shall implement and maintain its own policies and procedures, including adequate training for its employees, to ensure compliance with applicable anti-corruption laws and standards. The Buyer shall immediately report any request or demand for any undue financial or other advantage of any kind received by the Buyer in connection with the performance of this Agreement to the Seller.</p>\r\n\r\n<p>The Buyer further acknowledges that any breach of this clause will be deemed a material breach of this Agreement, entitling the Seller to terminate the Agreement immediately and seek any other remedies available under law or equity.</p>\r\n\r\n<p style=\"text-align:justify\"><strong>QUANTITY DETERMINATION</strong></p>\r\n\r\n<p style=\"text-align:justify\">The quantity of delivered concrete shall be based on the delivery orders. Any disagreement of the quantity of concrete supplied must be notified in writing within THREE (3) days after delivery and before the structure is covered where applicable after which no claims shall be entertained. If disagreement on quantity is reported within the 3-days period. A joint measurement at site shall be conducted and the following wastage allowance must be allowed for the inclusion in the final calculation of volume supplied;</p>\r\n\r\n<ul>\r\n	<li style=\"text-align:justify\">&gt;&nbsp;Three (3) percent for above the ground structure e.g columns, formed slabs and</li>\r\n	<li style=\"text-align:justify\">&gt;&nbsp;Thirteen (13) percent for ground and below ground structure excluded bored pile</li>\r\n</ul>\r\n\r\n<p style=\"text-align:justify\"><strong>OUTSOURCE DEBT COLLECTION AND COLLECTION OF MONIES</strong></p>\r\n\r\n<p style=\"margin-left:40px\"><strong>(a) Appointment of an Agent</strong></p>\r\n\r\n<p style=\"margin-left:40px\">The Seller reserves the right to appoint an agent of its choice to collect monies due from the Buyer under these terms. If the collection is outsourced to a third-party debt collection agency, the Seller will notify the Buyer at least ten (10) calendar days in advance through one or more of the following methods:</p>\r\n\r\n<ol>\r\n	<li>\r\n	<p style=\"margin-left:40px\"><strong>Email Notification</strong>: An email will be sent to the Buyer&#39;s last known email address.</p>\r\n	</li>\r\n	<li>\r\n	<p style=\"margin-left:40px\"><strong>Postal Mail</strong>: A letter will be mailed to the Buyer&#39;s last known physical address.</p>\r\n	</li>\r\n	<li>\r\n	<p style=\"margin-left:40px\"><strong>SMS Notification</strong>: A text message will be sent to the Buyer&#39;s last known mobile phone number.</p>\r\n	</li>\r\n	<li>\r\n	<p style=\"margin-left:40px\"><strong>Phone Call</strong>: A phone call will be made to the Buyer&#39;s last known contact number.</p>\r\n	</li>\r\n	<li>\r\n	<p style=\"margin-left:40px\"><strong>Online Portal</strong>: A notification will be posted on the Buyer&#39;s account in the Seller&#39;s online portal, if applicable.</p>\r\n	</li>\r\n	<li>\r\n	<p style=\"margin-left:40px\"><strong>WhatsApp Communication</strong>: A message will be sent to the Buyer&#39;s last known WhatsApp number.</p>\r\n	</li>\r\n</ol>\r\n\r\n<p style=\"margin-left:40px\"><strong>(b) Notification and Impact</strong></p>\r\n\r\n<p style=\"margin-left:40px\">The Seller will inform the Buyer of the impact on their rights and obligations once the account is transferred to a third-party debt collection agency or sold to a third party. If the Buyer cannot be contacted, the Seller&#39;s obligation is considered fulfilled if the notice is sent through one or more of the following methods to the Buyer&rsquo;s last known address at least ten (10) calendar days in advance:</p>\r\n\r\n<ol>\r\n	<li>\r\n	<p style=\"margin-left:40px\"><strong>Email Notification</strong></p>\r\n	</li>\r\n	<li>\r\n	<p style=\"margin-left:40px\"><strong>Postal Mail</strong></p>\r\n	</li>\r\n	<li>\r\n	<p style=\"margin-left:40px\"><strong>SMS Notification</strong></p>\r\n	</li>\r\n	<li>\r\n	<p style=\"margin-left:40px\"><strong>Phone Call</strong></p>\r\n	</li>\r\n	<li>\r\n	<p style=\"margin-left:40px\"><strong>Online Portal</strong></p>\r\n	</li>\r\n	<li>\r\n	<p style=\"margin-left:40px\"><strong>WhatsApp Communication</strong></p>\r\n	</li>\r\n</ol>\r\n\r\n<p style=\"margin-left:40px\"><strong>(c) Third-Party Contact Details</strong></p>\r\n\r\n<p style=\"margin-left:40px\">The Seller will provide the Buyer with the name and contact details of the appointed third-party debt collection agency or the third party to whom the collection has been outsourced through one or more of the following methods:</p>\r\n\r\n<ol>\r\n	<li>\r\n	<p style=\"margin-left:40px\"><strong>Email Notification</strong></p>\r\n	</li>\r\n	<li>\r\n	<p style=\"margin-left:40px\"><strong>Postal Mail</strong></p>\r\n	</li>\r\n	<li>\r\n	<p style=\"margin-left:40px\"><strong>SMS Notification</strong></p>\r\n	</li>\r\n	<li>\r\n	<p style=\"margin-left:40px\"><strong>Phone Call</strong></p>\r\n	</li>\r\n	<li>\r\n	<p style=\"margin-left:40px\"><strong>Online Portal</strong></p>\r\n	</li>\r\n	<li>\r\n	<p style=\"margin-left:40px\"><strong>WhatsApp Communication</strong></p>\r\n	</li>\r\n</ol>\r\n\r\n<p style=\"margin-left:40px\"><strong>(d) Workplace Visit</strong></p>\r\n\r\n<p style=\"margin-left:40px\">If the Buyer does not respond to other means of communication or cannot be contacted at any other location, the Buyer agrees that the Seller may visit the Buyer at their workplace to collect any money due under these terms.</p>\r\n\r\n<p style=\"margin-left:40px\"><strong>(e) Continuous Ignorance and Non-Compliance</strong></p>\r\n\r\n<p style=\"margin-left:40px\">If the Buyer continuously ignores calls, fails to respond to communication attempts for payment, or breaches promises made regarding payment, this will constitute approval for the Seller to appoint a third-party debt collection agency without serving additional notices. The Seller&#39;s obligation to notify the Buyer is considered fulfilled after the initial notification as described in section (a) clause of&nbsp;OUTSOURCE DEBT COLLECTION AND COLLECTION OF MONIES .</p>\r\n\r\n<p style=\"text-align:justify\"><strong>CONCRETE SPECIFICATION</strong></p>\r\n\r\n<p style=\"text-align:justify\">a. Seller Ready-Mixed Concrete is manufactured in accordance with relevant requirements stipulated in BS5328:1990 specified for Ready-Mixed Concrete the grade/grades of concrete quoted constitute the minimum compressive strength at 28 days. The compressive strength of the concrete supplied shall be based on only test cube results of the concrete supplied in respect of which BS 1881:1983 provisions on specification of concrete handling and testing shall be adhered to and the characteristic strength of concrete supplied shall comply with the relevant provision of BS5328:1990. Sampling for test cube(s) shall be taken from the discharge chute of the mixer truck(s) during discharge of concrete. If the concrete quality is conclusively found to be below the quality in accordance to he requirement herein and/or concrete fail to meet the compressive strength requirement, assessment of concrete compressive strength in accordance to BS 1881:1983, our liability shall be limited to delivering to customer concrete equivalent to the volume of defective concrete and we shall not be liable to customer for any other losses or damages (whether direct, indirect,special, consequential or otherwise),expenses, costs, charges, liabilities and/or claims incurred or suffered by customer due to or attributable to the defective concrete.</p>\r\n\r\n<p style=\"text-align:justify\">b. Seller shall not be responsible for concrete failure or rejects attributes to the following scenarios:</p>\r\n\r\n<p style=\"text-align:justify\">&gt;&nbsp;Additional of water and/or admixture to the concrete by the customers employee(s), agent(s) and/or contractor(s) and/or third party(s) either before or after discharge from the mixer truck</p>\r\n\r\n<p style=\"text-align:justify\">&gt;&nbsp;Poor handling and placing from the mixer truck</p>\r\n\r\n<p style=\"text-align:justify\">&gt;&nbsp;Placing of concrete when it is raining</p>\r\n\r\n<p style=\"text-align:justify\">&gt;&nbsp;Delay in placement time of the concrete beyond 2 hours from the concrete batching time.</p>\r\n\r\n<p style=\"text-align:justify\"><strong>LEGAL RECOVERY OF DEBT CLAUSE WITH RESERVATION OF FUND</strong></p>\r\n\r\n<p><strong>(a) Default and Legal Recovery</strong></p>\r\n\r\n<p>In the event that the Buyer defaults on the agreed credit terms and payment remains outstanding for more than seven (7) days, the Seller reserves the right to initiate legal proceedings to recover the debt. Please note that payment of the outstanding amount must be made in full within 7 days from the date of this notice. Failure to do so will result in the following actions being taken upon expiry of the 7 days without further reference to Buyer:</p>\r\n\r\n<p>Buyer will be liable for all legal costs incurred as a result of this default, including disbursement fees related to the recovery of the outstanding amount, any costs incurred enforcing the clause of Outsource Debt Collection and Collection of Monies described herein, administrative charges, employing Debt Recovery Specialists charges, fees for any third-party debt recovery consultancy engaged by us, costs charged by our solicitor, and any other legal costs arising from the consequences of Buyer default.</p>\r\n\r\n<p>To prevent the advance payment of RM 10,000 or 25% of the outstanding indebtedness, whichever is higher, from being charged on any part of this account placed for collection and filed with the court, Buyer is required to make full payment of the outstanding amount within 7 days from the date of this notice. Failure to do so will result in us proceeding with legal action and the subsequent advance payment requirement.</p>\r\n\r\n<p><strong>(b) Reservation of Fund</strong></p>\r\n\r\n<p>Upon default, the Seller reserves the right to require an advance payment of RM 10,000 or 25% of the outstanding indebtedness, whichever is higher, on any part of this account placed for collection, to cover all legal costs mentioned herein. This amount will serve as a reserve to manage all costs associated with the legal proceedings. The advance payment will be utilized to cover all direct costs associated with the legal proceedings. All costs incurred will be set off against this advance payment, with detailed accounts of expenses maintained and made available to Buyer upon request.</p>\r\n\r\n<p>Any remaining balance from the advance payment, after settling all related costs, will be refunded to Buyer. Conversely, should the costs exceed the advance amount, Buyer will be required to cover any additional expenses incurred.</p>\r\n\r\n<p><strong>(c) Acceptance of Detailed Account of Expenses</strong></p>\r\n\r\n<p>Upon Buyer&rsquo;s request, the Seller will provide a detailed account of expenses related to the recovery of the outstanding amount. The Buyer must submit any request for such an account within 7 days from the date of being notified of the expenses.</p>\r\n\r\n<p>Should the Buyer fail to submit a request for a detailed account within this specified timeframe, the Buyer will be deemed to have accepted the account of expenses as accurate and final. Furthermore, if the Buyer requests a detailed account within the specified timeframe but fails to raise any objections within 7 days following the Seller&#39;s submission of the account, the Buyer will also be deemed to have accepted the detailed account of expenses as accurate and final.</p>\r\n\r\n<p style=\"text-align:justify\"><strong>TERMINATION</strong></p>\r\n\r\n<p style=\"text-align:justify\">WHERE :-</p>\r\n\r\n<p style=\"text-align:justify\">&gt;&nbsp;The customer makes any voluntary arrangement with its creditors or becomes subject to an administration order or winding up petition or is adjudicated bankrupt or goes into liquidation (otherwise than for the purpose of amalgamation or reconstruction), or</p>\r\n\r\n<p style=\"text-align:justify\">&gt;&nbsp;An encumbrance takes possession, or a receiver is appointed, or any of the property or assets of the purchaser, or</p>\r\n\r\n<p style=\"text-align:justify\">&gt;&nbsp;The Customer ceases, or threaten to cease to carry on business or</p>\r\n\r\n<p style=\"text-align:justify\">&gt;&nbsp;Seller reasonably apprehends that any of the events mentioned above is about to occur in relation to the customer and notified the customer accordingly, or</p>\r\n\r\n<p style=\"text-align:justify\">&gt;&nbsp;In the event of any default in payment or breach of any other terms and conditions contained herein Seller shall have the right to terminate this agreement without prejudice to any other right or remedy available and if the delivery has been effected but the invoice is not paid. The invoice shall become immediately due and payable notwithstanding any previous agreement or arrangement o the contrary in which event the customer shall be liable for all losses and damaged suffered by seller</p>\r\n\r\n<p style=\"text-align:justify\"><strong>SEVERABILITY&nbsp;</strong></p>\r\n\r\n<p style=\"text-align:justify\">If any provision of these terms and conditions is found to be invalid, illegal, or unenforceable by any court of competent jurisdiction, such invalidity, illegality, or unenforceability shall not affect the other provisions of these terms and conditions, which shall remain in full force and effect. The parties agree to replace any invalid, illegal, or unenforceable provision with a valid, legal, and enforceable provision that achieves, to the greatest extent possible, the original intention and economic effect of the invalid, illegal, or unenforceable provision.</p>\r\n\r\n<ol>\r\n</ol>','2023-12-18 12:41:14.671000','2024-09-05 05:53:26.231926',1,1),(2,'hello world semix test','hello-world-semix-test','<h4>These conditions govern the sale and purchase of the goods ordered by Buyer from the Seller (&ldquo;the goods&rdquo;) and shall override any terms and conditions whether previously or hereafter stipulated incorporated or referred to by Buyer whether orally, in its purchase order or other documents.</h4>\r\n\r\n<p>&nbsp;</p>\r\n\r\n<ul>\r\n	<li>\r\n	<h4>TIME FOR DELIVERY</h4>\r\n	</li>\r\n</ul>\r\n\r\n<ol>\r\n	<li>\r\n	<p>Any time or date for delivery named by&nbsp;SEMIX SDN. BHD.&nbsp;or&nbsp;KCK KOK ENGINEERING SDN. BHD.&nbsp;(&ldquo;the Seller&rdquo;) is an estimate only, and the Seller shall not be liable to make good any damage or loss whether arising directly or indirectly out of any delay in delivery.</p>\r\n	</li>\r\n</ol>\r\n\r\n<ul>\r\n	<li>\r\n	<h4>TIME FOR DELIVERY OF GOODS/SERVICES</h4>\r\n	</li>\r\n</ul>\r\n\r\n<ol>\r\n	<li>\r\n	<p>a. Any time for delivery named by Seller is an estimate only and seller is not liable to make good any damages to make good any damages or loss arising out of any of any such delay.</p>\r\n	</li>\r\n</ol>\r\n\r\n<ul>\r\n	<li>\r\n	<h4>PRICE</h4>\r\n\r\n	<ol>\r\n		<li>\r\n		<p>a. The quoted prices for goods/services are subject to change or adjustment in the event of any imposition or increase in taxes, levies or duties whatsoever on goods/services, its components or raw materials.</p>\r\n		</li>\r\n		<li>\r\n		<p>b. The quoted prices are based on our mix design and inclusive of normal retarders but exclude other admixtures such as super plasticizing and water proofing agents. A surcharge of RM30/m3 for each concrete grades will be imposed for Water Proofing Mixes.</p>\r\n		</li>\r\n		<li>\r\n		<p>c. Prices exclude of the costs of independent testing and waterproofing admixture, both which shall be borne and paid by customer.</p>\r\n		</li>\r\n		<li>\r\n		<p>d. The quoted prices is based on maximum time allowed by the Seller for discharge of concrete at the Project Site which is 45 minutes from arrival of the mixer truck. Customer shall pay us RM 50.00 per hour (or part thereof) of delay/waiting time beyond 45 minutes.</p>\r\n		</li>\r\n		<li>\r\n		<p>e. The quoted prices are valid for delivered made during and after working hours as Seller as on Sundays and public holidays. However, for orders booked and cancelled on Sunday / public holidays and after 7p.m on any days, a minimum surcharge of RM 800/day lump sum will be imposed.</p>\r\n		</li>\r\n		<li>\r\n		<p>f. The prices quotes exclusive of excess concrete concrete return to our plant and it will valued and charged the following rates for disposal:</p>\r\n		</li>\r\n		<li>\r\n		<ol>\r\n			<li>&gt;&nbsp;0.1m3 - 1m3 = RM300</li>\r\n			<li>&gt;&nbsp;1.1m3 - 2m3 = RM600</li>\r\n			<li>&gt;&nbsp;2.1m3 - 3m3 = RM900</li>\r\n			<li>&gt;&nbsp;3.1m3 - 4m3 = RM1200</li>\r\n			<li>&gt;&nbsp;4.1m3 - 5m3 = RM1500</li>\r\n			<li>&gt;&nbsp;Above 5.1m3 = RM3000</li>\r\n		</ol>\r\n		</li>\r\n	</ol>\r\n	</li>\r\n</ul>\r\n\r\n<p>&nbsp;</p>\r\n\r\n<ul>\r\n	<li>\r\n	<h4>LATE OF PAYMENT INTEREST</h4>\r\n	</li>\r\n</ul>\r\n\r\n<ol>\r\n	<li>\r\n	<p>In the event the Buyer fails to pay any sums as and when due, the Buyer shall pay interest thereon at the rate of 1.5% per month by any of damages from the due date until the date of full payment.</p>\r\n	</li>\r\n</ol>\r\n\r\n<p>&nbsp;</p>\r\n\r\n<ul>\r\n	<li>\r\n	<h4>TIME OF ESSENCE</h4>\r\n	</li>\r\n</ul>\r\n\r\n<ol>\r\n	<li>\r\n	<p>Time within which the Buyer is to pay the goods/services shall be of the essence of this Agreement.</p>\r\n	</li>\r\n</ol>\r\n\r\n<p>&nbsp;</p>\r\n\r\n<ul>\r\n	<li>\r\n	<h4>DELIVERY</h4>\r\n	</li>\r\n</ul>\r\n\r\n<ol>\r\n	<li>\r\n	<p>a. The seller shall be deemed to have made due delivery of the goods/services if the Seller delivers the goods/services at the site (&lsquo;Site&rsquo;) or premises (&lsquo;Premises&rsquo;) specified by the Buyer in the Purchase Order or otherwise and the Delivery order is endorsed by any person present at the Site or Premises. The Buyer shall be responsible for making all necessary arrangements to collect or take delivery of the goods/services at the Site or Premises. The Seller shall not be bound to ensure that the person collecting or taking delivery of the goods/services or endorsing the Delivery Order is properly authorised by the Buyer to do so and the Seller shall not be responsible or liable in any way for any loss or damage suffered or incurred by the Buyer to do so and the Seller shall not be responsible or liable in any way for any loss or damage suffered or incurred by the Buyer arising from or in connection with the said delivery or collection at the Site or Premises including without limiting to or the generality of the foregoing any loss of damage arising or resulting from the collection of the goods/services by or delivery of the goods to unauthorised persons.</p>\r\n	</li>\r\n	<li>\r\n	<p>b. Should Buyer fail to take delivery of goods, Seller shall be entitled (without derogation of its rights under Law) to charge Buyer for storage and insurance for the goods calculated from the date fixed for delivery until the date when Buyer takes delivery.</p>\r\n	</li>\r\n	<li>\r\n	<p>c. The concrete will be delivered to the Project Site/Delivery Location at all reasonable times subject to Customer providing accessible and Seller compact roads to and within the Project Site/Delivery Location for ease of delivery. All damage to the mixer trucks due to poor excess road(s) shall be made good by customer.</p>\r\n	</li>\r\n	<li>\r\n	<p>d. Seller shall not be responsible for any concrete delivered, misplaced or wrongly accepted after acceptance delivery orders or in cases where the concrete has been laid and cast.</p>\r\n	</li>\r\n	<li>\r\n	<p>e. In the event that any of the delivery orders is misplaced or not signed by customer respresentative during the supply, Seller reserves the right to invoice on the total progressive quantity on the delivery orders.</p>\r\n	</li>\r\n	<li>\r\n	<p>f. Seller reserves the right not to deliver goods if Buyer commits any default on any of the terms of sale as stated or if the amount outstanding at anytime exceeds any credit limit granted by Seller fails to confirm or verify in writing any Monthly Statement of Accounts.</p>\r\n	</li>\r\n</ol>\r\n\r\n<p>&nbsp;</p>\r\n\r\n<ul>\r\n	<li>\r\n	<h4>ACCEPTANCE</h4>\r\n	</li>\r\n</ul>\r\n\r\n<ol>\r\n	<li>\r\n	<p>The Buyer, its servants or agents, shall inspect the goods immediately upon delivery. Unless Seller received notice that goods are not in accordance with the Buyer&rsquo;s order and the goods returned to Seller within 24 hours from the date and time of delivery, the goods shall be deemed to have been accepted by the Buyer PROVIDED ALWAYS Seller will not accept return of used goods and Buyer shall not reject and goods which are in accordance with Buyer&rsquo;s order.</p>\r\n	</li>\r\n</ol>\r\n\r\n<p>&nbsp;</p>\r\n\r\n<ul>\r\n	<li>\r\n	<h4>DESCRIPTION</h4>\r\n	</li>\r\n</ul>\r\n\r\n<ol>\r\n	<li>\r\n	<p>Notwithstanding any description of the goods given by the Seller no sale of the goods shall constitute or be constructed to be a sale by description.</p>\r\n	</li>\r\n</ol>\r\n\r\n<p>&nbsp;</p>\r\n\r\n<ul>\r\n	<li>\r\n	<h4>WARRANTY</h4>\r\n	</li>\r\n</ul>\r\n\r\n<ol>\r\n	<li>\r\n	<p>Save and except for written warranties (if any) given by the Seller, the Seller does not give any warranties as to quality, state, condition or fitness of the goods or their suitability for any purpose of for use under any specific conditions, notwithstanding that such purpose of condition may be known or made known to seller.</p>\r\n	</li>\r\n</ol>\r\n\r\n<p>&nbsp;</p>\r\n\r\n<ul>\r\n	<li>\r\n	<h4>DEFECTS</h4>\r\n	</li>\r\n</ul>\r\n\r\n<ol>\r\n	<li>\r\n	<p>Save and except as notified pursuant to&nbsp;<u>Clause of Acceptance</u>&nbsp;above, Seller shall be under no liability to Buyer either in contract or tort for loss, injury or damage sustained by Buyer or any third party by reason of defects in the goods whether latent or otherwise but Buyer will keep seller indemnified against such claim.</p>\r\n	</li>\r\n</ol>\r\n\r\n<p>&nbsp;</p>\r\n\r\n<ul>\r\n	<li>\r\n	<h4>RISKS</h4>\r\n	</li>\r\n</ul>\r\n\r\n<ol>\r\n	<li>\r\n	<p>Risk passes upon delivery of the goods/services by the Buyer as specified in&nbsp;<u>Clause of Acceptance and Clause of Risk</u>&nbsp;herein.</p>\r\n	</li>\r\n</ol>\r\n\r\n<p>&nbsp;</p>\r\n\r\n<ul>\r\n	<li>\r\n	<h4>DEFAULT BY BUYERS</h4>\r\n	</li>\r\n</ul>\r\n\r\n<ol>\r\n	<li>\r\n	<p>If the Buyers fails to pay the Seller on the due dates any sum due and owning to the Seller or if the Buyer shall commit a breach of any of its obligations under this Agreement or if a receiver of the Buyer&rsquo;s business shall be appointed or if a petition for the winding up of the Buyer shall be presented or passed (except for the purpose of reconstruction) or if the Buyer shall become bankrupt or commit an act of bankruptcy. The Seller may without prejudice to its other rights, and without giving prior notice, either suspend or cancel further deliveries under this Agreement or limit or cancel the credit of the Buyer as to time and/or amount or require payment in advance for all or any further deliveries and the Seller shall not be liable to the Buyer for any damages which the Buyer may suffer or incur by reason thereof.</p>\r\n	</li>\r\n</ol>\r\n\r\n<p>&nbsp;</p>\r\n\r\n<ul>\r\n	<li>\r\n	<h4>FORCE MAJEURE</h4>\r\n	</li>\r\n</ul>\r\n\r\n<ol>\r\n	<li>\r\n	<p>Seller shall not be liable to Buyer for failure to deliver the goods by reason of any breakdown of plant, fire explosion, Act of God, or outbreak of hostilities, national emergency, Industrial dispute , shortage of labour, raw materials, energy or other causes beyond Seller&rsquo;s control and which Seller is unable to prevent by the exercise of reasonable diligence, whether latent or otherwise but Buyer will keep Seller indemnified against such claim.&nbsp;</p>\r\n	</li>\r\n</ol>\r\n\r\n<h4 style=\"text-align:center\">The Seller reserves the right to vary this Contract at any time and manner as it may deem fit and necessary.</h4>\r\n\r\n<ol>\r\n</ol>','2023-12-18 12:56:35.157000','2024-04-08 01:03:43.338408',2,NULL),(3,'Company Handbook ( Employment )','company-handbook-employment','<h4>These conditions govern the sale and purchase of the goods ordered by Buyer from the Seller (&ldquo;the goods&rdquo;) and shall override any terms and conditions whether previously or hereafter stipulated incorporated or referred to by Buyer whether orally, in its purchase order or other documents.</h4>\r\n\r\n<p>&nbsp;</p>\r\n\r\n<ul>\r\n	<li>\r\n	<h4>TIME FOR DELIVERY</h4>\r\n	</li>\r\n</ul>\r\n\r\n<ol>\r\n	<li>\r\n	<p>Any time or date for delivery named by&nbsp;SEMIX SDN. BHD.&nbsp;or&nbsp;KCK KOK ENGINEERING SDN. BHD.&nbsp;(&ldquo;the Seller&rdquo;) is an estimate only, and the Seller shall not be liable to make good any damage or loss whether arising directly or indirectly out of any delay in delivery.</p>\r\n	</li>\r\n</ol>\r\n\r\n<ul>\r\n	<li>\r\n	<h4>TIME FOR DELIVERY OF GOODS/SERVICES</h4>\r\n	</li>\r\n</ul>\r\n\r\n<ol>\r\n	<li>\r\n	<p>a. Any time for delivery named by Seller is an estimate only and seller is not liable to make good any damages to make good any damages or loss arising out of any of any such delay.</p>\r\n	</li>\r\n</ol>\r\n\r\n<ul>\r\n	<li>\r\n	<h4>PRICE</h4>\r\n\r\n	<ol>\r\n		<li>\r\n		<p>a. The quoted prices for goods/services are subject to change or adjustment in the event of any imposition or increase in taxes, levies or duties whatsoever on goods/services, its components or raw materials.</p>\r\n		</li>\r\n		<li>\r\n		<p>b. The quoted prices are based on our mix design and inclusive of normal retarders but exclude other admixtures such as super plasticizing and water proofing agents. A surcharge of RM30/m3 for each concrete grades will be imposed for Water Proofing Mixes.</p>\r\n		</li>\r\n		<li>\r\n		<p>c. Prices exclude of the costs of independent testing and waterproofing admixture, both which shall be borne and paid by customer.</p>\r\n		</li>\r\n		<li>\r\n		<p>d. The quoted prices is based on maximum time allowed by the Seller for discharge of concrete at the Project Site which is 45 minutes from arrival of the mixer truck. Customer shall pay us RM 50.00 per hour (or part thereof) of delay/waiting time beyond 45 minutes.</p>\r\n		</li>\r\n		<li>\r\n		<p>e. The quoted prices are valid for delivered made during and after working hours as Seller as on Sundays and public holidays. However, for orders booked and cancelled on Sunday / public holidays and after 7p.m on any days, a minimum surcharge of RM 800/day lump sum will be imposed.</p>\r\n		</li>\r\n		<li>\r\n		<p>f. The prices quotes exclusive of excess concrete concrete return to our plant and it will valued and charged the following rates for disposal:</p>\r\n		</li>\r\n		<li>\r\n		<ol>\r\n			<li>&gt;&nbsp;0.1m3 - 1m3 = RM300</li>\r\n			<li>&gt;&nbsp;1.1m3 - 2m3 = RM600</li>\r\n			<li>&gt;&nbsp;2.1m3 - 3m3 = RM900</li>\r\n			<li>&gt;&nbsp;3.1m3 - 4m3 = RM1200</li>\r\n			<li>&gt;&nbsp;4.1m3 - 5m3 = RM1500</li>\r\n			<li>&gt;&nbsp;Above 5.1m3 = RM3000</li>\r\n		</ol>\r\n		</li>\r\n	</ol>\r\n	</li>\r\n</ul>\r\n\r\n<p>&nbsp;</p>\r\n\r\n<ul>\r\n	<li>\r\n	<h4>LATE OF PAYMENT INTEREST</h4>\r\n	</li>\r\n</ul>\r\n\r\n<ol>\r\n	<li>\r\n	<p>In the event the Buyer fails to pay any sums as and when due, the Buyer shall pay interest thereon at the rate of 1.5% per month by any of damages from the due date until the date of full payment.</p>\r\n	</li>\r\n</ol>\r\n\r\n<p>&nbsp;</p>\r\n\r\n<ul>\r\n	<li>\r\n	<h4>TIME OF ESSENCE</h4>\r\n	</li>\r\n</ul>\r\n\r\n<ol>\r\n	<li>\r\n	<p>Time within which the Buyer is to pay the goods/services shall be of the essence of this Agreement.</p>\r\n	</li>\r\n</ol>\r\n\r\n<p>&nbsp;</p>\r\n\r\n<ul>\r\n	<li>\r\n	<h4>DELIVERY</h4>\r\n	</li>\r\n</ul>\r\n\r\n<ol>\r\n	<li>\r\n	<p>a. The seller shall be deemed to have made due delivery of the goods/services if the Seller delivers the goods/services at the site (&lsquo;Site&rsquo;) or premises (&lsquo;Premises&rsquo;) specified by the Buyer in the Purchase Order or otherwise and the Delivery order is endorsed by any person present at the Site or Premises. The Buyer shall be responsible for making all necessary arrangements to collect or take delivery of the goods/services at the Site or Premises. The Seller shall not be bound to ensure that the person collecting or taking delivery of the goods/services or endorsing the Delivery Order is properly authorised by the Buyer to do so and the Seller shall not be responsible or liable in any way for any loss or damage suffered or incurred by the Buyer to do so and the Seller shall not be responsible or liable in any way for any loss or damage suffered or incurred by the Buyer arising from or in connection with the said delivery or collection at the Site or Premises including without limiting to or the generality of the foregoing any loss of damage arising or resulting from the collection of the goods/services by or delivery of the goods to unauthorised persons.</p>\r\n	</li>\r\n	<li>\r\n	<p>b. Should Buyer fail to take delivery of goods, Seller shall be entitled (without derogation of its rights under Law) to charge Buyer for storage and insurance for the goods calculated from the date fixed for delivery until the date when Buyer takes delivery.</p>\r\n	</li>\r\n	<li>\r\n	<p>c. The concrete will be delivered to the Project Site/Delivery Location at all reasonable times subject to Customer providing accessible and Seller compact roads to and within the Project Site/Delivery Location for ease of delivery. All damage to the mixer trucks due to poor excess road(s) shall be made good by customer.</p>\r\n	</li>\r\n	<li>\r\n	<p>d. Seller shall not be responsible for any concrete delivered, misplaced or wrongly accepted after acceptance delivery orders or in cases where the concrete has been laid and cast.</p>\r\n	</li>\r\n	<li>\r\n	<p>e. In the event that any of the delivery orders is misplaced or not signed by customer respresentative during the supply, Seller reserves the right to invoice on the total progressive quantity on the delivery orders.</p>\r\n	</li>\r\n	<li>\r\n	<p>f. Seller reserves the right not to deliver goods if Buyer commits any default on any of the terms of sale as stated or if the amount outstanding at anytime exceeds any credit limit granted by Seller fails to confirm or verify in writing any Monthly Statement of Accounts.</p>\r\n	</li>\r\n</ol>\r\n\r\n<p>&nbsp;</p>\r\n\r\n<ul>\r\n	<li>\r\n	<h4>ACCEPTANCE</h4>\r\n	</li>\r\n</ul>\r\n\r\n<ol>\r\n	<li>\r\n	<p>The Buyer, its servants or agents, shall inspect the goods immediately upon delivery. Unless Seller received notice that goods are not in accordance with the Buyer&rsquo;s order and the goods returned to Seller within 24 hours from the date and time of delivery, the goods shall be deemed to have been accepted by the Buyer PROVIDED ALWAYS Seller will not accept return of used goods and Buyer shall not reject and goods which are in accordance with Buyer&rsquo;s order.</p>\r\n	</li>\r\n</ol>\r\n\r\n<p>&nbsp;</p>\r\n\r\n<ul>\r\n	<li>\r\n	<h4>DESCRIPTION</h4>\r\n	</li>\r\n</ul>\r\n\r\n<ol>\r\n	<li>\r\n	<p>Notwithstanding any description of the goods given by the Seller no sale of the goods shall constitute or be constructed to be a sale by description.</p>\r\n	</li>\r\n</ol>\r\n\r\n<p>&nbsp;</p>\r\n\r\n<ul>\r\n	<li>\r\n	<h4>WARRANTY</h4>\r\n	</li>\r\n</ul>\r\n\r\n<ol>\r\n	<li>\r\n	<p>Save and except for written warranties (if any) given by the Seller, the Seller does not give any warranties as to quality, state, condition or fitness of the goods or their suitability for any purpose of for use under any specific conditions, notwithstanding that such purpose of condition may be known or made known to seller.</p>\r\n	</li>\r\n</ol>\r\n\r\n<p>&nbsp;</p>\r\n\r\n<ul>\r\n	<li>\r\n	<h4>DEFECTS</h4>\r\n	</li>\r\n</ul>\r\n\r\n<ol>\r\n	<li>\r\n	<p>Save and except as notified pursuant to&nbsp;<u>Clause of Acceptance</u>&nbsp;above, Seller shall be under no liability to Buyer either in contract or tort for loss, injury or damage sustained by Buyer or any third party by reason of defects in the goods whether latent or otherwise but Buyer will keep seller indemnified against such claim.</p>\r\n	</li>\r\n</ol>\r\n\r\n<p>&nbsp;</p>\r\n\r\n<ul>\r\n	<li>\r\n	<h4>RISKS</h4>\r\n	</li>\r\n</ul>\r\n\r\n<ol>\r\n	<li>\r\n	<p>Risk passes upon delivery of the goods/services by the Buyer as specified in&nbsp;<u>Clause of Acceptance and Clause of Risk</u>&nbsp;herein.</p>\r\n	</li>\r\n</ol>\r\n\r\n<p>&nbsp;</p>\r\n\r\n<ul>\r\n	<li>\r\n	<h4>DEFAULT BY BUYERS</h4>\r\n	</li>\r\n</ul>\r\n\r\n<ol>\r\n	<li>\r\n	<p>If the Buyers fails to pay the Seller on the due dates any sum due and owning to the Seller or if the Buyer shall commit a breach of any of its obligations under this Agreement or if a receiver of the Buyer&rsquo;s business shall be appointed or if a petition for the winding up of the Buyer shall be presented or passed (except for the purpose of reconstruction) or if the Buyer shall become bankrupt or commit an act of bankruptcy. The Seller may without prejudice to its other rights, and without giving prior notice, either suspend or cancel further deliveries under this Agreement or limit or cancel the credit of the Buyer as to time and/or amount or require payment in advance for all or any further deliveries and the Seller shall not be liable to the Buyer for any damages which the Buyer may suffer or incur by reason thereof.</p>\r\n	</li>\r\n</ol>\r\n\r\n<p>&nbsp;</p>\r\n\r\n<ul>\r\n	<li>\r\n	<h4>FORCE MAJEURE</h4>\r\n	</li>\r\n</ul>\r\n\r\n<ol>\r\n	<li>\r\n	<p>Seller shall not be liable to Buyer for failure to deliver the goods by reason of any breakdown of plant, fire explosion, Act of God, or outbreak of hostilities, national emergency, Industrial dispute , shortage of labour, raw materials, energy or other causes beyond Seller&rsquo;s control and which Seller is unable to prevent by the exercise of reasonable diligence, whether latent or otherwise but Buyer will keep Seller indemnified against such claim.&nbsp;</p>\r\n	</li>\r\n</ol>\r\n\r\n<h4>The Seller reserves the right to vary this Contract at any time and manner as it may deem fit and necessary.</h4>\r\n\r\n<ol>\r\n</ol>\r\n\r\n<p>&nbsp;</p>','2024-01-09 04:57:01.441000','2024-01-09 04:57:40.675000',2,2),(5,'Privacy Policy','privacy-policy','<p><strong>KCK Kok Engineering Sdn. Bhd. (hereinafter referred to as &quot;KCK&quot;)</strong><br />\r\n<strong>Semix Sdn. Bhd. (hereinafter referred to as &quot;Semix&quot;)</strong></p>\r\n\r\n<p style=\"text-align:justify\">&nbsp;</p>\r\n\r\n<p style=\"text-align:justify\"><span style=\"font-size:11pt\"><span style=\"font-size:12.0pt\">At <strong>KCK or SEMIX</strong>, we value your privacy and strive to protect your personal information in compliance with the laws of Malaysia, including the Personal Data Protection Act 2010 (PDPA).</span></span></p>\r\n\r\n<p style=\"text-align:justify\"><span style=\"font-size:11pt\"><strong><span style=\"font-size:13.5pt\">Introduction</span></strong></span></p>\r\n\r\n<p style=\"text-align:justify\"><span style=\"font-size:11pt\"><span style=\"font-size:12.0pt\">This Privacy Notice is designed to explain how we collect, use, disclose, and safeguard your personal information. By interacting with us, you agree to the processing of your personal information as described in this Privacy Notice.</span></span></p>\r\n\r\n<p style=\"text-align:justify\">&nbsp;</p>\r\n\r\n<p style=\"text-align:justify\"><span style=\"font-size:11pt\"><strong><span style=\"font-size:13.5pt\">Scope</span></strong></span></p>\r\n\r\n<p style=\"text-align:justify\"><span style=\"font-size:11pt\"><span style=\"font-size:12.0pt\">This Privacy Notice applies to all individuals who interact with KCK/SEMIX, including customers, potential customers, employees, contractors, and visitors.</span></span></p>\r\n\r\n<p style=\"text-align:justify\">&nbsp;</p>\r\n\r\n<p style=\"text-align:justify\"><span style=\"font-size:11pt\"><strong><span style=\"font-size:13.5pt\">Collection of Personal Information</span></strong></span></p>\r\n\r\n<p style=\"text-align:justify\"><span style=\"font-size:11pt\"><span style=\"font-size:12.0pt\">We collect personal information to provide and improve our services. The types of personal information we collect include:</span></span></p>\r\n\r\n<ul style=\"margin-left:40px\">\r\n	<li style=\"text-align:justify\">\r\n	<p><span style=\"font-size:11pt\"><strong><span style=\"font-size:12.0pt\">Identification Data:</span></strong><span style=\"font-size:12.0pt\"> Name, NRIC/passport number, date of birth, gender.</span></span></p>\r\n	</li>\r\n	<li style=\"text-align:justify\">\r\n	<p><span style=\"font-size:11pt\"><strong><span style=\"font-size:12.0pt\">Contact Information:</span></strong><span style=\"font-size:12.0pt\"> Address, phone number, email address.</span></span></p>\r\n	</li>\r\n	<li style=\"text-align:justify\">\r\n	<p><span style=\"font-size:11pt\"><strong><span style=\"font-size:12.0pt\">Financial Information:</span></strong><span style=\"font-size:12.0pt\"> Bank account details, income, credit history.</span></span></p>\r\n	</li>\r\n	<li style=\"text-align:justify\">\r\n	<p><span style=\"font-size:11pt\"><strong><span style=\"font-size:12.0pt\">Transaction Data:</span></strong><span style=\"font-size:12.0pt\"> Details of your transactions with us.</span></span></p>\r\n	</li>\r\n	<li style=\"text-align:justify\">\r\n	<p><span style=\"font-size:11pt\"><strong><span style=\"font-size:12.0pt\">Technical Data:</span></strong><span style=\"font-size:12.0pt\"> IP address, browser type, operating system, device information.</span></span></p>\r\n	</li>\r\n	<li style=\"text-align:justify\">\r\n	<p><span style=\"font-size:11pt\"><strong><span style=\"font-size:12.0pt\">Behavioral Data:</span></strong><span style=\"font-size:12.0pt\"> Preferences, interests, interaction history.</span></span></p>\r\n	</li>\r\n</ul>\r\n\r\n<p style=\"text-align:justify\">&nbsp;</p>\r\n\r\n<p style=\"text-align:justify\"><span style=\"font-size:11pt\"><strong><span style=\"font-size:13.5pt\">Sources of Personal Information</span></strong></span></p>\r\n\r\n<p style=\"text-align:justify\"><span style=\"font-size:11pt\"><span style=\"font-size:12.0pt\">We may collect personal information from various sources, including:</span></span></p>\r\n\r\n<ul style=\"margin-left:40px\">\r\n	<li style=\"text-align:justify\">\r\n	<p><span style=\"font-size:11pt\"><strong><span style=\"font-size:12.0pt\">Directly from you:</span></strong><span style=\"font-size:12.0pt\"> Through application forms, surveys, and other communications.</span></span></p>\r\n	</li>\r\n	<li style=\"text-align:justify\">\r\n	<p><span style=\"font-size:11pt\"><strong><span style=\"font-size:12.0pt\">Automated technologies:</span></strong><span style=\"font-size:12.0pt\"> Cookies, web beacons, and other tracking technologies.</span></span></p>\r\n	</li>\r\n	<li style=\"text-align:justify\">\r\n	<p><span style=\"font-size:11pt\"><strong><span style=\"font-size:12.0pt\">Third parties:</span></strong><span style=\"font-size:12.0pt\"> Credit reporting agencies, business partners, government agencies.</span></span></p>\r\n	</li>\r\n</ul>\r\n\r\n<p style=\"text-align:justify\">&nbsp;</p>\r\n\r\n<p style=\"text-align:justify\"><span style=\"font-size:11pt\"><strong><span style=\"font-size:13.5pt\">Use of Personal Information</span></strong></span></p>\r\n\r\n<p style=\"text-align:justify\"><span style=\"font-size:11pt\"><span style=\"font-size:12.0pt\">We may use your personal information for purposes including, but not limited to:</span></span></p>\r\n\r\n<ul style=\"margin-left:40px\">\r\n	<li style=\"text-align:justify\">\r\n	<p><span style=\"font-size:11pt\"><span style=\"font-size:12.0pt\">Providing, maintaining, and improving our products and services.</span></span></p>\r\n	</li>\r\n	<li style=\"text-align:justify\">\r\n	<p><span style=\"font-size:11pt\"><span style=\"font-size:12.0pt\">Processing your transactions and managing your account.</span></span></p>\r\n	</li>\r\n	<li style=\"text-align:justify\">\r\n	<p><span style=\"font-size:11pt\"><span style=\"font-size:12.0pt\">Conducting credit assessments and financial reviews.</span></span></p>\r\n	</li>\r\n	<li style=\"text-align:justify\">\r\n	<p><span style=\"font-size:11pt\"><span style=\"font-size:12.0pt\">Complying with legal and regulatory requirements.</span></span></p>\r\n	</li>\r\n	<li style=\"text-align:justify\">\r\n	<p><span style=\"font-size:11pt\"><span style=\"font-size:12.0pt\">Marketing and promotional activities, with your consent.</span></span></p>\r\n	</li>\r\n	<li style=\"text-align:justify\">\r\n	<p><span style=\"font-size:11pt\"><span style=\"font-size:12.0pt\">Conducting research and data analysis to improve our offerings.</span></span></p>\r\n	</li>\r\n</ul>\r\n\r\n<p style=\"text-align:justify\">&nbsp;</p>\r\n\r\n<p style=\"text-align:justify\"><span style=\"font-size:11pt\"><strong><span style=\"font-size:13.5pt\">Consent&nbsp;</span></strong></span></p>\r\n\r\n<p style=\"text-align:justify\">By providing your personal data to us, you consent to the processing of your data in accordance with this privacy policy. If you do not consent to any part of this privacy policy, you should not provide your personal data to us.</p>\r\n\r\n<p style=\"text-align:justify\">&nbsp;</p>\r\n\r\n<p style=\"text-align:justify\"><span style=\"font-size:11pt\"><strong><span style=\"font-size:13.5pt\">Data Retention</span></strong></span></p>\r\n\r\n<p style=\"text-align:justify\">We will retain your personal data for as long as it is necessary to fulfil the purposes for which it was collected, as outlined in this privacy policy, and to comply with applicable legal, tax, or regulatory requirements. When your personal data is no longer needed, we will take reasonable steps to securely delete or destroy it.</p>\r\n\r\n<p style=\"text-align:justify\">&nbsp;</p>\r\n\r\n<p style=\"text-align:justify\"><span style=\"font-size:11pt\"><strong><span style=\"font-size:13.5pt\">Disclosure of Personal Information</span></strong></span></p>\r\n\r\n<p style=\"text-align:justify\"><span style=\"font-size:11pt\"><span style=\"font-size:12.0pt\">We may share your personal information with:</span></span></p>\r\n\r\n<ul style=\"margin-left:40px\">\r\n	<li style=\"text-align:justify\">\r\n	<p><span style=\"font-size:11pt\"><strong><span style=\"font-size:12.0pt\">Within the corporate group:</span></strong><span style=\"font-size:12.0pt\"> Any subsidiaries, affiliates, and related entities.</span></span></p>\r\n	</li>\r\n	<li style=\"text-align:justify\">\r\n	<p><span style=\"font-size:11pt\"><strong><span style=\"font-size:12.0pt\">Service providers:</span></strong><span style=\"font-size:12.0pt\"> Vendors, consultants, and other service providers who need access to such information to perform their work.</span></span></p>\r\n	</li>\r\n	<li style=\"text-align:justify\">\r\n	<p><span style=\"font-size:11pt\"><strong><span style=\"font-size:12.0pt\">Business partners:</span></strong><span style=\"font-size:12.0pt\"> Partners with whom we collaborate to offer joint promotions or products.</span></span></p>\r\n	</li>\r\n	<li style=\"text-align:justify\">\r\n	<p><span style=\"font-size:11pt\"><strong><span style=\"font-size:12.0pt\">Legal and regulatory authorities:</span></strong><span style=\"font-size:12.0pt\"> As required by law or in response to legal processes.</span></span></p>\r\n	</li>\r\n</ul>\r\n\r\n<p style=\"text-align:justify\">&nbsp;</p>\r\n\r\n<p style=\"text-align:justify\"><span style=\"font-size:11pt\"><strong><span style=\"font-size:13.5pt\">Security of Personal Information</span></strong></span></p>\r\n\r\n<p style=\"text-align:justify\"><span style=\"font-size:11pt\"><span style=\"font-size:12.0pt\">We implement appropriate technical and organizational measures to protect your personal information against unauthorized access, loss, destruction, or alteration. Our employees are trained to handle personal information with confidentiality and care.</span></span></p>\r\n\r\n<p style=\"text-align:justify\">&nbsp;</p>\r\n\r\n<p style=\"text-align:justify\"><span style=\"font-size:11pt\"><strong><span style=\"font-size:13.5pt\">Retention of Personal Information</span></strong></span></p>\r\n\r\n<p style=\"text-align:justify\"><span style=\"font-size:11pt\"><span style=\"font-size:12.0pt\">We retain your personal information for as long as necessary to fulfill the purposes we collected it for, including for legal, accounting, or reporting requirements.</span></span></p>\r\n\r\n<p style=\"text-align:justify\">&nbsp;</p>\r\n\r\n<p style=\"text-align:justify\"><span style=\"font-size:11pt\"><strong><span style=\"font-size:13.5pt\">Your Rights</span></strong></span></p>\r\n\r\n<p style=\"text-align:justify\"><span style=\"font-size:11pt\"><span style=\"font-size:12.0pt\">You have the right to:</span></span></p>\r\n\r\n<ul style=\"margin-left:40px\">\r\n	<li style=\"text-align:justify\">\r\n	<p><span style=\"font-size:11pt\"><strong><span style=\"font-size:12.0pt\">Access:</span></strong><span style=\"font-size:12.0pt\"> Request access to your personal information.</span></span></p>\r\n	</li>\r\n	<li style=\"text-align:justify\">\r\n	<p><span style=\"font-size:11pt\"><strong><span style=\"font-size:12.0pt\">Correction:</span></strong><span style=\"font-size:12.0pt\"> Request correction of inaccurate or incomplete personal information.</span></span></p>\r\n	</li>\r\n	<li style=\"text-align:justify\">\r\n	<p><span style=\"font-size:11pt\"><strong><span style=\"font-size:12.0pt\">Erasure:</span></strong><span style=\"font-size:12.0pt\"> Request deletion of your personal information under certain conditions.</span></span></p>\r\n	</li>\r\n	<li style=\"text-align:justify\">\r\n	<p><span style=\"font-size:11pt\"><strong><span style=\"font-size:12.0pt\">Objection:</span></strong><span style=\"font-size:12.0pt\"> Object to the processing of your personal information for direct marketing purposes.</span></span></p>\r\n	</li>\r\n	<li style=\"text-align:justify\">\r\n	<p><span style=\"font-size:11pt\"><strong><span style=\"font-size:12.0pt\">Data Portability:</span></strong><span style=\"font-size:12.0pt\"> Request transfer of your personal information to another service provider.</span></span></p>\r\n	</li>\r\n</ul>\r\n\r\n<p>&nbsp;</p>\r\n\r\n<p style=\"text-align:justify\"><span style=\"font-size:11pt\"><strong><span style=\"font-size:13.5pt\">Exercising Your Rights</span></strong></span></p>\r\n\r\n<p style=\"text-align:justify\"><span style=\"font-size:11pt\"><span style=\"font-size:12.0pt\">To exercise your rights, please contact us at contact information available herein . We will respond to your request within a reasonable timeframe, typically within 21 days.</span></span></p>\r\n\r\n<p style=\"text-align:justify\">&nbsp;</p>\r\n\r\n<p style=\"text-align:justify\"><span style=\"font-size:11pt\"><strong><span style=\"font-size:13.5pt\">Use of Cookies and Related Technologies</span></strong></span></p>\r\n\r\n<p style=\"text-align:justify\"><span style=\"font-size:11pt\"><span style=\"font-size:12.0pt\">Our website uses cookies and similar technologies to improve your browsing experience. You can control the use of cookies through your browser settings.</span></span></p>\r\n\r\n<p style=\"text-align:justify\">&nbsp;</p>\r\n\r\n<p style=\"text-align:justify\"><span style=\"font-size:11pt\"><strong><span style=\"font-size:13.5pt\">Automated Decision Making</span></strong></span></p>\r\n\r\n<p style=\"text-align:justify\"><span style=\"font-size:11pt\"><span style=\"font-size:12.0pt\">We may use automated decision-making processes, including profiling, to evaluate certain personal aspects, such as creditworthiness. We ensure that these processes are fair and transparent, with appropriate safeguards in place.</span></span></p>\r\n\r\n<p style=\"text-align:justify\">&nbsp;</p>\r\n\r\n<p style=\"text-align:justify\"><strong>DATA PROTECTION:</strong></p>\r\n\r\n<p>Ensuring the confidentiality and security of your personal information is our highest priority at SEMIX/KCK. We handle and process your personal data with utmost care, including details such as your name, contact information, email address, mailing address, and any other information you provide. Our practices adhere strictly to legal standards to protect your privacy.</p>\r\n\r\n<p>While providing your personal data is voluntary, it is essential for us to have accurate and complete information to fulfill your requests for products or services effectively and to process your data for the purposes outlined below. Insufficient or inaccurate information, or refusal to provide necessary details as requested, may hinder our ability to process your requests and could impact our service to you.</p>\r\n\r\n<p>The types of personal data we collect vary depending on the products and services you request. This includes information gathered from sales orders, applications, consent forms, and other submissions. We may collect your contact details, occupation, identity card number, passport number, income details, employer information, and other relevant details necessary for your application or request. Additionally, data provided by co-hirers, guarantors, paymasters, or parties providing security for specific contracts is also processed, including their contact information.</p>\r\n\r\n<p>Furthermore, we gather information from customer satisfaction surveys, responses to communications, and data provided by our authorized dealers, third-party vendors, service providers, or insurance companies with your consent. Details about your transactions with SEMIX/KCK, such as account status, balances, repayment records, and transaction history, are also part of the data we process. We use information from credit bureau reports and credit reporting agencies to assess your creditworthiness accurately.</p>\r\n\r\n<p>Moreover, we receive data from banks or financial institutions to verify the authenticity of documents you submit, like bank statements or investment receipts. Information regarding legal cases involving you, if applicable, is obtained from plaintiffs, defendants, or legal firms. Data from governmental agencies, regulatory bodies, statutory authorities, and publicly available sources are also processed as required by law and to enhance our services.</p>\r\n\r\n<p>Each category of data serves specific purposes aligned with our commitment to providing you with effective service and complying with legal and regulatory obligations.</p>\r\n\r\n<p>SEMIX/KCK collects and processes personal data to support its business operations and fulfill customer requests. This involves verifying your identity, responding to inquiries, and facilitating product and service delivery through SEMIX/KCK entities, authorized dealers, and approved partners. Our data handling also focuses on preventing fraud, ensuring legal compliance, and safeguarding both your rights and SEMIX&rsquo;s /KCK&rsquo;s interests.</p>\r\n\r\n<p>Moreover, we utilize personal data for administrative tasks such as audits, risk management, and conducting research for product development and security testing. These efforts contribute to enhancing our services and operational efficiency. We may also transfer business operations to maintain service continuity and uphold quality standards.</p>\r\n\r\n<p>For customers using SEMIX/KCK services, we manage personal data to assess financial standing, review credit facilities, and oversee account maintenance, including debt recovery processes.</p>\r\n\r\n<p>These activities are essential for fulfilling customer needs and operational requirements, underscoring our commitment to responsible data management and customer service excellence.</p>\r\n\r\n<p>&nbsp;</p>\r\n\r\n<p style=\"text-align:justify\"><strong>Marketing</strong></p>\r\n\r\n<p style=\"text-align:justify\">We may use your personal information for marketing purposes with your explicit consent. You can opt-out of receiving marketing communications at any time by contacting us or using the unsubscribe link in our communications.</p>\r\n\r\n<p style=\"text-align:justify\">&nbsp;</p>\r\n\r\n<p style=\"text-align:justify\"><strong>Changes to this Privacy Notice</strong></p>\r\n\r\n<p style=\"text-align:justify\">We reserve the right to update or modify this privacy policy at any time. Any changes will be posted on our website, and the updated policy will take effect immediately upon posting. Your continued use of our services following the posting of changes constitutes your acceptance of such changes.</p>\r\n\r\n<p style=\"text-align:justify\">&nbsp;</p>\r\n\r\n<p style=\"text-align:justify\"><strong>Governing Law</strong></p>\r\n\r\n<p style=\"text-align:justify\">This privacy policy is governed by and shall be construed in accordance with the laws of Malaysia. Any disputes arising out of or in connection with this privacy policy shall be subject to the exclusive jurisdiction of the courts of Malaysia.</p>\r\n\r\n<p style=\"text-align:justify\">&nbsp;</p>\r\n\r\n<p style=\"text-align:justify\"><strong>Contact Us</strong></p>\r\n\r\n<p style=\"text-align:justify\">If you have any questions or concerns about this Privacy Notice or our data practices, please contact us at:</p>\r\n\r\n<ul style=\"margin-left:40px\">\r\n	<li style=\"text-align:justify\">\r\n	<p>FOR KCK , email to hello@kckok.my</p>\r\n	</li>\r\n	<li style=\"text-align:justify\">\r\n	<p>FOR SEMIX , email to semix@kckok.my</p>\r\n	</li>\r\n</ul>\r\n\r\n<p style=\"text-align:justify\">&nbsp;</p>\r\n\r\n<p style=\"text-align:justify\"><span style=\"font-size:11pt\"><span style=\"font-size:12.0pt\">By continuing to interact with us, you acknowledge that you have read and understood this Privacy Notice and consent to the processing of your personal information as described.</span></span></p>','2024-07-17 05:19:20.751736','2024-07-17 05:51:33.498883',3,1),(11,'General Terms and Conditions (Services)','general-terms-and-conditions-services','<p>Draf</p>','2024-07-24 09:14:02.232936','2024-07-24 09:14:02.232978',1,1),(12,'GENERAL CONDITIONS FOR THE SUPPLY OF PRODUCTS AND SERVICES','general-conditions-for-the-supply-of-products-and-','<p>Drafting</p>','2024-07-24 09:16:04.343294','2024-07-24 09:16:04.343351',4,3),(13,'WEBSITE TERMS OF USE','website-terms-of-use','<p>Drafting</p>','2024-07-24 09:18:24.512186','2024-07-24 09:18:24.512223',5,3),(17,'TERMS AND CONDITIONS OF SALE','terms-and-conditions-of-sale','<p><span style=\"font-size:12px\"><strong>These conditions govern the sale and purchase of the goods and services ordered by the Buyer from SEMIX SDN. BHD. or KCK KOK ENGINEERING SDN. BHD. (collectively referred to as &ldquo;the Seller&rdquo;) and shall override any terms and conditions whether previously or hereafter stipulated, incorporated, or referred to by the Buyer whether orally, in its purchase order, or other documents.</strong></span></p>\r\n\r\n<p><span style=\"font-size:12px\"><span style=\"font-family:Times New Roman,Times,serif\"><strong>APPLICATION OF TERMS AND CONDITIONS</strong></span></span></p>\r\n\r\n<p><span style=\"font-size:12px\"><span style=\"font-family:Times New Roman,Times,serif\">These conditions govern the sale and purchase of the goods and services ordered by the Buyer from SEMIX SDN. BHD. or KCK KOK ENGINEERING SDN. BHD. (collectively referred to as &ldquo;the Seller&rdquo;) and shall override any terms and conditions whether previously or hereafter stipulated, incorporated, or referred to by the Buyer whether orally, in its purchase order, or other documents.</span></span></p>\r\n\r\n<p><span style=\"font-size:12px\"><span style=\"font-family:Times New Roman,Times,serif\"><strong>TIME FOR DELIVERY</strong></span></span></p>\r\n\r\n<p><span style=\"font-size:12px\"><span style=\"font-family:Times New Roman,Times,serif\">Any time or date for delivery named by SEMIX SDN. BHD. or KCK KOK ENGINEERING SDN. BHD. (collectively referred to as &ldquo;the Seller&rdquo;) is an estimate only, and the Seller shall not be liable for any damage or loss arising directly or indirectly from any delay in delivery.</span></span></p>\r\n\r\n<p><span style=\"font-size:12px\"><span style=\"font-family:Times New Roman,Times,serif\"><strong>TIME FOR DELIVERY OF GOODS/SERVICES</strong></span></span></p>\r\n\r\n<p><span style=\"font-size:12px\"><span style=\"font-family:Times New Roman,Times,serif\">a. Any time for delivery named by Seller is an estimate only and seller is not liable to make good any damages to make good any damages or loss arising out of any of any such delay.</span></span></p>\r\n\r\n<p><span style=\"font-size:12px\"><span style=\"font-family:Times New Roman,Times,serif\"><strong>PRICE</strong></span></span></p>\r\n\r\n<p><span style=\"font-size:12px\"><span style=\"font-family:Times New Roman,Times,serif\">a. The quoted prices for goods/services are subject to change or adjustment in the event of any imposition or increase in taxes, levies, or duties whatsoever on goods/services, its components, or raw materials.</span></span></p>\r\n\r\n<p><span style=\"font-size:12px\"><span style=\"font-family:Times New Roman,Times,serif\">b. The quoted prices are based on our mix design and inclusive of normal retarders but exclude other admixtures such as super plasticizing and waterproofing agents. A surcharge of RM30/m&sup3; for each concrete grade will be imposed for Waterproofing Mixes.</span></span></p>\r\n\r\n<p><span style=\"font-size:12px\"><span style=\"font-family:Times New Roman,Times,serif\">c. Prices exclude the costs of independent testing and waterproofing admixture, both of which shall be borne and paid by the customer.</span></span></p>\r\n\r\n<p><span style=\"font-size:12px\"><span style=\"font-family:Times New Roman,Times,serif\">d. The quoted prices are based on a maximum time allowed by the Seller for discharge of concrete at the Project Site which is 45 minutes from the arrival of the mixer truck. The customer shall pay RM 50.00 per hour (or part thereof) of delay/waiting time beyond 45 minutes.</span></span></p>\r\n\r\n<p><span style=\"font-size:12px\"><span style=\"font-family:Times New Roman,Times,serif\">e. The quoted prices are valid for deliveries made during and after working hours as Seller, as well as on Sundays and public holidays. However, for orders booked and canceled on Sunday/public holidays and after 7 p.m. on any day, a minimum surcharge of RM 800/day lump sum will be imposed.</span></span></p>\r\n\r\n<p><span style=\"font-size:12px\"><span style=\"font-family:Times New Roman,Times,serif\">f. The quoted prices exclude the cost of excess concrete returned to our plant, and it will be valued and charged at the following rates for disposal:</span></span></p>\r\n\r\n<blockquote>\r\n<p><span style=\"font-size:12px\"><span style=\"font-family:Times New Roman,Times,serif\">0.1m&sup3; - 1m&sup3; = RM300<br />\r\n1.1m&sup3; - 2m&sup3; = RM600<br />\r\n2.1m&sup3; - 3m&sup3; = RM900<br />\r\n3.1m&sup3; - 4m&sup3; = RM1200<br />\r\n4.1m&sup3; - 5m&sup3; = RM1500<br />\r\nAbove 5.1m&sup3; = RM3000</span></span></p>\r\n</blockquote>\r\n\r\n<p><span style=\"font-size:12px\"><span style=\"font-family:Times New Roman,Times,serif\"><strong>LATE OF PAYMENT INTEREST</strong></span></span></p>\r\n\r\n<p><span style=\"font-size:12px\"><span style=\"font-family:Times New Roman,Times,serif\">In the event the Buyer fails to pay any sums as and when due, the Buyer shall pay interest thereon at the rate of 1.5% per month by any of damages from the due date until the date of full payment.</span></span></p>\r\n\r\n<p><span style=\"font-size:12px\"><span style=\"font-family:Times New Roman,Times,serif\"><strong>TIME OF ESSENCE</strong></span></span></p>\r\n\r\n<p><span style=\"font-size:12px\"><span style=\"font-family:Times New Roman,Times,serif\">Time within which the Buyer is to pay the goods/services shall be of the essence of this Agreement.</span></span></p>\r\n\r\n<p><span style=\"font-size:12px\"><span style=\"font-family:Times New Roman,Times,serif\"><strong>DELIVERY</strong></span></span></p>\r\n\r\n<p><span style=\"font-size:12px\"><span style=\"font-family:Times New Roman,Times,serif\">a. The Seller shall be deemed to have made due delivery of the goods/services if the Seller delivers the goods/services at the site (&lsquo;Site&rsquo;) or premises (&lsquo;Premises&rsquo;) specified by the Buyer in the Purchase Order or otherwise and the Delivery Order is endorsed by any person present at the Site or Premises. The Buyer shall be responsible for making all necessary arrangements to collect or take delivery of the goods/services at the Site or Premises. The Seller shall not be bound to ensure that the person collecting or taking delivery of the goods/services or endorsing the Delivery Order is properly authorized by the Buyer to do so and the Seller shall not be responsible or liable in any way for any loss or damage suffered or incurred by the Buyer arising from or in connection with the said delivery or collection at the Site or Premises, including any loss or damage arising or resulting from the collection of the goods/services by or delivery of the goods/services to unauthorized persons.</span></span></p>\r\n\r\n<p><span style=\"font-size:12px\"><span style=\"font-family:Times New Roman,Times,serif\">b. Should the Buyer fail to take delivery of goods/services, the Seller shall be entitled (without derogation of its rights under law) to charge the Buyer for storage and insurance for the goods/services calculated from the date fixed for delivery until the date when the Buyer takes delivery.</span></span></p>\r\n\r\n<p><span style=\"font-size:12px\"><span style=\"font-family:Times New Roman,Times,serif\">c. Concrete will be delivered to the Project Site/Delivery Location at all reasonable times, subject to the Customer providing accessible and compact roads to and within the Project Site/Delivery Location for ease of delivery. All damage to the mixer trucks due to poor access road(s) shall be made good by the customer.</span></span></p>\r\n\r\n<p><span style=\"font-size:12px\"><span style=\"font-family:Times New Roman,Times,serif\">d. The Seller shall not be responsible for any concrete delivered, misplaced, or wrongly accepted after acceptance of delivery orders or in cases where the concrete has been laid and cast.</span></span></p>\r\n\r\n<p><span style=\"font-size:12px\"><span style=\"font-family:Times New Roman,Times,serif\">e. In the event that any of the delivery orders are misplaced or not signed by the customer&rsquo;s representative during the supply, the Seller reserves the right to invoice on the total progressive quantity on the delivery orders.</span></span></p>\r\n\r\n<p><span style=\"font-size:12px\"><span style=\"font-family:Times New Roman,Times,serif\">f. The Seller reserves the right not to deliver goods/services if the Buyer commits any default on any of the terms of sale as stated or if the amount outstanding at any time exceeds any credit limit granted by the Seller or fails to confirm or verify in writing any Monthly Statement of Accounts.</span></span></p>\r\n\r\n<p><span style=\"font-size:12px\"><span style=\"font-family:Times New Roman,Times,serif\"><strong>ACCEPTANCE</strong></span></span></p>\r\n\r\n<p><span style=\"font-size:12px\"><span style=\"font-family:Times New Roman,Times,serif\">The Buyer, its servants, or agents, shall inspect the goods/services immediately upon delivery. Unless the Seller receives notice that goods/services are not in accordance with the Buyer&rsquo;s order and the goods/services are returned to the Seller within 24 hours from the date and time of delivery, the goods/services shall be deemed to have been accepted by the Buyer, PROVIDED ALWAYS that the Seller will not accept the return of used goods/services and the Buyer shall not reject any goods/services that are in accordance with the Buyer&rsquo;s order.</span></span></p>\r\n\r\n<p><span style=\"font-size:12px\"><span style=\"font-family:Times New Roman,Times,serif\"><strong>DESCRIPTION</strong></span></span></p>\r\n\r\n<p><span style=\"font-size:12px\"><span style=\"font-family:Times New Roman,Times,serif\">Notwithstanding any description of the goods/services given by the Seller, no sale of the goods/services shall constitute or be construed to be a sale by description.</span></span></p>\r\n\r\n<p><span style=\"font-size:12px\"><span style=\"font-family:Times New Roman,Times,serif\"><strong>WARRANTY</strong></span></span></p>\r\n\r\n<p><span style=\"font-size:12px\"><span style=\"font-family:Times New Roman,Times,serif\">Save and except for written warranties (if any) given by the Seller, the Seller does not give any warranties as to quality, state, condition, or fitness of the goods/services or their suitability for any purpose or for use under any specific conditions, notwithstanding that such purpose or condition may be known or made known to the Seller.</span></span></p>\r\n\r\n<p><span style=\"font-size:12px\"><span style=\"font-family:Times New Roman,Times,serif\"><strong>DEFECTS</strong></span></span></p>\r\n\r\n<p><span style=\"font-size:12px\"><span style=\"font-family:Times New Roman,Times,serif\">Save and except as notified pursuant to the <strong>Clause of Acceptance</strong> above, the Seller shall be under no liability to the Buyer either in contract or tort for loss, injury, or damage sustained by the Buyer or any third party by reason of defects in the goods/services, whether latent or otherwise, but the Buyer will keep the Seller indemnified against such claims.</span></span></p>\r\n\r\n<p><span style=\"font-size:12px\"><span style=\"font-family:Times New Roman,Times,serif\"><strong>RISKS</strong></span></span></p>\r\n\r\n<p><span style=\"font-size:12px\"><span style=\"font-family:Times New Roman,Times,serif\">Risk passes upon delivery of the goods/services by the Buyer as specified in the <strong>Clause of Acceptance</strong> and <strong>Clause of Risk</strong> herein.</span></span></p>\r\n\r\n<p><span style=\"font-size:12px\"><span style=\"font-family:Times New Roman,Times,serif\"><strong>DEFAULT BY BUYERS</strong></span></span></p>\r\n\r\n<p><span style=\"font-size:12px\"><span style=\"font-family:Times New Roman,Times,serif\">If the Buyer fails to pay the Seller on the due dates any sum due and owing to the Seller, or if the Buyer shall commit a breach of any of its obligations under this Agreement, or if a receiver of the Buyer&rsquo;s business shall be appointed, or if a petition for the winding up of the Buyer shall be presented or passed (except for the purpose of reconstruction), or if the Buyer shall become bankrupt or commit an act of bankruptcy, the Seller may, without prejudice to its other rights, and without giving prior notice, either suspend or cancel further deliveries under this Agreement, limit or cancel the credit of the Buyer as to time and/or amount, or require payment in advance for all or any further deliveries, and the Seller shall not be liable to the Buyer for any damages which the Buyer may suffer or incur by reason thereof. The Buyer shall make all payments due under the contract in full without any deduction, whether by way of set-off, counterclaim, discount, abatement, or otherwise, unless the Buyer has a valid court order requiring an amount equal to such deduction to be paid by the Seller to the Buyer.</span></span></p>\r\n\r\n<p><span style=\"font-size:12px\"><span style=\"font-family:Times New Roman,Times,serif\"><strong>FORCE MAJEUREF</strong></span></span></p>\r\n\r\n<p><span style=\"font-size:12px\"><span style=\"font-family:Times New Roman,Times,serif\">The Seller shall not be liable to the Buyer for failure to deliver the goods/services by reason of any breakdown of plant, fire, explosion, Act of God, or outbreak of hostilities, national emergency, industrial dispute, shortage of labor, raw materials, energy, or other causes beyond the Seller&rsquo;s control and which the Seller is unable to prevent by the exercise of reasonable diligence, whether latent or otherwise, but the Buyer will keep the Seller indemnified against such claims.</span></span></p>\r\n\r\n<p><span style=\"font-size:12px\"><span style=\"font-family:Times New Roman,Times,serif\"><strong>INVOICES</strong></span></span></p>\r\n\r\n<p><span style=\"font-size:12px\"><span style=\"font-family:Times New Roman,Times,serif\">All amounts stated in the invoices and the Statement of Account, unless disputed within 7 days of receipt thereof, shall be deemed to be conclusive of the amounts due and owing by the Buyer to the Seller and shall be binding against the Buyer in any legal proceedings.</span></span></p>\r\n\r\n<p><span style=\"font-size:12px\"><span style=\"font-family:Times New Roman,Times,serif\"><strong>SALE OF GOODS (MALAY STATES) Ordinance 1957</strong></span></span></p>\r\n\r\n<p><span style=\"font-size:12px\"><span style=\"font-family:Times New Roman,Times,serif\">The terms and conditions in favor of the Seller hereunder shall be in addition to and not in substitution for any term, condition, or warranty expressed or implied in favor of the Seller under the Sale of Goods (Malay State) Ordinance 1957 and/or any statutory modification and re-enactment thereto for the time being enforced.</span></span></p>\r\n\r\n<p><span style=\"font-size:12px\"><span style=\"font-family:Times New Roman,Times,serif\"><strong>NOTICES AND COMMUNICATION METHODS</strong></span></span></p>\r\n\r\n<p><span style=\"font-size:12px\"><span style=\"font-family:Times New Roman,Times,serif\">The Buyer shall be deemed to have received or been communicated the notice through any of the following methods:</span></span></p>\r\n\r\n<p><span style=\"font-size:12px\"><span style=\"font-family:Times New Roman,Times,serif\">(a) <strong>Courier or Hand Delivery</strong>: Notice will be considered received on the date it is delivered to the Buyer.</span></span></p>\r\n\r\n<p><span style=\"font-size:12px\"><span style=\"font-family:Times New Roman,Times,serif\">(b) <strong>Seller&rsquo;s Premises or Website Posting</strong>: Notice will be considered received on the date it is posted in the Seller&rsquo;s premises or website.</span></span></p>\r\n\r\n<p><span style=\"font-size:12px\"><span style=\"font-family:Times New Roman,Times,serif\">(c) <strong>Newspaper Publication</strong>: Notice will be considered received on the date it is first published in a daily newspaper chosen by the Seller.</span></span></p>\r\n\r\n<p><span style=\"font-size:12px\"><span style=\"font-family:Times New Roman,Times,serif\">(d) <strong>Seller&rsquo;s Statement of Account</strong>: Notice will be considered received:</span></span></p>\r\n\r\n<ul>\r\n	<li>\r\n	<p><span style=\"font-size:12px\"><span style=\"font-family:Times New Roman,Times,serif\">Upon completion of email transmission to the Buyer&rsquo;s last known email address in the Seller&rsquo;s records; or</span></span></p>\r\n	</li>\r\n	<li>\r\n	<p><span style=\"font-size:12px\"><span style=\"font-family:Times New Roman,Times,serif\">Five (5) calendar days after posting the statement to the Buyer&rsquo;s last known address in the Seller&rsquo;s records.</span></span></p>\r\n	</li>\r\n</ul>\r\n\r\n<p><span style=\"font-size:12px\"><span style=\"font-family:Times New Roman,Times,serif\">(e) <strong>Ordinary or Registered Post</strong>: Notice will be considered received five (5) calendar days after it is posted to the Buyer&rsquo;s last known address in the Seller&rsquo;s records.</span></span></p>\r\n\r\n<p><span style=\"font-size:12px\"><span style=\"font-family:Times New Roman,Times,serif\">(f) <strong>SMS, Voice Mail, Electronic Messages, or Email</strong>: Notice will be considered received upon completion of the transmission to the Buyer&rsquo;s mobile phone number or email address.</span></span></p>\r\n\r\n<p><span style=\"font-size:12px\"><span style=\"font-family:Times New Roman,Times,serif\">(g) <strong>WhatsApp Communication</strong>: Notice will be considered received upon completion of the transmission to the Buyer&rsquo;s WhatsApp number.</span></span></p>\r\n\r\n<p><span style=\"font-size:12px\"><span style=\"font-family:Times New Roman,Times,serif\">(h) <strong>Facsimile</strong>: Notice will be considered received upon completion of the transmission and receipt of a successful facsimile transmission report.</span></span></p>\r\n\r\n<p><span style=\"font-size:12px\"><span style=\"font-family:Times New Roman,Times,serif\">(i) <strong>Telephone Call</strong>: Notice will be considered received immediately after the telephone call to the Buyer&rsquo;s telephone number in the Seller&rsquo;s records.</span></span></p>\r\n\r\n<p><span style=\"font-size:12px\"><span style=\"font-family:Times New Roman,Times,serif\">(j) <strong>Other Methods</strong>: Notice will be considered received if communicated by any other method the Seller deems fit.</span></span></p>\r\n\r\n<p><span style=\"font-size:12px\"><span style=\"font-family:Times New Roman,Times,serif\">All notices or communications given by the Buyer to the Seller shall be deemed to have been received by the Seller only upon actual receipt by hand. The Buyer shall bear the full risk and responsibility for ensuring the timely and successful delivery of such notices or communications.</span></span></p>\r\n\r\n<p><span style=\"font-size:12px\"><span style=\"font-family:Times New Roman,Times,serif\"><strong>WAIVER</strong></span></span></p>\r\n\r\n<p><span style=\"font-size:12px\"><span style=\"font-family:Times New Roman,Times,serif\">No failure or delay by the Seller in exercising any rights hereunder shall operate as a waiver thereof nor shall any single or partial exercise or any right preclude any further exercise thereof or the exercise of any other right.</span></span></p>\r\n\r\n<p><span style=\"font-size:12px\"><span style=\"font-family:Times New Roman,Times,serif\"><strong>SUSPENSION OR CANCELLATION OF DELIVERIES</strong></span></span></p>\r\n\r\n<p><span style=\"font-size:12px\"><span style=\"font-family:Times New Roman,Times,serif\">Notwithstanding anything herein contained, the Seller reserves the right at any time to vary terms or terminate this Agreement or any Contract for the supply of goods/services or suspend or stop delivery of any goods/services or limit or cancel the credit of the Buyer whether as to time and/or amount without giving any reasons whatsoever and to demand full settlement immediately of all sums that may be due and owing by the Buyer at any point in time notwithstanding that the credit period for payment has not expired.</span></span></p>\r\n\r\n<p><span style=\"font-size:12px\"><span style=\"font-family:Times New Roman,Times,serif\"><strong>CREDIT LIMIT</strong></span></span></p>\r\n\r\n<p><span style=\"font-size:12px\"><span style=\"font-family:Times New Roman,Times,serif\">The Seller shall have full and unfettered discretion and hereby reserves the right at any time to vary the credit limit and credit period contained in the Credit Application Form or to suspend or revoke the credit facility granted for any reason whatsoever without giving any notice to the Buyer.</span></span></p>\r\n\r\n<p><span style=\"font-size:12px\"><span style=\"font-family:Times New Roman,Times,serif\"><strong>CERTIFICATE OF INDEBTEDNESS</strong></span></span></p>\r\n\r\n<p><span style=\"font-size:12px\"><span style=\"font-family:Times New Roman,Times,serif\">Any certificate, statement of account, notice, or demand issued by the Seller, whether signed by a Seller&#39;s officer, solicitor, or firm of solicitors acting on behalf of the Seller, or generated by a computer in the regular course of business, shall be considered conclusive evidence against the Buyer. This pertains to all matters stated, including the amount owed to the Seller, and applies to all purposes, including legal proceedings.</span></span></p>\r\n\r\n<p><span style=\"font-size:12px\"><span style=\"font-family:Times New Roman,Times,serif\">The Buyer shall not dispute or challenge this evidence on any grounds, except in the case of a manifest error. Additionally, this conclusive evidence clause extends to any document or record produced by the Seller, its officers, solicitors, or agents, and includes all electronic records, correspondences, and communications that are regularly maintained or generated by the Seller in the course of its operations.</span></span></p>\r\n\r\n<p><span style=\"font-size:12px\"><span style=\"font-family:Times New Roman,Times,serif\"><strong>LIMITATION OF LIABILITY</strong></span></span></p>\r\n\r\n<p><span style=\"font-size:12px\"><span style=\"font-family:Times New Roman,Times,serif\">Notwithstanding anything contained in these Terms and Conditions to the contrary or otherwise, the Seller&rsquo;s sole and entire liability for any demands, claims, or actions which the Buyer or any third party may have against the Seller at law or in equity, shall be limited to the amount of the transaction involved which gave rise to the claim and the Seller shall not be liable for damages for negligence, breach of contracts, loss of profits, savings, goodwill, or any type of special, exemplary, incidental, indirect, or consequential loss or damage howsoever arising whether or not the Seller has been advised of the same.</span></span></p>\r\n\r\n<p><span style=\"font-size:12px\"><span style=\"font-family:Times New Roman,Times,serif\"><strong>TITLE</strong></span></span></p>\r\n\r\n<p><span style=\"font-size:12px\"><span style=\"font-family:Times New Roman,Times,serif\">Title to the goods/services remains vested in Seller until the Seller receives the full purchase price. If such payment is overdue, the Seller may without prejudice to any other rights sue for the purchase price, recover or re-sell the goods/services and the Buyer grants the Seller, its servants/agents the right and/or licensed to enter the Buyer&rsquo;s premise and/or any other premise where the goods/services are stored. If any of the goods/services are sold by the Buyer before title has passed to Buyer, Buyer shall hold the proceeds of sale and all rights against purchasers in trust for the Seller.</span></span></p>\r\n\r\n<p><span style=\"font-size:12px\"><span style=\"font-family:Times New Roman,Times,serif\"><strong>CANCELLATION OF CREDIT</strong></span></span></p>\r\n\r\n<p><span style=\"font-size:12px\"><span style=\"font-family:Times New Roman,Times,serif\">Notwithstanding anything herein contained, the Seller reserves the right to limit/cancel the credit of the Buyer as to time and/or amount without giving any reasons thereof and to demand full settlement immediately of all sums that may be owing by Buyer notwithstanding that the credit period has not expired.</span></span></p>\r\n\r\n<p><span style=\"font-size:12px\"><span style=\"font-family:Times New Roman,Times,serif\"><strong>APPROPRIATION OF PAYMENTS</strong></span></span></p>\r\n\r\n<p><span style=\"font-size:12px\"><span style=\"font-family:Times New Roman,Times,serif\">All payments received from the Buyer will be applied towards settlement of the Buyer&rsquo;s oldest debts comprising of the earliest invoices, debit notes (including debit notes for overdue interest), and other charges howsoever arising. Provided Always Seller may appropriate any payments towards the account of interest before the principal in respect of any debt as the Seller shall in its absolute discretion deem fit.</span></span></p>\r\n\r\n<p><span style=\"font-size:12px\"><span style=\"font-family:Times New Roman,Times,serif\"><strong>STATEMENT OF ACCOUNT</strong></span></span></p>\r\n\r\n<p><span style=\"font-size:12px\"><span style=\"font-family:Times New Roman,Times,serif\">All amount stated in the invoices and statement of accounts of Seller shall be conclusive of the amounts due and owning by Buyer to Seller and shall be binding against Buyer in legal proceedings.</span></span></p>\r\n\r\n<p><span style=\"font-size:12px\"><span style=\"font-family:Times New Roman,Times,serif\"><strong>RIGHT OF SET-OFF</strong></span></span></p>\r\n\r\n<p><span style=\"font-size:12px\"><span style=\"font-family:Times New Roman,Times,serif\">The Seller is entitled to set-off against Buyer&rsquo;s debts all monies now or hereafter standing to the credit of Buyer&rsquo;s account with the Seller or with any company within the SEMIX subsidiaries company and for this purpose Buyer shall give irrevocable authority to the Seller, to collect on behalf of Buyer and give a valid receipt and discharge in respect of all such monies owing to the Buyer.</span></span></p>\r\n\r\n<p><span style=\"font-size:12px\"><span style=\"font-family:Times New Roman,Times,serif\"><strong>SALE OF GOODS ACT 1957 (REVISED 1989) (&ldquo;the Act&rdquo;)</strong></span></span></p>\r\n\r\n<p><span style=\"font-size:12px\"><span style=\"font-family:Times New Roman,Times,serif\">The terms and conditions in favour of the Seller hereunder shall be in addition to and not in substitution for any term condition warranty expressed or implied in favour of the Seller under the Act or any statutory modification and re-enactment thereto for the time being enforced.</span></span></p>\r\n\r\n<p><span style=\"font-size:12px\"><span style=\"font-family:Times New Roman,Times,serif\"><strong>INFRINGEMENT OF PATENTS, DESIGNS</strong></span></span></p>\r\n\r\n<p><span style=\"font-size:12px\"><span style=\"font-family:Times New Roman,Times,serif\">Buyer shall indemnify Seller against all damages, claims, costs and expenses which Seller may become liable as a result of work done or goods sol in accordance with Buyer specifications which involves infringement of any patents, registered designs or trademarks.</span></span></p>\r\n\r\n<p><span style=\"font-size:12px\"><span style=\"font-family:Times New Roman,Times,serif\"><strong>GOVERNING LAW</strong></span></span></p>\r\n\r\n<p><span style=\"font-size:12px\"><span style=\"font-family:Times New Roman,Times,serif\">This Contract shall be constructed in accordance with Laws of Malaysia and the partiers hereto hereby agree to submit to the jurisdiction of the Malaysian Courts.</span></span></p>\r\n\r\n<p><span style=\"font-size:12px\"><span style=\"font-family:Times New Roman,Times,serif\"><strong>CREDIT WORTHINESS CHECK</strong></span></span></p>\r\n\r\n<p><span style=\"font-size:12px\"><span style=\"font-family:Times New Roman,Times,serif\">The Buyer consents and warrants that the Buyer has obtained the consent of all persons named in this application or such other document submitted to the Seller in support of this application (jointly referred to as &ldquo;Relevant Person&rdquo;) for the Seller, its agents and representatives to conduct credit checks and verification of information given pursuant to this application with any credit bureau or corporations set up for the purpose of collecting and providing credit or other information.</span></span></p>\r\n\r\n<p><span style=\"font-size:12px\"><span style=\"font-family:Times New Roman,Times,serif\"><strong>ANTI-BRIBERY AND CORRUPTION POLICY</strong></span></span></p>\r\n\r\n<p><span style=\"font-size:12px\"><span style=\"font-family:Times New Roman,Times,serif\">The Buyer acknowledges and agrees that the Seller is subject to various anti-bribery and anti-corruption laws, including but not limited to the Malaysian Anti-Corruption Commission Act 2009, and the guidelines issued by the Malaysian Anti-Corruption Commission (MACC). The Buyer warrants that it will comply fully with all applicable anti-corruption laws and regulations in all jurisdictions where it conducts business with the Seller.</span></span></p>\r\n\r\n<p><span style=\"font-size:12px\"><span style=\"font-family:Times New Roman,Times,serif\">The Buyer shall not, directly or indirectly, offer, promise, give, request, agree to receive, or accept any bribes, kickbacks, or any other form of improper payment, benefit, or advantage to or from any person or entity, including government officials, employees, political candidates, parties, or any Seller-related parties, in order to obtain or retain business or to secure any improper commercial advantage. This includes adherence to the standards set forth by the MACC and other relevant anti-corruption guidelines and practices.</span></span></p>\r\n\r\n<p><span style=\"font-size:12px\"><span style=\"font-family:Times New Roman,Times,serif\">The Buyer shall implement and maintain its own policies and procedures, including adequate training for its employees, to ensure compliance with applicable anti-corruption laws and standards. The Buyer shall immediately report any request or demand for any undue financial or other advantage of any kind received by the Buyer in connection with the performance of this Agreement to the Seller.</span></span></p>\r\n\r\n<p><span style=\"font-size:12px\"><span style=\"font-family:Times New Roman,Times,serif\">The Buyer further acknowledges that any breach of this clause will be deemed a material breach of this Agreement, entitling the Seller to terminate the Agreement immediately and seek any other remedies available under law or equity.</span></span></p>\r\n\r\n<p><span style=\"font-size:12px\"><span style=\"font-family:Times New Roman,Times,serif\"><strong>QUANTITY DETERMINATION</strong></span></span></p>\r\n\r\n<p><span style=\"font-size:12px\"><span style=\"font-family:Times New Roman,Times,serif\">The quantity of delivered concrete shall be based on the delivery orders. Any disagreement of the quantity of concrete supplied must be notified in writing within THREE (3) days after delivery and before the structure is covered where applicable after which no claims shall be entertained. If disagreement on quantity is reported within the 3-days period. A joint measurement at site shall be conducted and the following wastage allowance must be allowed for the inclusion in the final calculation of volume supplied;</span></span></p>\r\n\r\n<ul>\r\n	<li>\r\n	<p><span style=\"font-size:12px\"><span style=\"font-family:Times New Roman,Times,serif\">&gt;&nbsp;Three (3) percent for above the ground structure e.g columns, formed slabs and</span></span></p>\r\n	</li>\r\n	<li>\r\n	<p><span style=\"font-size:12px\"><span style=\"font-family:Times New Roman,Times,serif\">&gt;&nbsp;Thirteen (13) percent for ground and below ground structure excluded bored pile</span></span></p>\r\n	</li>\r\n</ul>\r\n\r\n<p><span style=\"font-size:12px\"><span style=\"font-family:Times New Roman,Times,serif\"><strong>OUTSOURCE DEBT COLLECTION AND COLLECTION OF MONIES</strong></span></span></p>\r\n\r\n<p><span style=\"font-size:12px\"><span style=\"font-family:Times New Roman,Times,serif\"><strong>(a) Appointment of an Agent</strong></span></span></p>\r\n\r\n<p><span style=\"font-size:12px\"><span style=\"font-family:Times New Roman,Times,serif\">The Seller reserves the right to appoint an agent of its choice to collect monies due from the Buyer under these terms. If the collection is outsourced to a third-party debt collection agency, the Seller will notify the Buyer at least ten (10) calendar days in advance through one or more of the following methods:</span></span></p>\r\n\r\n<ol>\r\n	<li>\r\n	<p><span style=\"font-size:12px\"><span style=\"font-family:Times New Roman,Times,serif\"><strong>Email Notification</strong>: An email will be sent to the Buyer&#39;s last known email address.</span></span></p>\r\n	</li>\r\n	<li>\r\n	<p><span style=\"font-size:12px\"><span style=\"font-family:Times New Roman,Times,serif\"><strong>Postal Mail</strong>: A letter will be mailed to the Buyer&#39;s last known physical address.</span></span></p>\r\n	</li>\r\n	<li>\r\n	<p><span style=\"font-size:12px\"><span style=\"font-family:Times New Roman,Times,serif\"><strong>SMS Notification</strong>: A text message will be sent to the Buyer&#39;s last known mobile phone number.</span></span></p>\r\n	</li>\r\n	<li>\r\n	<p><span style=\"font-size:12px\"><span style=\"font-family:Times New Roman,Times,serif\"><strong>Phone Call</strong>: A phone call will be made to the Buyer&#39;s last known contact number.</span></span></p>\r\n	</li>\r\n	<li>\r\n	<p><span style=\"font-size:12px\"><span style=\"font-family:Times New Roman,Times,serif\"><strong>Online Portal</strong>: A notification will be posted on the Buyer&#39;s account in the Seller&#39;s online portal, if applicable.</span></span></p>\r\n	</li>\r\n	<li>\r\n	<p><span style=\"font-size:12px\"><span style=\"font-family:Times New Roman,Times,serif\"><strong>WhatsApp Communication</strong>: A message will be sent to the Buyer&#39;s last known WhatsApp number.</span></span></p>\r\n	</li>\r\n</ol>\r\n\r\n<p><span style=\"font-size:12px\"><span style=\"font-family:Times New Roman,Times,serif\"><strong>(b) Notification and Impact</strong></span></span></p>\r\n\r\n<p><span style=\"font-size:12px\"><span style=\"font-family:Times New Roman,Times,serif\">The Seller will inform the Buyer of the impact on their rights and obligations once the account is transferred to a third-party debt collection agency or sold to a third party. If the Buyer cannot be contacted, the Seller&#39;s obligation is considered fulfilled if the notice is sent through one or more of the following methods to the Buyer&rsquo;s last known address at least ten (10) calendar days in advance:</span></span></p>\r\n\r\n<ol>\r\n	<li>\r\n	<p><span style=\"font-size:12px\"><span style=\"font-family:Times New Roman,Times,serif\"><strong>Email Notification</strong></span></span></p>\r\n	</li>\r\n	<li>\r\n	<p><span style=\"font-size:12px\"><span style=\"font-family:Times New Roman,Times,serif\"><strong>Postal Mail</strong></span></span></p>\r\n	</li>\r\n	<li>\r\n	<p><span style=\"font-size:12px\"><span style=\"font-family:Times New Roman,Times,serif\"><strong>SMS Notification</strong></span></span></p>\r\n	</li>\r\n	<li>\r\n	<p><span style=\"font-size:12px\"><span style=\"font-family:Times New Roman,Times,serif\"><strong>Phone Call</strong></span></span></p>\r\n	</li>\r\n	<li>\r\n	<p><span style=\"font-size:12px\"><span style=\"font-family:Times New Roman,Times,serif\"><strong>Online Portal</strong></span></span></p>\r\n	</li>\r\n	<li>\r\n	<p><span style=\"font-size:12px\"><span style=\"font-family:Times New Roman,Times,serif\"><strong>WhatsApp Communication</strong></span></span></p>\r\n	</li>\r\n</ol>\r\n\r\n<p><span style=\"font-size:12px\"><span style=\"font-family:Times New Roman,Times,serif\"><strong>(c) Third-Party Contact Details</strong></span></span></p>\r\n\r\n<p><span style=\"font-size:12px\"><span style=\"font-family:Times New Roman,Times,serif\">The Seller will provide the Buyer with the name and contact details of the appointed third-party debt collection agency or the third party to whom the collection has been outsourced through one or more of the following methods:</span></span></p>\r\n\r\n<ol>\r\n	<li>\r\n	<p><span style=\"font-size:12px\"><span style=\"font-family:Times New Roman,Times,serif\"><strong>Email Notification</strong></span></span></p>\r\n	</li>\r\n	<li>\r\n	<p><span style=\"font-size:12px\"><span style=\"font-family:Times New Roman,Times,serif\"><strong>Postal Mail</strong></span></span></p>\r\n	</li>\r\n	<li>\r\n	<p><span style=\"font-size:12px\"><span style=\"font-family:Times New Roman,Times,serif\"><strong>SMS Notification</strong></span></span></p>\r\n	</li>\r\n	<li>\r\n	<p><span style=\"font-size:12px\"><span style=\"font-family:Times New Roman,Times,serif\"><strong>Phone Call</strong></span></span></p>\r\n	</li>\r\n	<li>\r\n	<p><span style=\"font-size:12px\"><span style=\"font-family:Times New Roman,Times,serif\"><strong>Online Portal</strong></span></span></p>\r\n	</li>\r\n	<li>\r\n	<p><span style=\"font-size:12px\"><span style=\"font-family:Times New Roman,Times,serif\"><strong>WhatsApp Communication</strong></span></span></p>\r\n	</li>\r\n</ol>\r\n\r\n<p><span style=\"font-size:12px\"><span style=\"font-family:Times New Roman,Times,serif\"><strong>(d) Workplace Visit</strong></span></span></p>\r\n\r\n<p><span style=\"font-size:12px\"><span style=\"font-family:Times New Roman,Times,serif\">If the Buyer does not respond to other means of communication or cannot be contacted at any other location, the Buyer agrees that the Seller may visit the Buyer at their workplace to collect any money due under these terms.</span></span></p>\r\n\r\n<p><span style=\"font-size:12px\"><span style=\"font-family:Times New Roman,Times,serif\"><strong>(e) Continuous Ignorance and Non-Compliance</strong></span></span></p>\r\n\r\n<p><span style=\"font-size:12px\"><span style=\"font-family:Times New Roman,Times,serif\">If the Buyer continuously ignores calls, fails to respond to communication attempts for payment, or breaches promises made regarding payment, this will constitute approval for the Seller to appoint a third-party debt collection agency without serving additional notices. The Seller&#39;s obligation to notify the Buyer is considered fulfilled after the initial notification as described in section (a) clause of&nbsp;OUTSOURCE DEBT COLLECTION AND COLLECTION OF MONIES .</span></span></p>\r\n\r\n<p><span style=\"font-size:12px\"><span style=\"font-family:Times New Roman,Times,serif\"><strong>CONCRETE SPECIFICATION</strong></span></span></p>\r\n\r\n<p><span style=\"font-size:12px\"><span style=\"font-family:Times New Roman,Times,serif\">a. Seller Ready-Mixed Concrete is manufactured in accordance with relevant requirements stipulated in BS5328:1990 specified for Ready-Mixed Concrete the grade/grades of concrete quoted constitute the minimum compressive strength at 28 days. The compressive strength of the concrete supplied shall be based on only test cube results of the concrete supplied in respect of which BS 1881:1983 provisions on specification of concrete handling and testing shall be adhered to and the characteristic strength of concrete supplied shall comply with the relevant provision of BS5328:1990. Sampling for test cube(s) shall be taken from the discharge chute of the mixer truck(s) during discharge of concrete. If the concrete quality is conclusively found to be below the quality in accordance to he requirement herein and/or concrete fail to meet the compressive strength requirement, assessment of concrete compressive strength in accordance to BS 1881:1983, our liability shall be limited to delivering to customer concrete equivalent to the volume of defective concrete and we shall not be liable to customer for any other losses or damages (whether direct, indirect,special, consequential or otherwise),expenses, costs, charges, liabilities and/or claims incurred or suffered by customer due to or attributable to the defective concrete.</span></span></p>\r\n\r\n<p><span style=\"font-size:12px\"><span style=\"font-family:Times New Roman,Times,serif\">b. Seller shall not be responsible for concrete failure or rejects attributes to the following scenarios:</span></span></p>\r\n\r\n<p><span style=\"font-size:12px\"><span style=\"font-family:Times New Roman,Times,serif\">&gt;&nbsp;Additional of water and/or admixture to the concrete by the customers employee(s), agent(s) and/or contractor(s) and/or third party(s) either before or after discharge from the mixer truck</span></span></p>\r\n\r\n<p><span style=\"font-size:12px\"><span style=\"font-family:Times New Roman,Times,serif\">&gt;&nbsp;Poor handling and placing from the mixer truck</span></span></p>\r\n\r\n<p><span style=\"font-size:12px\"><span style=\"font-family:Times New Roman,Times,serif\">&gt;&nbsp;Placing of concrete when it is raining</span></span></p>\r\n\r\n<p><span style=\"font-size:12px\"><span style=\"font-family:Times New Roman,Times,serif\">&gt;&nbsp;Delay in placement time of the concrete beyond 2 hours from the concrete batching time.</span></span></p>\r\n\r\n<p><span style=\"font-size:12px\"><span style=\"font-family:Times New Roman,Times,serif\"><strong>LEGAL RECOVERY OF DEBT CLAUSE WITH RESERVATION OF FUND</strong></span></span></p>\r\n\r\n<p><span style=\"font-size:12px\"><span style=\"font-family:Times New Roman,Times,serif\"><strong>(a) Default and Legal Recovery</strong></span></span></p>\r\n\r\n<p><span style=\"font-size:12px\"><span style=\"font-family:Times New Roman,Times,serif\">In the event that the Buyer defaults on the agreed credit terms and payment remains outstanding for more than seven (7) days, the Seller reserves the right to initiate legal proceedings to recover the debt. Please note that payment of the outstanding amount must be made in full within 7 days from the date of this notice. Failure to do so will result in the following actions being taken upon expiry of the 7 days without further reference to Buyer:</span></span></p>\r\n\r\n<p><span style=\"font-size:12px\"><span style=\"font-family:Times New Roman,Times,serif\">Buyer will be liable for all legal costs incurred as a result of this default, including disbursement fees related to the recovery of the outstanding amount, any costs incurred enforcing the clause of Outsource Debt Collection and Collection of Monies described herein, administrative charges, employing Debt Recovery Specialists charges, fees for any third-party debt recovery consultancy engaged by us, costs charged by our solicitor, and any other legal costs arising from the consequences of Buyer default.</span></span></p>\r\n\r\n<p><span style=\"font-size:12px\"><span style=\"font-family:Times New Roman,Times,serif\">To prevent the advance payment of RM 10,000 or 25% of the outstanding indebtedness, whichever is higher, from being charged on any part of this account placed for collection and filed with the court, Buyer is required to make full payment of the outstanding amount within 7 days from the date of this notice. Failure to do so will result in us proceeding with legal action and the subsequent advance payment requirement.</span></span></p>\r\n\r\n<p><span style=\"font-size:12px\"><span style=\"font-family:Times New Roman,Times,serif\"><strong>(b) Reservation of Fund</strong></span></span></p>\r\n\r\n<p><span style=\"font-size:12px\"><span style=\"font-family:Times New Roman,Times,serif\">Upon default, the Seller reserves the right to require an advance payment of RM 10,000 or 25% of the outstanding indebtedness, whichever is higher, on any part of this account placed for collection, to cover all legal costs mentioned herein. This amount will serve as a reserve to manage all costs associated with the legal proceedings. The advance payment will be utilized to cover all direct costs associated with the legal proceedings. All costs incurred will be set off against this advance payment, with detailed accounts of expenses maintained and made available to Buyer upon request.</span></span></p>\r\n\r\n<p><span style=\"font-size:12px\"><span style=\"font-family:Times New Roman,Times,serif\">Any remaining balance from the advance payment, after settling all related costs, will be refunded to Buyer. Conversely, should the costs exceed the advance amount, Buyer will be required to cover any additional expenses incurred.</span></span></p>\r\n\r\n<p><span style=\"font-size:12px\"><span style=\"font-family:Times New Roman,Times,serif\"><strong>(c) Acceptance of Detailed Account of Expenses</strong></span></span></p>\r\n\r\n<p><span style=\"font-size:12px\"><span style=\"font-family:Times New Roman,Times,serif\">Upon Buyer&rsquo;s request, the Seller will provide a detailed account of expenses related to the recovery of the outstanding amount. The Buyer must submit any request for such an account within 7 days from the date of being notified of the expenses.</span></span></p>\r\n\r\n<p><span style=\"font-size:12px\"><span style=\"font-family:Times New Roman,Times,serif\">Should the Buyer fail to submit a request for a detailed account within this specified timeframe, the Buyer will be deemed to have accepted the account of expenses as accurate and final. Furthermore, if the Buyer requests a detailed account within the specified timeframe but fails to raise any objections within 7 days following the Seller&#39;s submission of the account, the Buyer will also be deemed to have accepted the detailed account of expenses as accurate and final.</span></span></p>\r\n\r\n<p><span style=\"font-size:12px\"><span style=\"font-family:Times New Roman,Times,serif\"><strong>PRIVACY</strong></span></span></p>\r\n\r\n<p><span style=\"font-size:12px\"><span style=\"font-family:Times New Roman,Times,serif\">The Seller may collect, use, and disclose personal information about the Buyer when it is reasonably necessary or desirable to do so in connection with providing Goods and/or Services to the Buyer, fulfilling its obligations, or enforcing its rights under these Terms or any Contract, or for any related purpose.</span></span></p>\r\n\r\n<p><span style=\"font-size:12px\"><span style=\"font-family:Times New Roman,Times,serif\">The Seller adheres to the privacy policy of its company, , which can be accessed at <a href=\"https://www.kckok.my/terms/semix/privacy-policy/\">https://www.kckok.my/terms/semix/privacy-policy/</a></span></span></p>\r\n\r\n<p><span style=\"font-size:12px\"><span style=\"font-family:Times New Roman,Times,serif\">The Seller reserves the right to amend its privacy practices and policies at any time, and any such amendments will be reflected in an updated version of the privacy policy available on the Seller&rsquo;s website. Continued use of the Seller&rsquo;s Goods and/or Services after any amendments will constitute acceptance of the updated privacy policy.</span></span></p>\r\n\r\n<p><span style=\"font-size:12px\"><span style=\"font-family:Times New Roman,Times,serif\">The Seller shall not be liable for any loss, damage, or expense arising from the collection, use, or disclosure of personal information in accordance with these Terms, except to the extent such liability</span></span></p>\r\n\r\n<p><span style=\"font-size:12px\"><span style=\"font-family:Times New Roman,Times,serif\"><strong>TERMINATION</strong></span></span></p>\r\n\r\n<p><span style=\"font-size:12px\"><span style=\"font-family:Times New Roman,Times,serif\">WHERE :-</span></span></p>\r\n\r\n<p><span style=\"font-size:12px\"><span style=\"font-family:Times New Roman,Times,serif\">&gt;&nbsp;The customer makes any voluntary arrangement with its creditors or becomes subject to an administration order or winding up petition or is adjudicated bankrupt or goes into liquidation (otherwise than for the purpose of amalgamation or reconstruction), or</span></span></p>\r\n\r\n<p><span style=\"font-size:12px\"><span style=\"font-family:Times New Roman,Times,serif\">&gt;&nbsp;An encumbrance takes possession, or a receiver is appointed, or any of the property or assets of the purchaser, or</span></span></p>\r\n\r\n<p><span style=\"font-size:12px\"><span style=\"font-family:Times New Roman,Times,serif\">&gt;&nbsp;The Customer ceases, or threaten to cease to carry on business or</span></span></p>\r\n\r\n<p><span style=\"font-size:12px\"><span style=\"font-family:Times New Roman,Times,serif\">&gt;&nbsp;Seller reasonably apprehends that any of the events mentioned above is about to occur in relation to the customer and notified the customer accordingly, or</span></span></p>\r\n\r\n<p><span style=\"font-size:12px\"><span style=\"font-family:Times New Roman,Times,serif\">&gt;&nbsp;In the event of any default in payment or breach of any other terms and conditions contained herein Seller shall have the right to terminate this agreement without prejudice to any other right or remedy available and if the delivery has been effected but the invoice is not paid. The invoice shall become immediately due and payable notwithstanding any previous agreement or arrangement o the contrary in which event the customer shall be liable for all losses and damaged suffered by seller</span></span></p>\r\n\r\n<p><span style=\"font-size:12px\"><span style=\"font-family:Times New Roman,Times,serif\"><strong>SEVERABILITY&nbsp;</strong></span></span></p>\r\n\r\n<p><span style=\"font-size:12px\"><span style=\"font-family:Times New Roman,Times,serif\">If any provision of these terms and conditions is found to be invalid, illegal, or unenforceable by any court of competent jurisdiction, such invalidity, illegality, or unenforceability shall not affect the other provisions of these terms and conditions, which shall remain in full force and effect. The parties agree to replace any invalid, illegal, or unenforceable provision with a valid, legal, and enforceable provision that achieves, to the greatest extent possible, the original intention and economic effect of the invalid, illegal, or unenforceable provision.</span></span></p>\r\n\r\n<p>&nbsp;</p>\r\n\r\n<p><span style=\"font-size:12px\"><span style=\"font-family:Times New Roman,Times,serif\"><strong>DISPUTE RESOLUTION CENTER</strong></span></span></p>\r\n\r\n<p><span style=\"font-size:12px\"><span style=\"font-family:Times New Roman,Times,serif\">If the Buyer has any complaints regarding these Terms, they may contact the Buyer&rsquo;s <strong>Dispute Resolution Center&nbsp;</strong>using the following contact details (or any updated contact information provided to the Buyer):</span></span></p>\r\n\r\n<p><span style=\"font-size:12px\"><span style=\"font-family:Times New Roman,Times,serif\">Dispute Resolution Management Office<br />\r\nLot 2959, Kampung Padang Landak<br />\r\n22000 Jerteh, Terengganu</span></span></p>\r\n\r\n<p><span style=\"font-size:12px\"><span style=\"font-family:Times New Roman,Times,serif\">Please note that any complaint or issue raised by the Buyer must be submitted in writing within timframe specified terms herein of the event giving rise to the complaint. Failure to raise a complaint within this timeframe will be deemed as acceptance of the Terms and waiver of any rights to contest or dispute the issue. Additionally, any resolution provided by the Grievance Management Office shall be final and binding unless otherwise stated by the Seller.</span></span></p>','2024-08-01 02:10:49.255534','2024-09-05 05:55:09.138151',1,3),(18,'GENERAL PURCHASE ORDER TERMS AND CONDITIONS','general-purchase-order-terms-and-conditions','<p>.</p>','2024-09-08 06:33:47.556405','2024-09-08 06:33:47.556470',4,3);

--
-- Table structure for table `kck2021_legalcategory`
--

CREATE TABLE `kck2021_legalcategory` (
  `id` bigint NOT NULL AUTO_INCREMENT,
  `category` varchar(64) NOT NULL,
  PRIMARY KEY (`id`)
) ENGINE=InnoDB AUTO_INCREMENT=7 DEFAULT CHARSET=utf8mb4 COLLATE=utf8mb4_0900_ai_ci;

--
-- Dumping data for table `kck2021_legalcategory`
--

INSERT INTO `kck2021_legalcategory` VALUES (1,'Sales'),(2,'Human Resources'),(3,'Privacy Policy (Public)'),(4,'Purchasing'),(5,'Website Legal'),(6,'Sales Terms (Court Trial)');

--
-- Table structure for table `kck2021_project`
--

CREATE TABLE `kck2021_project` (
  `id` bigint NOT NULL AUTO_INCREMENT,
  `thumbnail` varchar(100) NOT NULL,
  `slug` varchar(50) NOT NULL,
  `title` varchar(60) NOT NULL,
  `mission` varchar(200) NOT NULL,
  `location` varchar(100) NOT NULL,
  `dateTime` datetime(6) NOT NULL,
  `body` longtext NOT NULL DEFAULT (_utf8mb3'2023-07-02 08:59:16.000402+00:00'),
  PRIMARY KEY (`id`),
  KEY `kck2021_project_slug_6860691b` (`slug`)
) ENGINE=InnoDB AUTO_INCREMENT=8 DEFAULT CHARSET=utf8mb4 COLLATE=utf8mb4_0900_ai_ci;

--
-- Dumping data for table `kck2021_project`
--

INSERT INTO `kck2021_project` VALUES (3,'media/longkang.jpeg','projek-awek','Projek Awek','Menaiktaraf tali air awek serta kerja-kerja berkaitan di kompatment, skim pengairan besut','Iada Ketara, Besut, Terengganu','2021-08-16 15:02:25.834000','<p>Proses pembinaan bangunan meliputi segala aktiviti yang dilakukan di tapak binaan untuk memenuhi segala kehendak lukisan dan penentuan yang terkandung dalam sesuatu dokumen kontrak binaan. Selain itu, tanggungjawab KCK merangkumi&nbsp;<strong>menyelaras dan mengawasi</strong>setiap aspek projek bangunan atau pengubahsuaian dengan menganalisis struktur dibuat untuk mengetahui daya yang bertindak ke atas bahagian struktur. Daya yang sering digunakan ialah daya momen dan daya ricih.&nbsp;</p>\r\n\r\n<p>Asas cerucuk pada dasarnya digunakan untuk memindahkan beban dari struktur atas, melalui strata atau air yang lemah, boleh dimampatkan ke tanah atau batu yang lebih kuat, lebih padat, kurang mampat dan kaku pada kedalaman, meningkatkan ukuran asas yang berkesan dan menahan beban mendatar. Hal ini demikian, asas bangunan seperti așas rakit, dibina dengan konkrit bertelulang.</p>\r\n\r\n<p>Untuk menyempurnakan kerja pembinaan ini, KCK sentiasa berpegang kuat pada syarat-syarat yang ditetapkan seperti:</p>\r\n\r\n<ul>\r\n	<li>Projek pengurusan pembinaan</li>\r\n	<li>Mempertingkatkan kualiti kerja binaan</li>\r\n	<li>Memupuk budaya melaksanakan tugasan di tapak pembinaan pada tahap yang terbaik</li>\r\n	<li>Mengamailkan amalan terbaik</li>\r\n</ul>'),(4,'media/thumb.jpeg','projek-dungun','Projek Dungun','Membina and menyiapkan saliran gong pasir fasa 1, serta kerja-kerja berkaitan bagi projek tebatan banjir','Dungun, Terengganu Darul Iman','2021-08-16 15:59:31.979000','<p>Di KCK, kami menyediakan berdasarkan pelan yang struktur yang dicadangkan oleh arktisk dengan menyediakan sistem saliran utama yang berkesan untuk tebatan banjir bagi melindungi penduduk dan harta benda dari ancaman banjir serta menggalakkan dan menyokong peraturan dan amalan-amalan saliran yang baik dan pemeliharaan alam semula jadi. Lokasi projek ini terletak di muara sungai Dungun, Terengganu. Kami menggunakan empangan getah dalam projek kami kerana ia mempunyai ketahanan yang lebih tinggi terhadap pemendapan dan sangat mudah untuk mengendalikan keseluruhan fungsi. Sebagai contoh, Dengan menggunakan sistem penyesuaian diri yang maju, empangan kembung dapat melambung dan mengempis secara automatik untuk mengawal ketinggian dan tekanan empangan getah mengikut tahap air di hulu.</p>\r\n\r\n<p>Untuk menyelesaikan projek ini dengan lancar, KCK berpegang kuat pada syarat-syarat yang ditetapkan seperti:</p>\r\n\r\n<ul>\r\n	<li>Projek pengurusan pembinaan</li>\r\n	<li>Mempertingkatkan kualiti kerja binaan</li>\r\n	<li>Memupuk budaya melaksanakan tugasan di tapak pembinaan pada tahap yang terbaik</li>\r\n	<li>Mengamailkan amalan terbaik</li>\r\n</ul>'),(5,'media/thumb_PCfJ402.jpeg','projek-manir','Projek Manir','Kerja-kerja menaiktaraf jalan termasuk jambatan','Pulau Bahagia, Kuala Terengganu','2021-08-16 16:51:21.182000','<p>Keadaan jalan yang buruk boleh menyebabkan lebih dari sekadar perjalanan yang bergelombang. Jalan raya boleh merosot ke tahap di mana ia menjadi berbahaya. Ini merangkumi lubang jalan, permukaan jalan yang tidak rata, konkrit yang pecah, palang terdedah, lubang sink, dan retakan jalan. Apabila penyelenggaraan tidak dilakukan, keadaan jalan yang buruk boleh mengakibatkan kadar kemalangan yang lebih tinggi. Di KCK, kami menandatangani kontrak untuk memenuhi jurang kecil ketika kami mula membangun. Kami mempunyai banyak mesin dan alat yang diperlukan untuk memastikan kami menjalankan tugas dengan lancar dan cekap. Dari mengenalpasti isu-isu hingga pelaksanaan di lapangan, kami berjaya meningkatkan keadaan jalan menjadi jalan baru.</p>\r\n\r\n<p>Untuk pelaksanaan projek ini dengan lancar, KCK berpegang kuat pada syarat-syarat yang ditetapkan seperti:</p>\r\n\r\n<ul>\r\n	<li>1) Projek pengurusan pembinaan</li>\r\n	<li>2) Mempertingkatkan kualiti kerja binaan</li>\r\n	<li>3) Memupuk budaya melaksanakan tugasan di tapak pembinaan pada tahap yang terbaik</li>\r\n	<li>4) Mengamailkan amalan terbaik</li>\r\n</ul>\r\n\r\n<p>&nbsp;</p>'),(6,'media/thumb_0NyT0Qr.jpeg','projek-unisza','Projek Unisza','Merekabentuk, membina dan menyiapkan pembangunan kompleks sukan daerah','Kampung Raja. Besut','2021-08-17 14:19:38.365000','<p>Cadangan ini berpusat di sekitar penubuhan dan pengoperasian kompleks sukan dalaman persendirian. Kompleks sukan dibahagikan kepada banyak segmen yang berbeza seperti kemudahan sukan, ruang rehat, kawasan pentadbir dan kawasan umum / beredar. Antara yang kami bina adalah:</p>\r\n\r\n<ol>\r\n	<li>1) Pusat Latihan</li>\r\n	<li>2) Dewan Badminton</li>\r\n	<li>4) Tempat Kenderaan</li>\r\n	<li>5) Dewan Sekolah</li>\r\n</ol>\r\n\r\n<p>Terdapat sistem penggera kebakaran / pemadam, peti pertolongan cemas dan panggilan doktor semasa kecemasan. Semua peralatan sukan akan dimiliki dan diuruskan oleh pusat.</p>\r\n\r\n<hr />\r\n<p>Semasa membina, kami merangkum pemikiran kami bahawa kompleks sukan yang baik pada asasnya menyediakan:</p>\r\n\r\n<ul>\r\n	<li>&ndash;&nbsp;<strong>Pengalaman pemain</strong>: Tidak perlu dikatakan pesaing memerlukan bidang yang hebat. Kualiti rumput atau kotoran masuk, kebolehmainan selepas hujan dan kawasan latihan adalah komponen penting dalam bidang yang hebat.</li>\r\n	<li>&ndash;&nbsp;<strong>Kawasan persahabatan</strong>: Tidak ada yang mahu ke kompleks sukan dan berkeliling tanpa tujuan untuk mencari tempat untuk meletak kenderaan. Sebahagiannya akan tiba pada waktu pagi, meletak kenderaan dan berada di lapangan sepanjang hari, jadi tempat letak kenderaan yang banyak - terletak dengan mudah ke padang permainan - sangat penting. Papan tanda arah yang jelas sama pentingnya untuk pengunjung luar bandar.</li>\r\n	<li>&ndash;&nbsp;<strong>Komponen bertema</strong>: Akhirnya, reka bentuk kompleks sukan yang peka konteks dengan komuniti atau kawasan di mana mereka berada atau memasukkan rujukan sejarah dari kawasan tersebut menjadikan pengalaman yang tidak dapat dilupakan. Elemen tema membawa sentuhan unik dan bijaksana ke kompleks.</li>\r\n</ul>\r\n\r\n<p>Untuk menyelesaikan projek ini dengan lancar, KCK berpegang kuat pada syarat-syarat yang ditetapkan seperti:</p>\r\n\r\n<ul>\r\n	<li>1) Projek pengurusan pembinaan</li>\r\n	<li>2) Mempertingkatkan kualiti kerja binaan</li>\r\n	<li>3) Memupuk budaya melaksanakan tugasan di tapak pembinaan pada tahap yang terbaik</li>\r\n	<li>4) Mengamailkan amalan terbaik</li>\r\n</ul>'),(7,'media/thunb_CWZxvaD.jpeg','projek-paip-air-jerteh','Projek Paip Air Jerteh','Kerja-kerja mengantikan paip mild steel bersaiz 900mm diameter patah dan lain-lain kerja berkaitan dengannya akibat banjir di jambatan Jerteh','Jerteh, Besut Terengganu Darul Iman','2021-08-17 14:40:55.942000','<p>Paip air adalah paip atau tiub yang dirancang untuk mengangkut air minuman kepada pengguna. Sekiranya air dirawat sebelum pengedaran atau pada titik penggunaan&nbsp;bergantung pada konteksnya. Pada tahun 2016, KCK diberi misi sebagai&nbsp;<strong>sub-kontraktor</strong>&nbsp;untuk menyelesaikan projek tersebut. Kerana paip air yang besar gagal menahan tekanan yang ada akibat dilanda banjir dan ia dipisahkan menjadi dua. Walau bagaimanapun, paip air adalah satu-satunya jalan keluar untuk menyediakan air yang bersih dan ditapis untuk kegunaan penduduk tempatan. Diameter paip itu mempunyai sekurang-kurangnya 900mm lebar. Kami memerhatikan dan memahaminya sejak awal untuk menyelesaikan masalah.</p>');

--
-- Table structure for table `kck2021_project_jobType`
--

CREATE TABLE `kck2021_project_jobType` (
  `id` bigint NOT NULL AUTO_INCREMENT,
  `project_id` bigint NOT NULL,
  `job_id` bigint NOT NULL,
  PRIMARY KEY (`id`),
  UNIQUE KEY `kck2021_project_jobType_project_id_job_id_f0fec2b0_uniq` (`project_id`,`job_id`),
  KEY `kck2021_project_jobType_job_id_837ac6a3_fk_kck2021_job_id` (`job_id`),
  CONSTRAINT `kck2021_project_jobT_project_id_d00415d0_fk_kck2021_p` FOREIGN KEY (`project_id`) REFERENCES `kck2021_project` (`id`),
  CONSTRAINT `kck2021_project_jobType_job_id_837ac6a3_fk_kck2021_job_id` FOREIGN KEY (`job_id`) REFERENCES `kck2021_job` (`id`)
) ENGINE=InnoDB AUTO_INCREMENT=23 DEFAULT CHARSET=utf8mb4 COLLATE=utf8mb4_0900_ai_ci;

--
-- Dumping data for table `kck2021_project_jobType`
--

INSERT INTO `kck2021_project_jobType` VALUES (1,3,1),(2,3,2),(4,4,2),(3,4,8),(5,4,14),(6,4,15),(8,5,2),(7,5,9),(9,5,10),(10,6,2),(11,6,3),(12,6,4),(13,6,5),(14,6,6),(15,6,9),(16,6,10),(17,7,2),(18,7,3),(19,7,9),(20,7,11),(21,7,12),(22,7,13);

--
-- Table structure for table `kck2021_projectimages`
--

CREATE TABLE `kck2021_projectimages` (
  `id` bigint NOT NULL AUTO_INCREMENT,
  `image` varchar(100) NOT NULL,
  `project_id` bigint NOT NULL,
  `created_at` datetime(6) NOT NULL,
  `description` varchar(100) NOT NULL,
  PRIMARY KEY (`id`),
  KEY `kck2021_projectimage_project_id_a596ffb0_fk_kck2021_project_id` (`project_id`),
  CONSTRAINT `kck2021_projectimage_project_id_a596ffb0_fk_kck2021_project_id` FOREIGN KEY (`project_id`) REFERENCES `kck2021_project` (`id`)
) ENGINE=InnoDB AUTO_INCREMENT=3 DEFAULT CHARSET=utf8mb4 COLLATE=utf8mb4_0900_ai_ci;

--
-- Dumping data for table `kck2021_projectimages`
--

INSERT INTO `kck2021_projectimages` VALUES (1,'project/finsihed.jpeg',4,'2023-07-02 11:15:31.139000','ddd'),(2,'project/finished2.jpeg',4,'2023-07-02 11:15:31.139000','ddd');


